027
CDUS45 KLKN 220932
CLIWMC


CLIMATE REPORT
NATIONAL WEATHER SERVICE ELKO NV
129 AM PST MON DEC 22 2014


...................................

...THE WINNEMUCCA AIRPORT NV CLIMATE SUMMARY FOR DECEMBER 21 2014...

CLIMATE NORMAL PERIOD 1981 TO 2010
CLIMATE RECORD PERIOD 1877 TO 2014


WEATHER ITEM   OBSERVED TIME   RECORD YEAR NORMAL DEPARTURE LAST
                VALUE   (LST)  VALUE       VALUE  FROM      YEAR
                                                  NORMAL
..................................................................
TEMPERATURE (F)
 YESTERDAY
  MAXIMUM         54    506 PM  63    1969  40     14       43
  MINIMUM         43   1257 AM -31    1990  17     26       16
  AVERAGE         49                        29     20       30

PRECIPITATION (IN)
  YESTERDAY        0.01          0.94 1996   0.03  -0.02     0.00
  MONTH TO DATE    1.01                      0.61   0.40     0.61
  SINCE OCT 1      2.42                      2.16   0.26     2.66
  SINCE JAN 1      8.40                      7.96   0.44     5.72

SNOWFALL (IN)
  YESTERDAY        0.0           4.2  1924   0.2   -0.2      0.0
  MONTH TO DATE    T                         3.5   -3.5      9.9
  SINCE DEC 1      T                         3.5   -3.5      9.9
  SINCE JUL 1      2.3                       7.0   -4.7     16.5
  SNOW DEPTH       0

DEGREE DAYS
 HEATING
  YESTERDAY       16                        36    -20       35
  MONTH TO DATE  536                       739   -203     1066
  SINCE DEC 1    536                       739   -203     1066
  SINCE JUL 1   1830                      2307   -477     2611

 COOLING
  YESTERDAY        0                         0      0        0
  MONTH TO DATE    0                         0      0        0
  SINCE DEC 1      0                         0      0        0
  SINCE JAN 1    674                       541    133      762
..................................................................


WIND (MPH)
  HIGHEST WIND SPEED    24   HIGHEST WIND DIRECTION    SW (210)
  HIGHEST GUST SPEED    30   HIGHEST GUST DIRECTION    SW (210)
  AVERAGE WIND SPEED     9.9



WEATHER CONDITIONS
 THE FOLLOWING WEATHER WAS RECORDED YESTERDAY.
  LIGHT RAIN


RELATIVE HUMIDITY (PERCENT)
 HIGHEST    82          1200 AM
 LOWEST     63          1000 PM
 AVERAGE    73

..........................................................


THE WINNEMUCCA AIRPORT NV CLIMATE NORMALS FOR TODAY
                         NORMAL    RECORD    YEAR
 MAXIMUM TEMPERATURE (F)   40        63      1964
 MINIMUM TEMPERATURE (F)   17       -37      1990


SUNRISE AND SUNSET
DECEMBER 22 2014......SUNRISE   713 AM PST   SUNSET   427 PM PST
DECEMBER 23 2014......SUNRISE   713 AM PST   SUNSET   428 PM PST


-  INDICATES NEGATIVE NUMBERS.
R  INDICATES RECORD WAS SET OR TIED.
MM INDICATES DATA IS MISSING.
T  INDICATES TRACE AMOUNT.




$$





U.S. Dept. of Commerce
NOAA National Weather Service
1325 East West Highway
Silver Spring, MD 20910
E-mail: w-nws.webmaster@noaa.gov
Page last modified: May 16, 2007
NATIONAL WEATHER SERVICE: for Safety, for Work, for Fun - FOR LIFE