464
CDUS45 KLKN 150027
CLIWMC


CLIMATE REPORT
NATIONAL WEATHER SERVICE ELKO NV
526 PM PDT SUN SEP 14 2014


...................................

...THE WINNEMUCCA AIRPORT NV CLIMATE SUMMARY FOR SEPTEMBER 14 2014...
VALID TODAY AS OF 0500 PM LOCAL TIME.

CLIMATE NORMAL PERIOD 1981 TO 2010
CLIMATE RECORD PERIOD 1877 TO 2014


WEATHER ITEM   OBSERVED TIME   RECORD YEAR NORMAL DEPARTURE LAST
                VALUE   (LST)  VALUE       VALUE  FROM      YEAR
                                                  NORMAL
..................................................................
TEMPERATURE (F)
 TODAY
  MAXIMUM         89    237 PM  97    2000  82      7       84
  MINIMUM         44    608 AM  15    1970  40      4       49
  AVERAGE         67                        61      6       67

PRECIPITATION (IN)
  TODAY            0.00          0.55 1918   0.01  -0.01     0.00
  MONTH TO DATE    T                         0.16  -0.16     0.39
  SINCE OCT 1      7.24                      8.00  -0.76     5.21
  SINCE JAN 1      4.58                      5.52  -0.94     2.80

SNOWFALL (IN)
  TODAY            0.0           0.0  1877   0.0    0.0      0.0
  MONTH TO DATE    0.0                       0.0    0.0      0.0
  SINCE SEP 1      0.0                       0.0    0.0      0.0
  SINCE JUL 1      0.0                       0.0    0.0       T
  SNOW DEPTH       0

DEGREE DAYS
 HEATING
  TODAY            0                         5     -5        0
  MONTH TO DATE   15                        48    -33        2
  SINCE SEP 1     15                        48    -33        2
  SINCE JUL 1     34                        78    -44        2

 COOLING
  TODAY            2                         1      1        2
  MONTH TO DATE    9                        24    -15       66
  SINCE SEP 1      9                        24    -15       66
  SINCE JAN 1    634                       534    100      747
..................................................................


WIND (MPH)
  HIGHEST WIND SPEED    18   HIGHEST WIND DIRECTION     S (200)
  HIGHEST GUST SPEED    25   HIGHEST GUST DIRECTION    SW (230)



WEATHER CONDITIONS
 THE FOLLOWING WEATHER WAS RECORDED TODAY.
  NO SIGNIFICANT WEATHER WAS OBSERVED.


RELATIVE HUMIDITY (PERCENT)
 HIGHEST    49           200 AM
 LOWEST     13          1100 AM
 AVERAGE    31

..........................................................


THE WINNEMUCCA AIRPORT NV CLIMATE NORMALS FOR TOMORROW
                         NORMAL    RECORD    YEAR
 MAXIMUM TEMPERATURE (F)   81        95      1937
 MINIMUM TEMPERATURE (F)   40        26      1970


SUNRISE AND SUNSET
SEPTEMBER 14 2014.....SUNRISE   631 AM PDT   SUNSET   702 PM PDT
SEPTEMBER 15 2014.....SUNRISE   632 AM PDT   SUNSET   700 PM PDT


-  INDICATES NEGATIVE NUMBERS.
R  INDICATES RECORD WAS SET OR TIED.
MM INDICATES DATA IS MISSING.
T  INDICATES TRACE AMOUNT.




$$





U.S. Dept. of Commerce
NOAA National Weather Service
1325 East West Highway
Silver Spring, MD 20910
E-mail: w-nws.webmaster@noaa.gov
Page last modified: May 16, 2007
NATIONAL WEATHER SERVICE: for Safety, for Work, for Fun - FOR LIFE