560
CDUS45 KLKN 280927
CLIWMC


CLIMATE REPORT
NATIONAL WEATHER SERVICE ELKO NV
126 AM PST FRI NOV 28 2014


...................................

...THE WINNEMUCCA AIRPORT NV CLIMATE SUMMARY FOR NOVEMBER 27 2014...

CLIMATE NORMAL PERIOD 1981 TO 2010
CLIMATE RECORD PERIOD 1877 TO 2014


WEATHER ITEM   OBSERVED TIME   RECORD YEAR NORMAL DEPARTURE LAST
                VALUE   (LST)  VALUE       VALUE  FROM      YEAR
                                                  NORMAL
..................................................................
TEMPERATURE (F)
 YESTERDAY
  MAXIMUM         61    238 PM  66    1949  46     15       53
  MINIMUM         38    355 AM  -4    1990  20     18       19
  AVERAGE         50                        33     17       36

PRECIPITATION (IN)
  YESTERDAY        0.00          0.35 1934   0.03  -0.03     0.00
  MONTH TO DATE    0.98                      0.79   0.19     0.57
  SINCE OCT 1      1.07                      1.46  -0.39     2.05
  SINCE JAN 1      7.05                      7.26  -0.21     5.11

SNOWFALL (IN)
  YESTERDAY        0.0           3.5  1934   0.1   -0.1      0.0
  MONTH TO DATE    0.5                       2.5   -2.0       T
  SINCE SEP 1      0.5                       3.0   -2.5      6.6
  SINCE JUL 1      0.5                       3.0   -2.5      6.6
  SNOW DEPTH       0

DEGREE DAYS
 HEATING
  YESTERDAY       15                        32    -17       29
  MONTH TO DATE  710                       746    -36      673
  SINCE SEP 1   1215                      1441   -226     1455
  SINCE JUL 1   1234                      1471   -237     1455

 COOLING
  YESTERDAY        0                         0      0        0
  MONTH TO DATE    0                         0      0        0
  SINCE SEP 1     49                        31     18       81
  SINCE JAN 1    674                       541    133      762
..................................................................


WIND (MPH)
  HIGHEST WIND SPEED    15   HIGHEST WIND DIRECTION     S (170)
  HIGHEST GUST SPEED    19   HIGHEST GUST DIRECTION     S (190)
  AVERAGE WIND SPEED     8.2



WEATHER CONDITIONS
 THE FOLLOWING WEATHER WAS RECORDED YESTERDAY.
  NO SIGNIFICANT WEATHER WAS OBSERVED.


RELATIVE HUMIDITY (PERCENT)
 HIGHEST    70          1200 AM
 LOWEST     27           100 PM
 AVERAGE    49

..........................................................


THE WINNEMUCCA AIRPORT NV CLIMATE NORMALS FOR TODAY
                         NORMAL    RECORD    YEAR
 MAXIMUM TEMPERATURE (F)   45        63      1949
                                             1899
 MINIMUM TEMPERATURE (F)   20        -6      1918


SUNRISE AND SUNSET
NOVEMBER 28 2014......SUNRISE   653 AM PST   SUNSET   425 PM PST
NOVEMBER 29 2014......SUNRISE   654 AM PST   SUNSET   425 PM PST


-  INDICATES NEGATIVE NUMBERS.
R  INDICATES RECORD WAS SET OR TIED.
MM INDICATES DATA IS MISSING.
T  INDICATES TRACE AMOUNT.




$$






U.S. Dept. of Commerce
NOAA National Weather Service
1325 East West Highway
Silver Spring, MD 20910
E-mail: w-nws.webmaster@noaa.gov
Page last modified: May 16, 2007
NATIONAL WEATHER SERVICE: for Safety, for Work, for Fun - FOR LIFE