163
CDUS46 KLOX 010904
CLIWJF


CLIMATE REPORT
NATIONAL WEATHER SERVICE LOS ANGELES/OXNARD CA
203 AM PDT WED OCT 1 2014


...................................

...THE LANCASTER FOX FIELD CA CLIMATE SUMMARY FOR SEPTEMBER 30 2014...

CLIMATE NORMAL PERIOD 1981 TO 2010
CLIMATE RECORD PERIOD 1948 TO 2014


WEATHER ITEM   OBSERVED TIME   RECORD YEAR NORMAL DEPARTURE
                VALUE   (LST)  VALUE       VALUE  FROM
                                                  NORMAL
...............................................................
TEMPERATURE (F)
 YESTERDAY
  MAXIMUM         88    218 PM 100    2001  86      2
  MINIMUM         46    604 AM  38    1982  52     -6
  AVERAGE         67                        68     -1

PRECIPITATION (IN)
  YESTERDAY        0.00          0.24 1983   0.01  -0.01
  MONTH TO DATE    T                         0.15  -0.15
  SINCE JUL 1      0.03                      0.34  -0.31
  SINCE JAN 1      2.35                      5.25  -2.90

SNOWFALL (IN)
  YESTERDAY        0.0           0.0    MM
  MONTH TO DATE    0.0
  SINCE SEP 1      0.0
  SINCE JUL 1      0.0
  SNOW DEPTH       0

DEGREE DAYS
 HEATING
  YESTERDAY        0                               -1
  MONTH TO DATE    2                               -7
  SINCE SEP 1      2                              -10
  SINCE JUL 1      2                              -10

 COOLING
  YESTERDAY        2                               -3
  MONTH TO DATE  330                               59
  SINCE SEP 1    330                               59
  SINCE JAN 1   1981                              151
...............................................................


WIND (MPH)
  HIGHEST WIND SPEED    25   HIGHEST WIND DIRECTION     W (270)
  HIGHEST GUST SPEED    29   HIGHEST GUST DIRECTION    SW (240)
  AVERAGE WIND SPEED     8.7




RELATIVE HUMIDITY (PERCENT)
 HIGHEST    61
 LOWEST     14
 AVERAGE    38

..........................................................


THE LANCASTER FOX FIELD CA CLIMATE NORMALS FOR TODAY
                         NORMAL    RECORD    YEAR
 MAXIMUM TEMPERATURE (F)   85        99      2012
 MINIMUM TEMPERATURE (F)   51        36      2009


SUNRISE AND SUNSET
OCTOBER  1 2014.......SUNRISE   648 AM PDT   SUNSET   637 PM PDT
OCTOBER  2 2014.......SUNRISE   648 AM PDT   SUNSET   635 PM PDT


-  INDICATES NEGATIVE NUMBERS.
R  INDICATES RECORD WAS SET OR TIED.
MM INDICATES DATA IS MISSING.
T  INDICATES TRACE AMOUNT.




$$





U.S. Dept. of Commerce
NOAA National Weather Service
1325 East West Highway
Silver Spring, MD 20910
E-mail: w-nws.webmaster@noaa.gov
Page last modified: May 16, 2007
NATIONAL WEATHER SERVICE: for Safety, for Work, for Fun - FOR LIFE