144
CDUS46 KLOX 241215
CLIWJF


CLIMATE REPORT
NATIONAL WEATHER SERVICE LOS ANGELES/OXNARD CA
515 AM PDT FRI OCT 24 2014


...................................

...THE LANCASTER FOX FIELD CA CLIMATE SUMMARY FOR OCTOBER 23 2014...

CLIMATE NORMAL PERIOD 1981 TO 2010
CLIMATE RECORD PERIOD 1948 TO 2014


WEATHER ITEM   OBSERVED TIME   RECORD YEAR NORMAL DEPARTURE
                VALUE   (LST)  VALUE       VALUE  FROM
                                                  NORMAL
...............................................................
TEMPERATURE (F)
 YESTERDAY
  MAXIMUM         87    202 PM  93    1959  77     10
  MINIMUM         41    529 AM  30    1984  44     -3
  AVERAGE         64                        60      4

PRECIPITATION (IN)
  YESTERDAY        0.00          0.30 1992   0.01  -0.01
  MONTH TO DATE    0.00                      0.28  -0.28
  SINCE JUL 1      0.03                      0.62  -0.59
  SINCE JAN 1      2.35                      5.53  -3.18

SNOWFALL (IN)
  YESTERDAY        0.0           0.0    MM
  MONTH TO DATE    0.0
  SINCE SEP 1      0.0
  SINCE JUL 1      0.0
  SNOW DEPTH       0

DEGREE DAYS
 HEATING
  YESTERDAY        1                               -4
  MONTH TO DATE   12                              -58
  SINCE SEP 1     14                              -68
  SINCE JUL 1     14                              -68

 COOLING
  YESTERDAY        0                               -1
  MONTH TO DATE   71                               22
  SINCE SEP 1    401                               81
  SINCE JAN 1   2052                              173
...............................................................


WIND (MPH)
  HIGHEST WIND SPEED    17   HIGHEST WIND DIRECTION     W (260)
  HIGHEST GUST SPEED    22   HIGHEST GUST DIRECTION     W (270)
  AVERAGE WIND SPEED     5.1




RELATIVE HUMIDITY (PERCENT)
 HIGHEST    53
 LOWEST     11
 AVERAGE    32

..........................................................


THE LANCASTER FOX FIELD CA CLIMATE NORMALS FOR TODAY
                         NORMAL    RECORD    YEAR
 MAXIMUM TEMPERATURE (F)   76        96      1959
 MINIMUM TEMPERATURE (F)   43        26      1975


SUNRISE AND SUNSET
OCTOBER 24 2014.......SUNRISE   706 AM PDT   SUNSET   607 PM PDT
OCTOBER 25 2014.......SUNRISE   707 AM PDT   SUNSET   606 PM PDT


-  INDICATES NEGATIVE NUMBERS.
R  INDICATES RECORD WAS SET OR TIED.
MM INDICATES DATA IS MISSING.
T  INDICATES TRACE AMOUNT.




$$





U.S. Dept. of Commerce
NOAA National Weather Service
1325 East West Highway
Silver Spring, MD 20910
E-mail: w-nws.webmaster@noaa.gov
Page last modified: May 16, 2007
NATIONAL WEATHER SERVICE: for Safety, for Work, for Fun - FOR LIFE