223
CDUS46 KLOX 010904
CLIWJF


CLIMATE REPORT
NATIONAL WEATHER SERVICE LOS ANGELES/OXNARD CA
204 AM PDT MON SEP 1 2014


...................................

...THE LANCASTER FOX FIELD CA CLIMATE SUMMARY FOR AUGUST 31 2014...

CLIMATE NORMAL PERIOD 1981 TO 2010
CLIMATE RECORD PERIOD 1948 TO 2014


WEATHER ITEM   OBSERVED TIME   RECORD YEAR NORMAL DEPARTURE
                VALUE   (LST)  VALUE       VALUE  FROM
                                                  NORMAL
...............................................................
TEMPERATURE (F)
 YESTERDAY
  MAXIMUM         97    226 PM 109    1948  95      2
  MINIMUM         74    551 AM  48    1974  61     13
  AVERAGE         86                        78      8

PRECIPITATION (IN)
  YESTERDAY        0.00          0.14 1998   0.00   0.00
  MONTH TO DATE    0.03                      0.10  -0.07
  SINCE JUL 1      0.03                      0.19  -0.16
  SINCE JAN 1      2.35                      5.10  -2.75

SNOWFALL (IN)
  YESTERDAY        0.0           0.0    MM
  MONTH TO DATE    0.0
  SINCE JUN 1      0.0
  SINCE JUL 1      0.0
  SNOW DEPTH       0

DEGREE DAYS
 HEATING
  YESTERDAY        0                                0
  MONTH TO DATE    0                                0
  SINCE JUN 1      0                               -8
  SINCE JUL 1      0                                0

 COOLING
  YESTERDAY       21                                8
  MONTH TO DATE  464                              -29
  SINCE JUN 1   1451                               81
  SINCE JAN 1   1651                               92
...............................................................


WIND (MPH)
  HIGHEST WIND SPEED    33   HIGHEST WIND DIRECTION     W (260)
  HIGHEST GUST SPEED    40   HIGHEST GUST DIRECTION     W (270)
  AVERAGE WIND SPEED    21.6




RELATIVE HUMIDITY (PERCENT)
 HIGHEST    27
 LOWEST      6
 AVERAGE    17

..........................................................


THE LANCASTER FOX FIELD CA CLIMATE NORMALS FOR TODAY
                         NORMAL    RECORD    YEAR
 MAXIMUM TEMPERATURE (F)   95       110      1950
 MINIMUM TEMPERATURE (F)   61        46      1957


SUNRISE AND SUNSET
SEPTEMBER  1 2014.....SUNRISE   626 AM PDT   SUNSET   719 PM PDT
SEPTEMBER  2 2014.....SUNRISE   627 AM PDT   SUNSET   718 PM PDT


-  INDICATES NEGATIVE NUMBERS.
R  INDICATES RECORD WAS SET OR TIED.
MM INDICATES DATA IS MISSING.
T  INDICATES TRACE AMOUNT.




$$





U.S. Dept. of Commerce
NOAA National Weather Service
1325 East West Highway
Silver Spring, MD 20910
E-mail: w-nws.webmaster@noaa.gov
Page last modified: May 16, 2007
NATIONAL WEATHER SERVICE: for Safety, for Work, for Fun - FOR LIFE