775
CDUS41 KAKQ 190835
CLIWAL


CLIMATE REPORT
NATIONAL WEATHER SERVICE WAKEFIELD, VA
435 AM EDT SAT APR 19 2014


...................................

...THE WALLOPS ISLAND VA CLIMATE SUMMARY FOR APRIL 18 2014...

CLIMATE NORMAL PERIOD 1981 TO 2010
CLIMATE RECORD PERIOD 1963 TO 2014


WEATHER ITEM   OBSERVED TIME   RECORD YEAR NORMAL DEPARTURE
                VALUE   (LST)  VALUE       VALUE  FROM
                                                  NORMAL
...............................................................
TEMPERATURE (F)
 YESTERDAY
  MAXIMUM         53    113 PM  88    2002  64    -11
  MINIMUM         37    449 AM  33    1983  46     -9
  AVERAGE         45                        55    -10

PRECIPITATION (IN)
  YESTERDAY        0.00          0.93        0.10  -0.10
  MONTH TO DATE    2.20                      1.98   0.22
  SINCE MAR 1      5.35                      5.98  -0.63
  SINCE JAN 1     10.92                     11.78  -0.86

SNOWFALL (IN)
  YESTERDAY        0.0           0.0    MM   0.0    0.0
  MONTH TO DATE    0.0                       0.1   -0.1
  SINCE NOV 1     13.1                       7.9    5.2
  SINCE JUL 1     13.1                       7.9    5.2

DEGREE DAYS
 HEATING
  YESTERDAY       20                                9
  MONTH TO DATE  198                              -38
  SINCE MAR 1    868                               13
  SINCE JUL 1   3861                              -74

 COOLING
  YESTERDAY        0                                0
  MONTH TO DATE    0                                0
  SINCE MAR 1      0                               -1
  SINCE JAN 1      0                               -1
...............................................................


WIND (MPH)
  HIGHEST WIND SPEED    18   HIGHEST WIND DIRECTION    NE (60)
  HIGHEST GUST SPEED    22   HIGHEST GUST DIRECTION    NE (50)
  AVERAGE WIND SPEED     9.0




RELATIVE HUMIDITY (PERCENT)
 HIGHEST    89
 LOWEST     63
 AVERAGE    76

..........................................................


THE WALLOPS ISLAND VA CLIMATE NORMALS FOR TODAY
                         NORMAL    RECORD    YEAR
 MAXIMUM TEMPERATURE (F)   64        88      1985
 MINIMUM TEMPERATURE (F)   46        32      1990


SUNRISE AND SUNSET
APRIL 19 2014.........SUNRISE   621 AM EDT   SUNSET   741 PM EDT
APRIL 20 2014.........SUNRISE   620 AM EDT   SUNSET   742 PM EDT


-  INDICATES NEGATIVE NUMBERS.
R  INDICATES RECORD WAS SET OR TIED.
MM INDICATES DATA IS MISSING.
T  INDICATES TRACE AMOUNT.




$$





U.S. Dept. of Commerce
NOAA National Weather Service
1325 East West Highway
Silver Spring, MD 20910
E-mail: w-nws.webmaster@noaa.gov
Page last modified: May 16, 2007
NATIONAL WEATHER SERVICE: for Safety, for Work, for Fun - FOR LIFE