927
CDAK48 PAVW 152232
CLIVWS

CLIMATE REPORT
NATIONAL WEATHER SERVICE VALDEZ, AK
232 PM AKDT SAT MAR 15 2014

...................................
...THE VALDEZ WSO CLIMATE SUMMARY FOR MARCH 15 2014...
VALID TODAY AS OF 2:00 PM LOCAL TIME

CLIMATE NORMAL PERIOD  1981 TO  2010
CLIMATE RECORD PERIOD  1972 TO  2014

WEATHER ITEM   OBSERVED TIME    RECORD YEAR NORMAL DEPARTURE LAST
               VALUE    (LST)   VALUE       VALUE  FROM      YEAR
                                                   NORMAL
...................................................................
TEMPERATURE
TODAY
 MAXIMUM            35  0200 PM    48  1989     36      -1     33
 MINIMUM            27  0930 AM     4  2007     24       3     16
 AVERAGE            31                          30       1     25

PRECIPITATION
(INCHES)
 TODAY            0.22           1.06  1995   0.14    0.08   0.00
 MONTH TO DATE    2.89                        2.44    0.45   0.94
 SINCE MAR 1      2.89                        2.44    0.45   0.94
 SINCE JAN 1     17.57                       14.81    2.76  18.33

SNOWFALL
(INCHES)
 TODAY             2.5           23.7  1995    1.6     0.9    0.0
 MONTH TO DATE    28.0                        26.6     1.4   14.2
 SINCE MAR 1      28.0                        26.6     1.4   14.2
 SINCE JUL 1     220.9                       280.8   -59.9  269.5
 SNOW DEPTH (IN)    40                                         49

DEGREE DAYS
 HEATING
  TODAY             34                          35      -1     40
  MONTH TO DATE    512                         539     -27    528
  SINCE MAR 1      512                         539     -27    528
  SINCE JUL 1     6789                        7245    -456   7325

 COOLING
  TODAY              0                           0       0      0
  MONTH TO DATE      0                           0       0      0
  SINCE MAR 1        0                           0       0      0
  SINCE JAN 1        0                           0       0      0
...................................................................

WIND (MPH)
 HIGHEST WIND SPEED    18     HIGHEST WIND DIRECTION    260
 HIGHEST GUST SPEED    MM     HIGHEST GUST DIRECTION     MM
 AVERAGE WIND SPEED   9.3

SKY COVER
  POSSIBLE SUNSHINE  MM            AVERAGE SKY COVER MM

WEATHER CONDITIONS
 THE FOLLOWING WEATHER WAS RECORDED TODAY.
SNOW


RELATIVE HUMIDITY
 HIGHEST RH     MM PERCENT       MM
 LOWEST  RH     MM PERCENT       MM
 AVERAGE RH     MM PERCENT       MM
...................................................................

THE VALDEZ CLIMATE NORMALS FOR TOMORROW
                        NORMAL    RECORD   YEAR
 MAXIMUM TEMPERATURE      36        45     2000
 MINIMUM TEMPERATURE      24         8     2007

SUNRISE AND SUNSET
 MAR 15 2014..........SUNRISE  8:02 AM      SUNSET  7:49 PM
 MAR 16 2014..........SUNRISE  7:59 AM      SUNSET  7:51 PM

-  INDICATES NEGATIVE NUMBERS.
R  INDICATES RECORD HAS BEEN SET OR TIED.
MM INDICATES DATA IS MISSING.
T  INDICATES TRACE OF PRECIPITATION.

&&
-------------------------------------------------------------------

AMOUNT OF DAYLIGHT TODAY  (HOUR:MIN)........11 HOURS 47 MINUTES
GAIN/LOSS SINCE YESTERDAY (HOUR:MIN:SEC)....+0:05:44

$$
WZ MAR 14





U.S. Dept. of Commerce
NOAA National Weather Service
1325 East West Highway
Silver Spring, MD 20910
E-mail: w-nws.webmaster@noaa.gov
Page last modified: May 16, 2007
NATIONAL WEATHER SERVICE: for Safety, for Work, for Fun - FOR LIFE