823
CDUS46 KPQR 211141
CLIVUO


CLIMATE REPORT
NATIONAL WEATHER SERVICE PORTLAND OREGON
340 AM PST SUN DEC 21 2014


...................................

...THE VANCOUVER WA CLIMATE SUMMARY FOR DECEMBER 20 2014...

CLIMATE NORMAL PERIOD 1981 TO 2010
CLIMATE RECORD PERIOD 1891 TO 2014


WEATHER ITEM   OBSERVED TIME   RECORD YEAR NORMAL DEPARTURE LAST
                VALUE   (LST)  VALUE       VALUE  FROM      YEAR
                                                  NORMAL
..................................................................
TEMPERATURE (F)
 YESTERDAY
  MAXIMUM         59R  1132 PM  58    1900  46     13       46
  MINIMUM         45    859 AM  13    1998  34     11       32
  AVERAGE         52                        40     12       39

PRECIPITATION (IN)
  YESTERDAY        1.10                      0.23   0.87     0.08
  MONTH TO DATE    4.57                      4.26   0.31     1.15
  SINCE OCT 1     13.52                     13.24   0.28     5.10
  SINCE JAN 1     36.96                     36.63   0.33    26.17

DEGREE DAYS
 HEATING
  YESTERDAY       13                                        26
  MONTH TO DATE  416                                       629
  SINCE JUL 1   1224                                      1730

 COOLING
  YESTERDAY        0                                         0
  MONTH TO DATE    0                                         0
  SINCE JAN 1    531                                       450
..................................................................


WIND (MPH)
  HIGHEST WIND SPEED    16   HIGHEST WIND DIRECTION    SE (120)
  HIGHEST GUST SPEED    23   HIGHEST GUST DIRECTION    SE (120)
  AVERAGE WIND SPEED     8.9


SKY COVER
  POSSIBLE SUNSHINE  MM
  AVERAGE SKY COVER 1.0


WEATHER CONDITIONS
 THE FOLLOWING WEATHER WAS RECORDED YESTERDAY.
  RAIN
  LIGHT RAIN
  FOG


RELATIVE HUMIDITY (PERCENT)
 HIGHEST    93          1100 AM
 LOWEST     83           200 PM
 AVERAGE    88

..........................................................




SUNRISE AND SUNSET
DECEMBER 21 2014......SUNRISE   748 AM PST   SUNSET   429 PM PST
DECEMBER 22 2014......SUNRISE   749 AM PST   SUNSET   430 PM PST


-  INDICATES NEGATIVE NUMBERS.
R  INDICATES RECORD WAS SET OR TIED.
MM INDICATES DATA IS MISSING.
T  INDICATES TRACE AMOUNT.




$$





U.S. Dept. of Commerce
NOAA National Weather Service
1325 East West Highway
Silver Spring, MD 20910
E-mail: w-nws.webmaster@noaa.gov
Page last modified: May 16, 2007
NATIONAL WEATHER SERVICE: for Safety, for Work, for Fun - FOR LIFE