237
CDUS46 KPQR 201142
CLIVUO


CLIMATE REPORT
NATIONAL WEATHER SERVICE PORTLAND OREGON
442 AM PDT SAT SEP 20 2014


...................................

...THE VANCOUVER WA CLIMATE SUMMARY FOR SEPTEMBER 19 2014...

CLIMATE NORMAL PERIOD 1981 TO 2010
CLIMATE RECORD PERIOD 1891 TO 2014


WEATHER ITEM   OBSERVED TIME   RECORD YEAR NORMAL DEPARTURE LAST
                VALUE   (LST)  VALUE       VALUE  FROM      YEAR
                                                  NORMAL
..................................................................
TEMPERATURE (F)
 YESTERDAY
  MAXIMUM         81    441 PM  92    1999  75      6       81
  MINIMUM         59    546 AM  37    1904  51      8       45
  AVERAGE         70                        63      7       63

PRECIPITATION (IN)
  YESTERDAY        0.00                      0.07  -0.07     0.00
  MONTH TO DATE    0.05                      0.71  -0.66     1.52
  SINCE OCT 1     27.81                     38.29 -10.48    36.61
  SINCE JAN 1     22.34                     22.54  -0.20    17.35

DEGREE DAYS
 HEATING
  YESTERDAY        0                                         2
  MONTH TO DATE    2                                         8
  SINCE JUL 1      5                                        21

 COOLING
  YESTERDAY        5                                         0
  MONTH TO DATE   49                                        74
  SINCE JAN 1    501                                       450
..................................................................


WIND (MPH)
  HIGHEST WIND SPEED    13   HIGHEST WIND DIRECTION    NW (300)
  HIGHEST GUST SPEED    15   HIGHEST GUST DIRECTION    NW (320)
  AVERAGE WIND SPEED     4.3


SKY COVER
  POSSIBLE SUNSHINE  MM
  AVERAGE SKY COVER 0.3


WEATHER CONDITIONS
 THE FOLLOWING WEATHER WAS RECORDED YESTERDAY.
  NO SIGNIFICANT WEATHER WAS OBSERVED.


RELATIVE HUMIDITY (PERCENT)
 HIGHEST    90           200 AM
 LOWEST     35           200 PM
 AVERAGE    63

..........................................................




SUNRISE AND SUNSET
SEPTEMBER 20 2014.....SUNRISE   655 AM PDT   SUNSET   712 PM PDT
SEPTEMBER 21 2014.....SUNRISE   656 AM PDT   SUNSET   710 PM PDT


-  INDICATES NEGATIVE NUMBERS.
R  INDICATES RECORD WAS SET OR TIED.
MM INDICATES DATA IS MISSING.
T  INDICATES TRACE AMOUNT.




$$





U.S. Dept. of Commerce
NOAA National Weather Service
1325 East West Highway
Silver Spring, MD 20910
E-mail: w-nws.webmaster@noaa.gov
Page last modified: May 16, 2007
NATIONAL WEATHER SERVICE: for Safety, for Work, for Fun - FOR LIFE