690
CDUS46 KPQR 241144
CLIVUO


CLIMATE REPORT
NATIONAL WEATHER SERVICE PORTLAND OREGON
443 AM PDT THU APR 24 2014


...................................

...THE VANCOUVER WA CLIMATE SUMMARY FOR APRIL 23 2014...

CLIMATE NORMAL PERIOD 1981 TO 2010
CLIMATE RECORD PERIOD 1891 TO 2014


WEATHER ITEM   OBSERVED TIME   RECORD YEAR NORMAL DEPARTURE LAST
                VALUE   (LST)  VALUE       VALUE  FROM      YEAR
                                                  NORMAL
..................................................................
TEMPERATURE (F)
 YESTERDAY
  MAXIMUM         54   1159 PM  90    1910  63     -9       68
  MINIMUM         46    644 AM  31    1913  43      3       35
  AVERAGE         50                        53     -3       52

PRECIPITATION (IN)
  YESTERDAY        0.39                      0.10   0.29     0.00
  MONTH TO DATE    2.36                      2.38  -0.02     2.11
  SINCE OCT 1     21.24                     31.23  -9.99    27.51
  SINCE JAN 1     15.77                     15.48   0.29     8.25

DEGREE DAYS
 HEATING
  YESTERDAY       15                                        13
  MONTH TO DATE  285                                       328
  SINCE JUL 1   4267                                      3891

 COOLING
  YESTERDAY        0                                         0
  MONTH TO DATE    0                                         0
  SINCE JAN 1      0                                         0
..................................................................


WIND (MPH)
  HIGHEST WIND SPEED    13   HIGHEST WIND DIRECTION     S (170)
  HIGHEST GUST SPEED    22   HIGHEST GUST DIRECTION    SE (140)
  AVERAGE WIND SPEED     7.2


SKY COVER
  POSSIBLE SUNSHINE  MM
  AVERAGE SKY COVER 1.0


WEATHER CONDITIONS
 THE FOLLOWING WEATHER WAS RECORDED YESTERDAY.
  LIGHT RAIN
  FOG


RELATIVE HUMIDITY (PERCENT)
 HIGHEST    89           600 PM
 LOWEST     71          1100 AM
 AVERAGE    80

..........................................................




SUNRISE AND SUNSET
APRIL 24 2014.........SUNRISE   609 AM PDT   SUNSET   809 PM PDT
APRIL 25 2014.........SUNRISE   608 AM PDT   SUNSET   810 PM PDT


-  INDICATES NEGATIVE NUMBERS.
R  INDICATES RECORD WAS SET OR TIED.
MM INDICATES DATA IS MISSING.
T  INDICATES TRACE AMOUNT.




$$





U.S. Dept. of Commerce
NOAA National Weather Service
1325 East West Highway
Silver Spring, MD 20910
E-mail: w-nws.webmaster@noaa.gov
Page last modified: May 16, 2007
NATIONAL WEATHER SERVICE: for Safety, for Work, for Fun - FOR LIFE