364
CDUS46 KPQR 011141
CLIVUO


CLIMATE REPORT
NATIONAL WEATHER SERVICE PORTLAND OREGON
440 AM PDT WED OCT 1 2014


...................................

...THE VANCOUVER WA CLIMATE SUMMARY FOR SEPTEMBER 30 2014...

CLIMATE NORMAL PERIOD 1981 TO 2010
CLIMATE RECORD PERIOD 1891 TO 2014


WEATHER ITEM   OBSERVED TIME   RECORD YEAR NORMAL DEPARTURE LAST
                VALUE   (LST)  VALUE       VALUE  FROM      YEAR
                                                  NORMAL
..................................................................
TEMPERATURE (F)
 YESTERDAY
  MAXIMUM         67   1125 AM  85    1923  70     -3       60
  MINIMUM         49   1159 PM  35    1903  48      1       52
  AVERAGE         58                        59     -1       56

PRECIPITATION (IN)
  YESTERDAY        0.14                      0.09   0.05     0.26
  MONTH TO DATE    1.15                      1.56  -0.41     5.24
  SINCE OCT 1     28.91                     39.14 -10.23    40.33
  SINCE JAN 1     23.44                     23.39   0.05    21.07

DEGREE DAYS
 HEATING
  YESTERDAY        7                                         9
  MONTH TO DATE   26                                        90
  SINCE JUL 1     29                                       103

 COOLING
  YESTERDAY        0                                         0
  MONTH TO DATE   69                                        74
  SINCE JAN 1    521                                       450
..................................................................


WIND (MPH)
  HIGHEST WIND SPEED    12   HIGHEST WIND DIRECTION    NW (320)
  HIGHEST GUST SPEED    17   HIGHEST GUST DIRECTION    NW (330)
  AVERAGE WIND SPEED     2.9


SKY COVER
  POSSIBLE SUNSHINE  MM
  AVERAGE SKY COVER 0.6


WEATHER CONDITIONS
 THE FOLLOWING WEATHER WAS RECORDED YESTERDAY.
  RAIN
  LIGHT RAIN
  FOG


RELATIVE HUMIDITY (PERCENT)
 HIGHEST   100           400 AM
 LOWEST     56           100 PM
 AVERAGE    78

..........................................................




SUNRISE AND SUNSET
OCTOBER  1 2014.......SUNRISE   709 AM PDT   SUNSET   651 PM PDT
OCTOBER  2 2014.......SUNRISE   710 AM PDT   SUNSET   649 PM PDT


-  INDICATES NEGATIVE NUMBERS.
R  INDICATES RECORD WAS SET OR TIED.
MM INDICATES DATA IS MISSING.
T  INDICATES TRACE AMOUNT.




$$





U.S. Dept. of Commerce
NOAA National Weather Service
1325 East West Highway
Silver Spring, MD 20910
E-mail: w-nws.webmaster@noaa.gov
Page last modified: May 16, 2007
NATIONAL WEATHER SERVICE: for Safety, for Work, for Fun - FOR LIFE