865
CDUS46 KPQR 260221
CLIVUO


CLIMATE REPORT
NATIONAL WEATHER SERVICE PORTLAND OREGON
720 PM PDT FRI JUL 25 2014


...................................

...THE VANCOUVER WA CLIMATE SUMMARY FOR JULY 25 2014...
VALID TODAY AS OF 0700 PM LOCAL TIME.

CLIMATE NORMAL PERIOD 1981 TO 2010
CLIMATE RECORD PERIOD 1891 TO 2014


WEATHER ITEM   OBSERVED TIME   RECORD YEAR NORMAL DEPARTURE LAST
                VALUE   (LST)  VALUE       VALUE  FROM      YEAR
                                                  NORMAL
..................................................................
TEMPERATURE (F)
 TODAY
  MAXIMUM         78    428 PM  99    1904  82     -4       88
  MINIMUM         50    528 AM  46    1930  58     -8       57
  AVERAGE         64                        70     -6       73

PRECIPITATION (IN)
  TODAY            0.00                      0.01  -0.01     0.00
  MONTH TO DATE    0.82                      0.61   0.21     0.00
  SINCE OCT 1     27.72                     36.73  -9.01    34.24
  SINCE JAN 1     22.25                     20.98   1.27    14.98

DEGREE DAYS
 HEATING
  TODAY            1                                         0
  MONTH TO DATE    3                                         6
  SINCE JUN 1     81                                        62
  SINCE JUL 1      3                                         6

 COOLING
  TODAY            0                                         8
  MONTH TO DATE  146                                       121
  SINCE JUN 1    162                                       176
  SINCE JAN 1    177                                       188
..................................................................


WIND (MPH)
  HIGHEST WIND SPEED    13   HIGHEST WIND DIRECTION    NW (300)
  HIGHEST GUST SPEED    19   HIGHEST GUST DIRECTION     W (280)
  AVERAGE WIND SPEED     4.4


SKY COVER
  POSSIBLE SUNSHINE  MM
  AVERAGE SKY COVER 0.2


WEATHER CONDITIONS
 THE FOLLOWING WEATHER WAS RECORDED TODAY.
  NO SIGNIFICANT WEATHER WAS OBSERVED.


RELATIVE HUMIDITY (PERCENT)
 HIGHEST    89           500 AM
 LOWEST     40           400 PM
 AVERAGE    65

..........................................................


THE VANCOUVER WA CLIMATE NORMALS FOR TOMORROW
                         NORMAL    RECORD    YEAR
 MAXIMUM TEMPERATURE (F)   82        99      1998
 MINIMUM TEMPERATURE (F)   58        44      1908


SUNRISE AND SUNSET
JULY 25 2014..........SUNRISE   546 AM PDT   SUNSET   847 PM PDT
JULY 26 2014..........SUNRISE   547 AM PDT   SUNSET   846 PM PDT


-  INDICATES NEGATIVE NUMBERS.
R  INDICATES RECORD WAS SET OR TIED.
MM INDICATES DATA IS MISSING.
T  INDICATES TRACE AMOUNT.




$$





U.S. Dept. of Commerce
NOAA National Weather Service
1325 East West Highway
Silver Spring, MD 20910
E-mail: w-nws.webmaster@noaa.gov
Page last modified: May 16, 2007
NATIONAL WEATHER SERVICE: for Safety, for Work, for Fun - FOR LIFE