391
CDUS46 KPQR 281146
CLIVUO


CLIMATE REPORT
NATIONAL WEATHER SERVICE PORTLAND OREGON
345 AM PST FRI NOV 28 2014


...................................

...THE VANCOUVER WA CLIMATE SUMMARY FOR NOVEMBER 27 2014...

CLIMATE NORMAL PERIOD 1981 TO 2010
CLIMATE RECORD PERIOD 1891 TO 2014


WEATHER ITEM   OBSERVED TIME   RECORD YEAR NORMAL DEPARTURE LAST
                VALUE   (LST)  VALUE       VALUE  FROM      YEAR
                                                  NORMAL
..................................................................
TEMPERATURE (F)
 YESTERDAY
  MAXIMUM         59    214 AM  61    1903  50      9       50
  MINIMUM         54   1159 PM  18    1896  38     16       29
  AVERAGE         57                        44     13       40

PRECIPITATION (IN)
  YESTERDAY        0.03                      0.21  -0.18     0.00
  MONTH TO DATE    2.18                      5.21  -3.03     2.68
  SINCE OCT 1      8.21                      8.28  -0.07     3.80
  SINCE JAN 1     31.65                     31.67  -0.02    24.87

DEGREE DAYS
 HEATING
  YESTERDAY        8                                        25
  MONTH TO DATE  513                                       531
  SINCE JUL 1    730                                      1025

 COOLING
  YESTERDAY        0                                         0
  MONTH TO DATE    0                                         0
  SINCE JAN 1    531                                       450
..................................................................


WIND (MPH)
  HIGHEST WIND SPEED    16   HIGHEST WIND DIRECTION     S (180)
  HIGHEST GUST SPEED    25   HIGHEST GUST DIRECTION     S (170)
  AVERAGE WIND SPEED     8.1


SKY COVER
  POSSIBLE SUNSHINE  MM
  AVERAGE SKY COVER 1.0


WEATHER CONDITIONS
 THE FOLLOWING WEATHER WAS RECORDED YESTERDAY.
  LIGHT RAIN


RELATIVE HUMIDITY (PERCENT)
 HIGHEST    83           400 PM
 LOWEST     62          1200 AM
 AVERAGE    73

..........................................................




SUNRISE AND SUNSET
NOVEMBER 28 2014......SUNRISE   727 AM PST   SUNSET   430 PM PST
NOVEMBER 29 2014......SUNRISE   728 AM PST   SUNSET   429 PM PST


-  INDICATES NEGATIVE NUMBERS.
R  INDICATES RECORD WAS SET OR TIED.
MM INDICATES DATA IS MISSING.
T  INDICATES TRACE AMOUNT.




$$





U.S. Dept. of Commerce
NOAA National Weather Service
1325 East West Highway
Silver Spring, MD 20910
E-mail: w-nws.webmaster@noaa.gov
Page last modified: May 16, 2007
NATIONAL WEATHER SERVICE: for Safety, for Work, for Fun - FOR LIFE