376
CDUS43 KLBF 231015
CLIVTN

CLIMATE REPORT
NATIONAL WEATHER SERVICE NORTH PLATTE
413 AM CST SUN NOV 23 2014


...................................

...THE VALENTINE NE CLIMATE SUMMARY FOR NOVEMBER 22 2014...

CLIMATE NORMAL PERIOD 1981 TO 2010
CLIMATE RECORD PERIOD 1885 TO 2014


WEATHER ITEM   OBSERVED TIME   RECORD YEAR NORMAL DEPARTURE LAST
                VALUE   (LST)  VALUE       VALUE  FROM      YEAR
                                                  NORMAL
..................................................................
TEMPERATURE (F)
 YESTERDAY
  MAXIMUM         66    200 PM  74    2006  44     22       36
                                      1998
  MINIMUM         21    404 AM -15    1898  18      3       -8
  AVERAGE         44                        31     13       14

PRECIPITATION (IN)
  YESTERDAY        0.01          0.28 1897   0.02  -0.01     0.00
  MONTH TO DATE    0.55                      0.52   0.03     0.52
  SINCE SEP 1      1.85                      3.41  -1.56     5.28
  SINCE JAN 1     20.89                     19.52   1.37    22.92

SNOWFALL (IN)
  YESTERDAY        0.0           4.0  2003   0.1   -0.1      0.0
  MONTH TO DATE    6.4                       3.9    2.5      5.8
  SINCE SEP 1      6.4                       6.1    0.3      6.8
  SINCE JUL 1      6.4                       6.1    0.3      6.8
  SNOW DEPTH       T

DEGREE DAYS
 HEATING
  YESTERDAY       21                        34    -13       51
  MONTH TO DATE  787                       627    160      612
  SINCE SEP 1   1321                      1304     17     1264
  SINCE JUL 1   1342                      1329     13     1267

 COOLING
  YESTERDAY        0                         0      0        0
  MONTH TO DATE    0                         0      0        0
  SINCE SEP 1     89                        85      4      171
  SINCE JAN 1    724                       821    -97      964
..................................................................


WIND (MPH)
  HIGHEST WIND SPEED    31   HIGHEST WIND DIRECTION     W (260)
  HIGHEST GUST SPEED    39   HIGHEST GUST DIRECTION     W (250)
  AVERAGE WIND SPEED    10.5


SKY COVER
  POSSIBLE SUNSHINE  MM
  AVERAGE SKY COVER 0.2


WEATHER CONDITIONS
 THE FOLLOWING WEATHER WAS RECORDED YESTERDAY.
  LIGHT RAIN


RELATIVE HUMIDITY (PERCENT)
 HIGHEST    88          1200 AM
 LOWEST     22           200 PM
 AVERAGE    55

..........................................................


THE VALENTINE NE CLIMATE NORMALS FOR TODAY
                         NORMAL    RECORD    YEAR
 MAXIMUM TEMPERATURE (F)   43        70      1988
 MINIMUM TEMPERATURE (F)   18       -16      1985


SUNRISE AND SUNSET
NOVEMBER 23 2014......SUNRISE   744 AM CST   SUNSET   513 PM CST
NOVEMBER 24 2014......SUNRISE   745 AM CST   SUNSET   512 PM CST


-  INDICATES NEGATIVE NUMBERS.
R  INDICATES RECORD WAS SET OR TIED.
MM INDICATES DATA IS MISSING.
T  INDICATES TRACE AMOUNT.

$$








U.S. Dept. of Commerce
NOAA National Weather Service
1325 East West Highway
Silver Spring, MD 20910
E-mail: w-nws.webmaster@noaa.gov
Page last modified: May 16, 2007
NATIONAL WEATHER SERVICE: for Safety, for Work, for Fun - FOR LIFE