001
CDUS43 KLBF 210904
CLIVTN

CLIMATE REPORT
NATIONAL WEATHER SERVICE NORTH PLATTE
403 AM CDT TUE OCT 21 2014


...................................

...THE VALENTINE NE CLIMATE SUMMARY FOR OCTOBER 20 2014...

CLIMATE NORMAL PERIOD 1981 TO 2010
CLIMATE RECORD PERIOD 1885 TO 2014


WEATHER ITEM   OBSERVED TIME   RECORD YEAR NORMAL DEPARTURE LAST
                VALUE   (LST)  VALUE       VALUE  FROM      YEAR
                                                  NORMAL
..................................................................
TEMPERATURE (F)
 YESTERDAY
  MAXIMUM         79    354 PM  91    1947  61     18       54
  MINIMUM         31    712 AM  10    1905  32     -1       29
  AVERAGE         55                        47      8       42

PRECIPITATION (IN)
  YESTERDAY        0.00          1.16 1953   0.03  -0.03     0.00
  MONTH TO DATE    0.32                      0.89  -0.57     3.14
  SINCE SEP 1      1.06                      2.53  -1.47     4.69
  SINCE JAN 1     20.10                     18.64   1.46    22.33

SNOWFALL (IN)
  YESTERDAY        0.0           0.8  2006   0.1   -0.1      0.0
                                      1936
  MONTH TO DATE    0.0                       0.7   -0.7      1.0
  SINCE SEP 1      0.0                       1.4   -1.4      1.0
  SINCE JUL 1      0.0                       1.4   -1.4      1.0
  SNOW DEPTH       0

DEGREE DAYS
 HEATING
  YESTERDAY       10                        18     -8       23
  MONTH TO DATE  238                       291    -53      337
  SINCE SEP 1    371                       451    -80      400
  SINCE JUL 1    392                       476    -84      403

 COOLING
  YESTERDAY        0                         0      0        0
  MONTH TO DATE    0                         1     -1        0
  SINCE SEP 1     89                        82      7      171
  SINCE JAN 1    724                       818    -94      964
..................................................................


WIND (MPH)
  HIGHEST WIND SPEED    18   HIGHEST WIND DIRECTION     S (190)
  HIGHEST GUST SPEED    29   HIGHEST GUST DIRECTION     S (190)
  AVERAGE WIND SPEED     8.0


SKY COVER
  POSSIBLE SUNSHINE  MM
  AVERAGE SKY COVER 0.0


WEATHER CONDITIONS
 THE FOLLOWING WEATHER WAS RECORDED YESTERDAY.
  NO SIGNIFICANT WEATHER WAS OBSERVED.


RELATIVE HUMIDITY (PERCENT)
 HIGHEST    92           700 AM
 LOWEST     23           300 PM
 AVERAGE    58

..........................................................


THE VALENTINE NE CLIMATE NORMALS FOR TODAY
                         NORMAL    RECORD    YEAR
 MAXIMUM TEMPERATURE (F)   61        90      1947
 MINIMUM TEMPERATURE (F)   32        12      1987


SUNRISE AND SUNSET
OCTOBER 21 2014.......SUNRISE   803 AM CDT   SUNSET   650 PM CDT
OCTOBER 22 2014.......SUNRISE   804 AM CDT   SUNSET   649 PM CDT


-  INDICATES NEGATIVE NUMBERS.
R  INDICATES RECORD WAS SET OR TIED.
MM INDICATES DATA IS MISSING.
T  INDICATES TRACE AMOUNT.

$$








U.S. Dept. of Commerce
NOAA National Weather Service
1325 East West Highway
Silver Spring, MD 20910
E-mail: w-nws.webmaster@noaa.gov
Page last modified: May 16, 2007
NATIONAL WEATHER SERVICE: for Safety, for Work, for Fun - FOR LIFE