808
CDUS43 KLBF 201030
CLIVTN

CLIMATE REPORT
NATIONAL WEATHER SERVICE NORTH PLATTE
430 AM CST SAT DEC 20 2014

...................................

...THE VALENTINE NE CLIMATE SUMMARY FOR DECEMBER 19 2014...

CLIMATE NORMAL PERIOD 1981 TO 2010
CLIMATE RECORD PERIOD 1885 TO 2014


WEATHER ITEM   OBSERVED TIME   RECORD YEAR NORMAL DEPARTURE LAST
                VALUE   (LST)  VALUE       VALUE  FROM      YEAR
                                                  NORMAL
..................................................................
TEMPERATURE (F)
 YESTERDAY
  MAXIMUM         40    302 PM  66    1894  36      4       34
  MINIMUM         10    554 AM -26    1989  10      0        5
  AVERAGE         25                        23      2       20

PRECIPITATION (IN)
  YESTERDAY        0.00          0.25 1987   0.02  -0.02      T
  MONTH TO DATE    0.51                      0.24   0.27     0.69
  SINCE DEC 1      0.51                      0.24   0.27     0.69
  SINCE JAN 1     21.40                     19.89   1.51    23.61

SNOWFALL (IN)
  YESTERDAY        0.0           1.7  1925   0.2   -0.2       T
  MONTH TO DATE    3.5                       3.1    0.4     12.0
  SINCE DEC 1      3.5                       3.1    0.4     12.0
  SINCE JUL 1      9.9                      10.7   -0.8     18.8
  SNOW DEPTH       3

DEGREE DAYS
 HEATING
  YESTERDAY       40                        42     -2       45
  MONTH TO DATE  631                       771   -140      912
  SINCE DEC 1    631                       771   -140      912
  SINCE JUL 1   2235                      2389   -154     2471

 COOLING
  YESTERDAY        0                         0      0        0
  MONTH TO DATE    0                         0      0        0
  SINCE DEC 1      0                         0      0        0
  SINCE JAN 1    724                       821    -97      964
..................................................................


WIND (MPH)
  HIGHEST WIND SPEED    13   HIGHEST WIND DIRECTION    SW (240)
  HIGHEST GUST SPEED    15   HIGHEST GUST DIRECTION    SW (240)
  AVERAGE WIND SPEED     7.0


SKY COVER
  POSSIBLE SUNSHINE  MM
  AVERAGE SKY COVER 0.0


WEATHER CONDITIONS
 THE FOLLOWING WEATHER WAS RECORDED YESTERDAY.
  NO SIGNIFICANT WEATHER WAS OBSERVED.


RELATIVE HUMIDITY (PERCENT)
 HIGHEST    92           100 AM
 LOWEST     54           300 PM
 AVERAGE    73

..........................................................


THE VALENTINE NE CLIMATE NORMALS FOR TODAY
                         NORMAL    RECORD    YEAR
 MAXIMUM TEMPERATURE (F)   36        72      1941
 MINIMUM TEMPERATURE (F)   10       -29      1916


SUNRISE AND SUNSET
DECEMBER 20 2014......SUNRISE   809 AM CST   SUNSET   510 PM CST
DECEMBER 21 2014......SUNRISE   810 AM CST   SUNSET   511 PM CST


-  INDICATES NEGATIVE NUMBERS.
R  INDICATES RECORD WAS SET OR TIED.
MM INDICATES DATA IS MISSING.
T  INDICATES TRACE AMOUNT.

$$






U.S. Dept. of Commerce
NOAA National Weather Service
1325 East West Highway
Silver Spring, MD 20910
E-mail: w-nws.webmaster@noaa.gov
Page last modified: May 16, 2007
NATIONAL WEATHER SERVICE: for Safety, for Work, for Fun - FOR LIFE