618
CDUS43 KLBF 261027
CLIVTN

CLIMATE REPORT
NATIONAL WEATHER SERVICE NORTH PLATTE
426 AM CST WED NOV 26 2014

...................................

...THE VALENTINE NE CLIMATE SUMMARY FOR NOVEMBER 25 2014...

CLIMATE NORMAL PERIOD 1981 TO 2010
CLIMATE RECORD PERIOD 1885 TO 2014


WEATHER ITEM   OBSERVED TIME   RECORD YEAR NORMAL DEPARTURE LAST
                VALUE   (LST)  VALUE       VALUE  FROM      YEAR
                                                  NORMAL
..................................................................
TEMPERATURE (F)
 YESTERDAY
  MAXIMUM         44    356 PM  76    1960  42      2       43
  MINIMUM         19    600 AM  -8    2010  17      2       21
  AVERAGE         32                        30      2       32

PRECIPITATION (IN)
  YESTERDAY        T             0.46 1944   0.02  -0.02     0.00
  MONTH TO DATE    0.55                      0.58  -0.03     0.52
  SINCE SEP 1      1.85                      3.47  -1.62     5.28
  SINCE JAN 1     20.89                     19.58   1.31    22.92

SNOWFALL (IN)
  YESTERDAY        T             4.3  1975   0.2   -0.2      0.0
  MONTH TO DATE    6.4                       4.5    1.9      5.8
  SINCE SEP 1      6.4                       6.7   -0.3      6.8
  SINCE JUL 1      6.4                       6.7   -0.3      6.8
  SNOW DEPTH       0

DEGREE DAYS
 HEATING
  YESTERDAY       33                        35     -2       33
  MONTH TO DATE  885                       732    153      732
  SINCE SEP 1   1419                      1409     10     1384
  SINCE JUL 1   1440                      1434      6     1387

 COOLING
  YESTERDAY        0                         0      0        0
  MONTH TO DATE    0                         0      0        0
  SINCE SEP 1     89                        85      4      171
  SINCE JAN 1    724                       821    -97      964
..................................................................


WIND (MPH)
  HIGHEST WIND SPEED    25   HIGHEST WIND DIRECTION    NW (300)
  HIGHEST GUST SPEED    37   HIGHEST GUST DIRECTION    NW (310)
  AVERAGE WIND SPEED    10.6


SKY COVER
  POSSIBLE SUNSHINE  MM
  AVERAGE SKY COVER 0.6


WEATHER CONDITIONS
 THE FOLLOWING WEATHER WAS RECORDED YESTERDAY.
  NO SIGNIFICANT WEATHER WAS OBSERVED.


RELATIVE HUMIDITY (PERCENT)
 HIGHEST    96           200 AM
 LOWEST     40           400 PM
 AVERAGE    68

..........................................................


THE VALENTINE NE CLIMATE NORMALS FOR TODAY
                         NORMAL    RECORD    YEAR
 MAXIMUM TEMPERATURE (F)   42        72      1998
 MINIMUM TEMPERATURE (F)   16       -19      1975


SUNRISE AND SUNSET
NOVEMBER 26 2014......SUNRISE   748 AM CST   SUNSET   511 PM CST
NOVEMBER 27 2014......SUNRISE   749 AM CST   SUNSET   511 PM CST


-  INDICATES NEGATIVE NUMBERS.
R  INDICATES RECORD WAS SET OR TIED.
MM INDICATES DATA IS MISSING.
T  INDICATES TRACE AMOUNT.

$$






U.S. Dept. of Commerce
NOAA National Weather Service
1325 East West Highway
Silver Spring, MD 20910
E-mail: w-nws.webmaster@noaa.gov
Page last modified: May 16, 2007
NATIONAL WEATHER SERVICE: for Safety, for Work, for Fun - FOR LIFE