473
CDUS43 KLBF 312237
CLIVTN

CLIMATE REPORT
NATIONAL WEATHER SERVICE NORTH PLATTE
532 PM CDT THU JUL 31 2014


...................................

...THE VALENTINE NE CLIMATE SUMMARY FOR JULY 31 2014...
VALID TODAY AS OF 0500 PM LOCAL TIME.

CLIMATE NORMAL PERIOD 1981 TO 2010
CLIMATE RECORD PERIOD 1885 TO 2014


WEATHER ITEM   OBSERVED TIME   RECORD YEAR NORMAL DEPARTURE LAST
                VALUE   (LST)  VALUE       VALUE  FROM      YEAR
                                                  NORMAL
..................................................................
TEMPERATURE (F)
 TODAY
  MAXIMUM         88    420 PM 110    2002  89     -1       81
  MINIMUM         52    515 AM  44    1913  61     -9       63
  AVERAGE         70                        75     -5       72

PRECIPITATION (IN)
  TODAY            0.00          1.41 1921   0.09  -0.09     0.01
  MONTH TO DATE    0.58                      3.21  -2.63     3.78
  SINCE JUN 1      9.21                      6.77   2.44     6.23
  SINCE JAN 1     16.42                     13.93   2.49    15.63

SNOWFALL (IN)
  TODAY            0.0           0.0    MM   0.0    0.0      0.0
  MONTH TO DATE    0.0                       0.0    0.0      0.0
  SINCE JUN 1      0.0                       0.0    0.0      0.0
  SINCE JUL 1      0.0                       0.0    0.0      0.0
  SNOW DEPTH       0

DEGREE DAYS
 HEATING
  TODAY            0                         0      0        0
  MONTH TO DATE   19                         2     17        3
  SINCE JUN 1     73                        69      4       57
  SINCE JUL 1     19                         8     11        3

 COOLING
  TODAY            5                        10     -5        7
  MONTH TO DATE  230                       304    -74      292
  SINCE JUN 1    341                       441   -100      438
  SINCE JAN 1    402                       475    -73      477
..................................................................


WIND (MPH)
  HIGHEST WIND SPEED    18   HIGHEST WIND DIRECTION     N (360)
  HIGHEST GUST SPEED    25   HIGHEST GUST DIRECTION    NW (320)
  AVERAGE WIND SPEED     9.1


SKY COVER
  POSSIBLE SUNSHINE  MM
  AVERAGE SKY COVER 0.0


WEATHER CONDITIONS
 THE FOLLOWING WEATHER WAS RECORDED TODAY.
  NO SIGNIFICANT WEATHER WAS OBSERVED.


RELATIVE HUMIDITY (PERCENT)
 HIGHEST    83           500 AM
 LOWEST     28           300 PM
 AVERAGE    56

..........................................................


THE VALENTINE NE CLIMATE NORMALS FOR TOMORROW
                         NORMAL    RECORD    YEAR
 MAXIMUM TEMPERATURE (F)   89       106      1982
 MINIMUM TEMPERATURE (F)   61        44      2009


SUNRISE AND SUNSET
JULY 31 2014..........SUNRISE   632 AM CDT   SUNSET   904 PM CDT
AUGUST  1 2014........SUNRISE   633 AM CDT   SUNSET   903 PM CDT


-  INDICATES NEGATIVE NUMBERS.
R  INDICATES RECORD WAS SET OR TIED.
MM INDICATES DATA IS MISSING.
T  INDICATES TRACE AMOUNT.




$$








U.S. Dept. of Commerce
NOAA National Weather Service
1325 East West Highway
Silver Spring, MD 20910
E-mail: w-nws.webmaster@noaa.gov
Page last modified: May 16, 2007
NATIONAL WEATHER SERVICE: for Safety, for Work, for Fun - FOR LIFE