479
CDUS43 KLBF 310903
CLIVTN

CLIMATE REPORT
NATIONAL WEATHER SERVICE NORTH PLATTE
402 AM CDT FRI OCT 31 2014


...................................

...THE VALENTINE NE CLIMATE SUMMARY FOR OCTOBER 30 2014...

CLIMATE NORMAL PERIOD 1981 TO 2010
CLIMATE RECORD PERIOD 1885 TO 2014


WEATHER ITEM   OBSERVED TIME   RECORD YEAR NORMAL DEPARTURE LAST
                VALUE   (LST)  VALUE       VALUE  FROM      YEAR
                                                  NORMAL
..................................................................
TEMPERATURE (F)
 YESTERDAY
  MAXIMUM         56   1239 PM  89    1950  57     -1       44
  MINIMUM         32   1159 PM   2    1991  29      3       27
  AVERAGE         44                        43      1       36

PRECIPITATION (IN)
  YESTERDAY        0.00          0.57 1974   0.03  -0.03     0.00
  MONTH TO DATE    0.56                      1.22  -0.66     3.21
  SINCE SEP 1      1.30                      2.86  -1.56     4.76
  SINCE JAN 1     20.34                     18.97   1.37    22.40

SNOWFALL (IN)
  YESTERDAY        0.0           5.6  1929   0.1   -0.1      0.0
  MONTH TO DATE    0.0                       1.4   -1.4      1.0
  SINCE SEP 1      0.0                       2.1   -2.1      1.0
  SINCE JUL 1      0.0                       2.1   -2.1      1.0
  SNOW DEPTH       0

DEGREE DAYS
 HEATING
  YESTERDAY       21                        22     -1       29
  MONTH TO DATE  369                       495   -126      565
  SINCE SEP 1    502                       655   -153      628
  SINCE JUL 1    523                       680   -157      631

 COOLING
  YESTERDAY        0                         0      0        0
  MONTH TO DATE    0                         1     -1        0
  SINCE SEP 1     89                        82      7      171
  SINCE JAN 1    724                       818    -94      964
..................................................................


WIND (MPH)
  HIGHEST WIND SPEED    25   HIGHEST WIND DIRECTION     N (340)
  HIGHEST GUST SPEED    33   HIGHEST GUST DIRECTION     N (340)
  AVERAGE WIND SPEED    12.2


SKY COVER
  POSSIBLE SUNSHINE  MM
  AVERAGE SKY COVER 0.1


WEATHER CONDITIONS
 THE FOLLOWING WEATHER WAS RECORDED YESTERDAY.
  NO SIGNIFICANT WEATHER WAS OBSERVED.


RELATIVE HUMIDITY (PERCENT)
 HIGHEST    82           700 AM
 LOWEST     43          1200 PM
 AVERAGE    63

..........................................................


THE VALENTINE NE CLIMATE NORMALS FOR TODAY
                         NORMAL    RECORD    YEAR
 MAXIMUM TEMPERATURE (F)   56        85      1990
 MINIMUM TEMPERATURE (F)   28        -1      1991


SUNRISE AND SUNSET
OCTOBER 31 2014.......SUNRISE   815 AM CDT   SUNSET   636 PM CDT
NOVEMBER  1 2014......SUNRISE   816 AM CDT   SUNSET   634 PM CDT


-  INDICATES NEGATIVE NUMBERS.
R  INDICATES RECORD WAS SET OR TIED.
MM INDICATES DATA IS MISSING.
T  INDICATES TRACE AMOUNT.

$$








U.S. Dept. of Commerce
NOAA National Weather Service
1325 East West Highway
Silver Spring, MD 20910
E-mail: w-nws.webmaster@noaa.gov
Page last modified: May 16, 2007
NATIONAL WEATHER SERVICE: for Safety, for Work, for Fun - FOR LIFE