686
CDUS43 KLBF 180932
CLIVTN

CLIMATE REPORT
NATIONAL WEATHER SERVICE NORTH PLATTE
431 AM CDT FRI APR 18 2014

...................................

...THE VALENTINE NE CLIMATE SUMMARY FOR APRIL 17 2014...

CLIMATE NORMAL PERIOD 1981 TO 2010
CLIMATE RECORD PERIOD 1885 TO 2014


WEATHER ITEM   OBSERVED TIME   RECORD YEAR NORMAL DEPARTURE LAST
                VALUE   (LST)  VALUE       VALUE  FROM      YEAR
                                                  NORMAL
..................................................................
TEMPERATURE (F)
 YESTERDAY
  MAXIMUM         55    515 PM  91    1985  61     -6       30
  MINIMUM         19    623 AM  10    1990  33    -14       26
  AVERAGE         37                        47    -10       28

PRECIPITATION (IN)
  YESTERDAY        T             0.88 1930   0.08  -0.08     0.11
  MONTH TO DATE    0.44                      1.09  -0.65     1.31
  SINCE MAR 1      0.93                      2.16  -1.23     2.88
  SINCE JAN 1      1.59                      2.90  -1.31     4.11

SNOWFALL (IN)
  YESTERDAY        T             7.7  1995   0.2   -0.2      0.8
  MONTH TO DATE    3.3                       3.1    0.2      9.5
  SINCE MAR 1      8.3                       9.6   -1.3     19.7
  SINCE JUL 1     34.8                      31.7    3.1     47.3
  SNOW DEPTH       0

DEGREE DAYS
 HEATING
  YESTERDAY       28                        18     10       37
  MONTH TO DATE  375                       355     20      470
  SINCE MAR 1   1344                      1248     96     1422
  SINCE JUL 1   6822                      6484    338     6375

 COOLING
  YESTERDAY        0                         0      0        0
  MONTH TO DATE    0                         0      0        0
  SINCE MAR 1      0                         0      0        0
  SINCE JAN 1      0                         0      0        0
..................................................................


WIND (MPH)
  HIGHEST WIND SPEED    23   HIGHEST WIND DIRECTION     S (170)
  HIGHEST GUST SPEED    29   HIGHEST GUST DIRECTION    SE (150)
  AVERAGE WIND SPEED     9.8


SKY COVER
  POSSIBLE SUNSHINE  MM
  AVERAGE SKY COVER 0.5


WEATHER CONDITIONS
 THE FOLLOWING WEATHER WAS RECORDED YESTERDAY.
  LIGHT SNOW
  FOG


RELATIVE HUMIDITY (PERCENT)
 HIGHEST    92           500 AM
 LOWEST     29           400 PM
 AVERAGE    61

..........................................................


THE VALENTINE NE CLIMATE NORMALS FOR TODAY
                         NORMAL    RECORD    YEAR
 MAXIMUM TEMPERATURE (F)   61        92      1985
 MINIMUM TEMPERATURE (F)   34        15      1988


SUNRISE AND SUNSET
APRIL 18 2014.........SUNRISE   656 AM CDT   SUNSET   828 PM CDT
APRIL 19 2014.........SUNRISE   654 AM CDT   SUNSET   829 PM CDT


-  INDICATES NEGATIVE NUMBERS.
R  INDICATES RECORD WAS SET OR TIED.
MM INDICATES DATA IS MISSING.
T  INDICATES TRACE AMOUNT.

$$






U.S. Dept. of Commerce
NOAA National Weather Service
1325 East West Highway
Silver Spring, MD 20910
E-mail: w-nws.webmaster@noaa.gov
Page last modified: May 16, 2007
NATIONAL WEATHER SERVICE: for Safety, for Work, for Fun - FOR LIFE