566
CDUS41 KBTV 230525
CLIVSF


CLIMATE REPORT
NATIONAL WEATHER SERVICE BURLINGTON VT
124 AM EDT THU OCT 23 2014


...................................

...THE SPRINGFIELD VT CLIMATE SUMMARY FOR OCTOBER 22 2014...

CLIMATE NORMAL PERIOD 1981 TO 2010
CLIMATE RECORD PERIOD 9999 TO 9999


WEATHER ITEM   OBSERVED TIME   NORMAL DEPARTURE LAST
                VALUE   (LST)  VALUE  FROM      YEAR
                                      NORMAL
......................................................
TEMPERATURE (F)
 YESTERDAY
  MAXIMUM         51    351 PM  56     -5       56
  MINIMUM         47    805 PM  34     13       32
  AVERAGE         49            45      4       44

PRECIPITATION (IN)
  YESTERDAY        0.31          0.15   0.16     0.01
  MONTH TO DATE    3.61          3.38   0.23     1.69
  SINCE SEP 1      4.76          7.14  -2.38     4.67
  SINCE JAN 1     32.45         35.51  -3.06    32.15

DEGREE DAYS
 HEATING
  YESTERDAY       16            20     -4       21
  MONTH TO DATE  272           365    -93      264
  SINCE SEP 1    439           562   -123      490
  SINCE JUL 1    488           617   -129      535

 COOLING
  YESTERDAY        0             0      0        0
  MONTH TO DATE    5             0      5        0
  SINCE SEP 1     45            23     22       42
  SINCE JAN 1    282           344    -62      495
......................................................


WIND (MPH)
  HIGHEST WIND SPEED    14   HIGHEST WIND DIRECTION     N (10)
  HIGHEST GUST SPEED    23   HIGHEST GUST DIRECTION     N (20)
  AVERAGE WIND SPEED     6.5


SKY COVER
  AVERAGE SKY COVER 1.0


WEATHER CONDITIONS
 THE FOLLOWING WEATHER WAS RECORDED YESTERDAY.
  RAIN
  LIGHT RAIN
  FOG
  HAZE


RELATIVE HUMIDITY (PERCENT)
 HIGHEST    86          1200 AM
 LOWEST     83           200 PM
 AVERAGE    85

..........................................................


THE SPRINGFIELD VT CLIMATE NORMALS FOR TODAY
                         NORMAL    RECORD    YEAR
 MAXIMUM TEMPERATURE (F)   56        MM        MM
 MINIMUM TEMPERATURE (F)   34        MM        MM


SUNRISE AND SUNSET
OCTOBER 23 2014.......SUNRISE   714 AM EDT   SUNSET   554 PM EDT
OCTOBER 24 2014.......SUNRISE   715 AM EDT   SUNSET   553 PM EDT


-  INDICATES NEGATIVE NUMBERS.
R  INDICATES RECORD WAS SET OR TIED.
MM INDICATES DATA IS MISSING.
T  INDICATES TRACE AMOUNT.




$$





U.S. Dept. of Commerce
NOAA National Weather Service
1325 East West Highway
Silver Spring, MD 20910
E-mail: w-nws.webmaster@noaa.gov
Page last modified: May 16, 2007
NATIONAL WEATHER SERVICE: for Safety, for Work, for Fun - FOR LIFE