970
CDUS41 KBTV 150538
CLIVSF


CLIMATE REPORT
NATIONAL WEATHER SERVICE BURLINGTON VT
135 AM EDT MON SEP 15 2014


...................................

...THE SPRINGFIELD VT CLIMATE SUMMARY FOR SEPTEMBER 14 2014...

CLIMATE NORMAL PERIOD 1981 TO 2010
CLIMATE RECORD PERIOD 9999 TO 9999


WEATHER ITEM   OBSERVED TIME   NORMAL DEPARTURE LAST
                VALUE   (LST)  VALUE  FROM      YEAR
                                      NORMAL
......................................................
TEMPERATURE (F)
 YESTERDAY
  MAXIMUM         60    251 PM  72    -12       61
  MINIMUM         38   1159 PM  48    -10       48
  AVERAGE         49            60    -11       55

PRECIPITATION (IN)
  YESTERDAY        0.00          0.13  -0.13     0.00
  MONTH TO DATE    0.83          1.52  -0.69     2.46
  SINCE SEP 1      0.83          1.52  -0.69     2.46
  SINCE JAN 1     28.52         29.89  -1.37    29.94

DEGREE DAYS
 HEATING
  YESTERDAY       16             6     10       10
  MONTH TO DATE   64            54     10       74
  SINCE SEP 1     64            54     10       74
  SINCE JUL 1    113           109      4      119

 COOLING
  YESTERDAY        0             1     -1        0
  MONTH TO DATE   40            20     20       42
  SINCE SEP 1     40            20     20       42
  SINCE JAN 1    277           341    -64      495
......................................................


WIND (MPH)
  HIGHEST WIND SPEED    14   HIGHEST WIND DIRECTION     W (280)
  HIGHEST GUST SPEED    20   HIGHEST GUST DIRECTION     W (280)
  AVERAGE WIND SPEED     4.0


SKY COVER
  AVERAGE SKY COVER 0.4


WEATHER CONDITIONS
 THE FOLLOWING WEATHER WAS RECORDED YESTERDAY.
  FOG
  FOG W/VISIBILITY <= 1/4 MILE


RELATIVE HUMIDITY (PERCENT)
 HIGHEST    96           900 PM
 LOWEST     51          1200 PM
 AVERAGE    74

..........................................................


THE SPRINGFIELD VT CLIMATE NORMALS FOR TODAY
                         NORMAL    RECORD    YEAR
 MAXIMUM TEMPERATURE (F)   71        MM        MM
 MINIMUM TEMPERATURE (F)   48        MM        MM


SUNRISE AND SUNSET
SEPTEMBER 15 2014.....SUNRISE   629 AM EDT   SUNSET   700 PM EDT
SEPTEMBER 16 2014.....SUNRISE   631 AM EDT   SUNSET   658 PM EDT


-  INDICATES NEGATIVE NUMBERS.
R  INDICATES RECORD WAS SET OR TIED.
MM INDICATES DATA IS MISSING.
T  INDICATES TRACE AMOUNT.




$$





U.S. Dept. of Commerce
NOAA National Weather Service
1325 East West Highway
Silver Spring, MD 20910
E-mail: w-nws.webmaster@noaa.gov
Page last modified: May 16, 2007
NATIONAL WEATHER SERVICE: for Safety, for Work, for Fun - FOR LIFE