177
CDUS43 KLOT 220638
CLIVPZ


CLIMATE REPORT
NATIONAL WEATHER SERVICE CHICAGO IL
138 AM CDT FRI AUG 22 2014


...................................

...THE VALPARAISO CLIMATE SUMMARY FOR AUGUST 21 2014...

CLIMATE NORMAL PERIOD 1981 TO 2010
CLIMATE RECORD PERIOD 1998 TO 2014


WEATHER ITEM   OBSERVED TIME   RECORD YEAR NORMAL DEPARTURE LAST
                VALUE   (LST)  VALUE       VALUE  FROM      YEAR
                                                  NORMAL
..................................................................
TEMPERATURE (F)
 YESTERDAY
  MAXIMUM         81    323 PM  95    2003  80      1       88
  MINIMUM         68    324 AM  49    2000  60      8       62
  AVERAGE         75                        70      5       75

PRECIPITATION (IN)
  YESTERDAY        2.15R         0.21 2009   0.15   2.00      T
  MONTH TO DATE    4.75                      2.91   1.84     3.16
  SINCE JUN 1     14.69                     11.16   3.53    11.16
  SINCE JAN 1     23.62                     24.14  -0.52    24.79

DEGREE DAYS
 HEATING
  YESTERDAY        0                         0      0        0
  MONTH TO DATE   15                         0     15       12
  SINCE JUN 1     60                        45     15       65
  SINCE JUL 1     40                         4     36       28

 COOLING
  YESTERDAY       10                         6      4       10
  MONTH TO DATE  107                       136    -29       99
  SINCE JUN 1    378                       540   -162      473
  SINCE JAN 1    451                       587   -136      574
..................................................................


WIND (MPH)
  RESULTANT WIND SPEED   4   RESULTANT WIND DIRECTION   S (190)
  HIGHEST WIND SPEED    20   HIGHEST WIND DIRECTION     N (360)
  HIGHEST GUST SPEED    27   HIGHEST GUST DIRECTION     N (340)
  AVERAGE WIND SPEED     6.6



WEATHER CONDITIONS
 THE FOLLOWING WEATHER WAS RECORDED YESTERDAY.
  THUNDERSTORM
  HEAVY RAIN
  RAIN
  LIGHT RAIN
  FOG


..........................................................


THE VALPARAISO CLIMATE NORMALS FOR TODAY
                         NORMAL    RECORD    YEAR
 MAXIMUM TEMPERATURE (F)   80        90      2007
 MINIMUM TEMPERATURE (F)   60        47      2004


SUNRISE AND SUNSET
AUGUST 22 2014........SUNRISE   604 AM CDT   SUNSET   737 PM CDT
AUGUST 23 2014........SUNRISE   605 AM CDT   SUNSET   735 PM CDT


-  INDICATES NEGATIVE NUMBERS.
R  INDICATES RECORD WAS SET OR TIED.
MM INDICATES DATA IS MISSING.
T  INDICATES TRACE AMOUNT.




$$






U.S. Dept. of Commerce
NOAA National Weather Service
1325 East West Highway
Silver Spring, MD 20910
E-mail: w-nws.webmaster@noaa.gov
Page last modified: May 16, 2007
NATIONAL WEATHER SERVICE: for Safety, for Work, for Fun - FOR LIFE