951
CDUS43 KLOT 230633
CLIVPZ


CLIMATE REPORT
NATIONAL WEATHER SERVICE CHICAGO IL
133 AM CDT TUE SEP 23 2014


...................................

...THE VALPARAISO CLIMATE SUMMARY FOR SEPTEMBER 22 2014...

CLIMATE NORMAL PERIOD 1981 TO 2010
CLIMATE RECORD PERIOD 1998 TO 2014


WEATHER ITEM   OBSERVED TIME   RECORD YEAR NORMAL DEPARTURE LAST
                VALUE   (LST)  VALUE       VALUE  FROM      YEAR
                                                  NORMAL
..................................................................
TEMPERATURE (F)
 YESTERDAY
  MAXIMUM         63    342 PM  91    2005  72     -9       66
  MINIMUM         45   1016 PM  38    1999  50     -5       44
  AVERAGE         54                        61     -7       55

PRECIPITATION (IN)
  YESTERDAY        0.00          0.39 2009   0.10  -0.10     0.00
  MONTH TO DATE    2.38                      2.36   0.02     2.42
  SINCE SEP 1      2.38                      2.36   0.02     2.42
  SINCE JAN 1     31.74                     27.90   3.84    28.10

DEGREE DAYS
 HEATING
  YESTERDAY       11                         5      6       10
  MONTH TO DATE  109                        58     51       58
  SINCE SEP 1    109                        58     51       58
  SINCE JUL 1    149                        75     74       86

 COOLING
  YESTERDAY        0                         1     -1        0
  MONTH TO DATE   59                        57      2      116
  SINCE SEP 1     59                        57      2      116
  SINCE JAN 1    606                       693    -87      783
..................................................................


WIND (MPH)
  RESULTANT WIND SPEED   3   RESULTANT WIND DIRECTION   N (0)
  HIGHEST WIND SPEED    12   HIGHEST WIND DIRECTION    NW (330)
  HIGHEST GUST SPEED    16   HIGHEST GUST DIRECTION     N (350)
  AVERAGE WIND SPEED     4.0



WEATHER CONDITIONS
 THE FOLLOWING WEATHER WAS RECORDED YESTERDAY.
  NO SIGNIFICANT WEATHER WAS OBSERVED.


..........................................................


THE VALPARAISO CLIMATE NORMALS FOR TODAY
                         NORMAL    RECORD    YEAR
 MAXIMUM TEMPERATURE (F)   72        90      2010
 MINIMUM TEMPERATURE (F)   50        39      2012


SUNRISE AND SUNSET
SEPTEMBER 23 2014.....SUNRISE   636 AM CDT   SUNSET   643 PM CDT
SEPTEMBER 24 2014.....SUNRISE   637 AM CDT   SUNSET   642 PM CDT


-  INDICATES NEGATIVE NUMBERS.
R  INDICATES RECORD WAS SET OR TIED.
MM INDICATES DATA IS MISSING.
T  INDICATES TRACE AMOUNT.




$$





U.S. Dept. of Commerce
NOAA National Weather Service
1325 East West Highway
Silver Spring, MD 20910
E-mail: w-nws.webmaster@noaa.gov
Page last modified: May 16, 2007
NATIONAL WEATHER SERVICE: for Safety, for Work, for Fun - FOR LIFE