441
CDUS43 KLOT 310635
CLIVPZ


CLIMATE REPORT
NATIONAL WEATHER SERVICE CHICAGO IL
132 AM CDT THU JUL 31 2014


...................................

...THE VALPARAISO CLIMATE SUMMARY FOR JULY 30 2014...

CLIMATE NORMAL PERIOD 1981 TO 2010
CLIMATE RECORD PERIOD 1998 TO 2014


WEATHER ITEM   OBSERVED TIME   RECORD YEAR NORMAL DEPARTURE LAST
                VALUE   (LST)  VALUE       VALUE  FROM      YEAR
                                                  NORMAL
..................................................................
TEMPERATURE (F)
 YESTERDAY
  MAXIMUM         80    248 PM  97    1999  82     -2       74
  MINIMUM         56   1123 PM  52    2013  62     -6       52
  AVERAGE         68                        72     -4       63

PRECIPITATION (IN)
  YESTERDAY        0.00          0.30 2004   0.14  -0.14     0.00
  MONTH TO DATE    1.73                      4.20  -2.47     1.03
  SINCE JUN 1      9.94                      8.11   1.83     7.95
  SINCE JAN 1     18.87                     21.09  -2.22    21.58

DEGREE DAYS
 HEATING
  YESTERDAY        0                         0      0        2
  MONTH TO DATE   25                         0     25       16
  SINCE JUN 1     45                        41      4       53
  SINCE JUL 1     25                         0     25       16

 COOLING
  YESTERDAY        3                         7     -4        0
  MONTH TO DATE  109                       233   -124      205
  SINCE JUN 1    268                       397   -129      372
  SINCE JAN 1    341                       444   -103      473
..................................................................


WIND (MPH)
  RESULTANT WIND SPEED   3   RESULTANT WIND DIRECTION   W (290)
  HIGHEST WIND SPEED    12   HIGHEST WIND DIRECTION     W (270)
  HIGHEST GUST SPEED    17   HIGHEST GUST DIRECTION    NW (310)
  AVERAGE WIND SPEED     4.2



WEATHER CONDITIONS
 THE FOLLOWING WEATHER WAS RECORDED YESTERDAY.
  FOG


..........................................................


THE VALPARAISO CLIMATE NORMALS FOR TODAY
                         NORMAL    RECORD    YEAR
 MAXIMUM TEMPERATURE (F)   82        93      2006
 MINIMUM TEMPERATURE (F)   62        58      2003


SUNRISE AND SUNSET
JULY 31 2014..........SUNRISE   542 AM CDT   SUNSET   806 PM CDT
AUGUST  1 2014........SUNRISE   543 AM CDT   SUNSET   805 PM CDT


-  INDICATES NEGATIVE NUMBERS.
R  INDICATES RECORD WAS SET OR TIED.
MM INDICATES DATA IS MISSING.
T  INDICATES TRACE AMOUNT.




$$





U.S. Dept. of Commerce
NOAA National Weather Service
1325 East West Highway
Silver Spring, MD 20910
E-mail: w-nws.webmaster@noaa.gov
Page last modified: May 16, 2007
NATIONAL WEATHER SERVICE: for Safety, for Work, for Fun - FOR LIFE