670
CDUS42 KTAE 200633
CLIVLD


CLIMATE REPORT
NATIONAL WEATHER SERVICE TALLAHASSEE FL
232 AM EDT MON OCT 20 2014


...................................

...THE VALDOSTA CLIMATE SUMMARY FOR OCTOBER 19 2014...

CLIMATE NORMAL PERIOD 1981 TO 2010
CLIMATE RECORD PERIOD 1948 TO 2014


WEATHER ITEM   OBSERVED TIME   NORMAL DEPARTURE LAST
                VALUE   (LST)  VALUE  FROM      YEAR
                                      NORMAL
......................................................
TEMPERATURE (F)
 YESTERDAY
  MAXIMUM         76    357 PM  80     -4       87
  MINIMUM         54   1159 PM  56     -2       67
  AVERAGE         65            68     -3       77

PRECIPITATION (IN)
  YESTERDAY        0.00          0.11  -0.11     0.94
  MONTH TO DATE    1.35          1.96  -0.61     0.95
  SINCE SEP 1      8.21          6.60   1.61     2.79
  SINCE JAN 1     43.64         43.63   0.01    36.95

DEGREE DAYS
 HEATING
  YESTERDAY        0             1     -1        0
  MONTH TO DATE   11             9      2        0
  SINCE SEP 1     11            10      1        0
  SINCE JUL 1     11            10      1        0

 COOLING
  YESTERDAY        0             4     -4       12
  MONTH TO DATE  121           115      6      211
  SINCE SEP 1    524           486     38      665
  SINCE JAN 1   2885          2340    545     2939
......................................................


WIND (MPH)
  HIGHEST WIND SPEED    13   HIGHEST WIND DIRECTION    NE (30)
  HIGHEST GUST SPEED    18   HIGHEST GUST DIRECTION    NE (40)
  AVERAGE WIND SPEED     3.9




RELATIVE HUMIDITY (PERCENT)
 HIGHEST    80
 LOWEST     31
 AVERAGE    56

..........................................................




SUNRISE AND SUNSET
OCTOBER 20 2014.......SUNRISE   739 AM EDT   SUNSET   656 PM EDT
OCTOBER 21 2014.......SUNRISE   740 AM EDT   SUNSET   655 PM EDT


-  INDICATES NEGATIVE NUMBERS.
R  INDICATES RECORD WAS SET OR TIED.
MM INDICATES DATA IS MISSING.
T  INDICATES TRACE AMOUNT.




$$





U.S. Dept. of Commerce
NOAA National Weather Service
1325 East West Highway
Silver Spring, MD 20910
E-mail: w-nws.webmaster@noaa.gov
Page last modified: May 16, 2007
NATIONAL WEATHER SERVICE: for Safety, for Work, for Fun - FOR LIFE