737
CDUS42 KTAE 230632
CLIVLD


CLIMATE REPORT
NATIONAL WEATHER SERVICE TALLAHASSEE FL
232 AM EDT WED APR 23 2014


...................................

...THE VALDOSTA CLIMATE SUMMARY FOR APRIL 22 2014...

CLIMATE NORMAL PERIOD 1981 TO 2010
CLIMATE RECORD PERIOD 1948 TO 2014


WEATHER ITEM   OBSERVED TIME   NORMAL DEPARTURE LAST
                VALUE   (LST)  VALUE  FROM      YEAR
                                      NORMAL
......................................................
TEMPERATURE (F)
 YESTERDAY
  MAXIMUM         86    231 PM  81      5       76
  MINIMUM         54    609 AM  54      0       57
  AVERAGE         70            67      3       67

PRECIPITATION (IN)
  YESTERDAY        0.00          0.09  -0.09     0.16
  MONTH TO DATE    8.21          2.34   5.87     5.21
  SINCE MAR 1     12.37          7.21   5.16     7.50
  SINCE JAN 1     18.51         15.94   2.57    13.65

DEGREE DAYS
 HEATING
  YESTERDAY        0             1     -1        0
  MONTH TO DATE   28            60    -32       21
  SINCE MAR 1    187           246    -59      295
  SINCE JUL 1   1238          1626   -388     1164

 COOLING
  YESTERDAY        5             4      1        2
  MONTH TO DATE   88            57     31      109
  SINCE MAR 1    121            90     31      135
  SINCE JAN 1    153           100     53      212
......................................................


WIND (MPH)
  HIGHEST WIND SPEED     8   HIGHEST WIND DIRECTION    SW (210)
  HIGHEST GUST SPEED    14   HIGHEST GUST DIRECTION    NW (300)
  AVERAGE WIND SPEED     2.2




RELATIVE HUMIDITY (PERCENT)
 HIGHEST    89
 LOWEST     34
 AVERAGE    62

..........................................................




SUNRISE AND SUNSET
APRIL 23 2014.........SUNRISE   657 AM EDT   SUNSET   806 PM EDT
APRIL 24 2014.........SUNRISE   656 AM EDT   SUNSET   807 PM EDT


-  INDICATES NEGATIVE NUMBERS.
R  INDICATES RECORD WAS SET OR TIED.
MM INDICATES DATA IS MISSING.
T  INDICATES TRACE AMOUNT.




$$





U.S. Dept. of Commerce
NOAA National Weather Service
1325 East West Highway
Silver Spring, MD 20910
E-mail: w-nws.webmaster@noaa.gov
Page last modified: May 16, 2007
NATIONAL WEATHER SERVICE: for Safety, for Work, for Fun - FOR LIFE