044
CDUS42 KTAE 010634
CLIVLD


CLIMATE REPORT
NATIONAL WEATHER SERVICE TALLAHASSEE FL
234 AM EDT MON SEP 1 2014


...................................

...THE VALDOSTA CLIMATE SUMMARY FOR AUGUST 31 2014...

CLIMATE NORMAL PERIOD 1981 TO 2010
CLIMATE RECORD PERIOD 1948 TO 2014


WEATHER ITEM   OBSERVED TIME   NORMAL DEPARTURE LAST
                VALUE   (LST)  VALUE  FROM      YEAR
                                      NORMAL
......................................................
TEMPERATURE (F)
 YESTERDAY
  MAXIMUM         94    424 PM  90      4       93
  MINIMUM         71    624 AM  70      1       73
  AVERAGE         83            80      3       83

PRECIPITATION (IN)
  YESTERDAY        0.95          0.16   0.79     0.00
  MONTH TO DATE    6.08          5.34   0.74     6.46
  SINCE JUN 1     12.16         18.03  -5.87    19.62
  SINCE JAN 1     35.43         37.03  -1.60    34.16

DEGREE DAYS
 COOLING
  YESTERDAY       18            15      3       18
  MONTH TO DATE  594           502     92      591
  SINCE JUN 1   1758          1442    316     1712
  SINCE JAN 1   2361          1854    507     2274
......................................................


WIND (MPH)
  HIGHEST WIND SPEED    15   HIGHEST WIND DIRECTION     S (170)
  HIGHEST GUST SPEED    20   HIGHEST GUST DIRECTION     S (180)
  AVERAGE WIND SPEED     2.1




RELATIVE HUMIDITY (PERCENT)
 HIGHEST   100
 LOWEST     46
 AVERAGE    73

..........................................................




SUNRISE AND SUNSET
SEPTEMBER  1 2014.....SUNRISE   709 AM EDT   SUNSET   756 PM EDT
SEPTEMBER  2 2014.....SUNRISE   710 AM EDT   SUNSET   755 PM EDT


-  INDICATES NEGATIVE NUMBERS.
R  INDICATES RECORD WAS SET OR TIED.
MM INDICATES DATA IS MISSING.
T  INDICATES TRACE AMOUNT.




$$





U.S. Dept. of Commerce
NOAA National Weather Service
1325 East West Highway
Silver Spring, MD 20910
E-mail: w-nws.webmaster@noaa.gov
Page last modified: May 16, 2007
NATIONAL WEATHER SERVICE: for Safety, for Work, for Fun - FOR LIFE