584
CDUS42 KTAE 020646
CLIVLD


CLIMATE REPORT
NATIONAL WEATHER SERVICE TALLAHASSEE FL
246 AM EDT SAT AUG 2 2014


...................................

...THE VALDOSTA CLIMATE SUMMARY FOR AUGUST 1 2014...

CLIMATE NORMAL PERIOD 1981 TO 2010
CLIMATE RECORD PERIOD 1948 TO 2014


WEATHER ITEM   OBSERVED TIME   NORMAL DEPARTURE LAST
                VALUE   (LST)  VALUE  FROM      YEAR
                                      NORMAL
......................................................
TEMPERATURE (F)
 YESTERDAY
  MAXIMUM         98    251 PM  92      6       88
  MINIMUM         71    605 AM  71      0       73
  AVERAGE         85            82      3       81

PRECIPITATION (IN)
  YESTERDAY        0.79          0.22   0.57     0.37
  MONTH TO DATE    0.79          0.22   0.57     0.37
  SINCE JUN 1      6.87         12.91  -6.04    13.53
  SINCE JAN 1     30.14         31.91  -1.77    28.07

DEGREE DAYS
 COOLING
  YESTERDAY       20            17      3       16
  MONTH TO DATE   20            17      3       16
  SINCE JUN 1   1184           957    227     1137
  SINCE JAN 1   1787          1369    418     1699
......................................................


WIND (MPH)
  HIGHEST WIND SPEED    14   HIGHEST WIND DIRECTION    NE (40)
  HIGHEST GUST SPEED    23   HIGHEST GUST DIRECTION    NE (40)
  AVERAGE WIND SPEED     1.8




RELATIVE HUMIDITY (PERCENT)
 HIGHEST    85
 LOWEST     33
 AVERAGE    59

..........................................................




SUNRISE AND SUNSET
AUGUST  2 2014........SUNRISE   651 AM EDT   SUNSET   827 PM EDT
AUGUST  3 2014........SUNRISE   652 AM EDT   SUNSET   826 PM EDT


-  INDICATES NEGATIVE NUMBERS.
R  INDICATES RECORD WAS SET OR TIED.
MM INDICATES DATA IS MISSING.
T  INDICATES TRACE AMOUNT.




$$





U.S. Dept. of Commerce
NOAA National Weather Service
1325 East West Highway
Silver Spring, MD 20910
E-mail: w-nws.webmaster@noaa.gov
Page last modified: May 16, 2007
NATIONAL WEATHER SERVICE: for Safety, for Work, for Fun - FOR LIFE