203
CDUS42 KTAE 210638
CLIVLD


CLIMATE REPORT
NATIONAL WEATHER SERVICE TALLAHASSEE FL
238 AM EDT THU AUG 21 2014


...................................

...THE VALDOSTA CLIMATE SUMMARY FOR AUGUST 20 2014...

CLIMATE NORMAL PERIOD 1981 TO 2010
CLIMATE RECORD PERIOD 1948 TO 2014


WEATHER ITEM   OBSERVED TIME   NORMAL DEPARTURE LAST
                VALUE   (LST)  VALUE  FROM      YEAR
                                      NORMAL
......................................................
TEMPERATURE (F)
 YESTERDAY
  MAXIMUM         96    423 PM  91      5       94
  MINIMUM         71    625 AM  71      0       75
  AVERAGE         84            81      3       85

PRECIPITATION (IN)
  YESTERDAY        0.00          0.15  -0.15     0.39
  MONTH TO DATE    2.47          3.58  -1.11     3.61
  SINCE JUN 1      8.55         16.27  -7.72    16.77
  SINCE JAN 1     31.82         35.27  -3.45    31.31

DEGREE DAYS
 COOLING
  YESTERDAY       19            16      3       20
  MONTH TO DATE  398           327     71      401
  SINCE JUN 1   1562          1267    295     1522
  SINCE JAN 1   2165          1679    486     2084
......................................................


WIND (MPH)
  HIGHEST WIND SPEED     9   HIGHEST WIND DIRECTION    NW (320)
  HIGHEST GUST SPEED    15   HIGHEST GUST DIRECTION    NW (330)
  AVERAGE WIND SPEED     1.2




RELATIVE HUMIDITY (PERCENT)
 HIGHEST    93
 LOWEST     39
 AVERAGE    66

..........................................................




SUNRISE AND SUNSET
AUGUST 21 2014........SUNRISE   703 AM EDT   SUNSET   809 PM EDT
AUGUST 22 2014........SUNRISE   704 AM EDT   SUNSET   808 PM EDT


-  INDICATES NEGATIVE NUMBERS.
R  INDICATES RECORD WAS SET OR TIED.
MM INDICATES DATA IS MISSING.
T  INDICATES TRACE AMOUNT.




$$





U.S. Dept. of Commerce
NOAA National Weather Service
1325 East West Highway
Silver Spring, MD 20910
E-mail: w-nws.webmaster@noaa.gov
Page last modified: May 16, 2007
NATIONAL WEATHER SERVICE: for Safety, for Work, for Fun - FOR LIFE