696
CDUS43 KSGF 230626
CLIVIH


CLIMATE REPORT
NATIONAL WEATHER SERVICE SPRINGFIELD MO
126 AM CDT WED APR 23 2014


...................................

...THE VICHY-ROLLA MO CLIMATE SUMMARY FOR APRIL 22 2014...

CLIMATE NORMAL PERIOD 1981 TO 2010
CLIMATE RECORD PERIOD 1888 TO 2014


WEATHER ITEM   OBSERVED TIME   RECORD YEAR NORMAL DEPARTURE LAST
                VALUE   (LST)  VALUE       VALUE  FROM      YEAR
                                                  NORMAL
..................................................................
TEMPERATURE (F)
 YESTERDAY
  MAXIMUM         68    323 PM  93    1965  69     -1       71
  MINIMUM         44   1144 PM  33    2000  46     -2       44
  AVERAGE         56                        57     -1       58

PRECIPITATION (IN)
  YESTERDAY        0.00          1.17 1944   0.14  -0.14     0.00
  MONTH TO DATE    2.19                      2.99  -0.80     4.08
  SINCE MAR 1      2.90                      6.44  -3.54     7.34
  SINCE JAN 1      4.36                     10.54  -6.18    12.05

DEGREE DAYS
 HEATING
  YESTERDAY        9                         9      0        7
  MONTH TO DATE  246                       255     -9      288
  SINCE MAR 1    997                       869    128     1107
  SINCE JUL 1   5303                      4659    644     4693

 COOLING
  YESTERDAY        0                         1     -1        0
  MONTH TO DATE    8                        16     -8        6
  SINCE MAR 1      8                        20    -12        6
  SINCE JAN 1      8                        20    -12        6
..................................................................


WIND (MPH)
  HIGHEST WIND SPEED    16   HIGHEST WIND DIRECTION     N (350)
  HIGHEST GUST SPEED    29   HIGHEST GUST DIRECTION    NW (320)
  AVERAGE WIND SPEED     8.4


SKY COVER
  AVERAGE SKY COVER 0.0


WEATHER CONDITIONS
 THE FOLLOWING WEATHER WAS RECORDED YESTERDAY.
  NO SIGNIFICANT WEATHER WAS OBSERVED.


RELATIVE HUMIDITY (PERCENT)
 HIGHEST    93           200 AM
 LOWEST     26           500 PM
 AVERAGE    60

..........................................................


THE VICHY-ROLLA MO CLIMATE NORMALS FOR TODAY
                         NORMAL    RECORD    YEAR
 MAXIMUM TEMPERATURE (F)   69        92      1965
 MINIMUM TEMPERATURE (F)   46        31      1903


SUNRISE AND SUNSET
APRIL 23 2014.........SUNRISE   621 AM CDT   SUNSET   751 PM CDT
APRIL 24 2014.........SUNRISE   619 AM CDT   SUNSET   752 PM CDT


-  INDICATES NEGATIVE NUMBERS.
R  INDICATES RECORD WAS SET OR TIED.
MM INDICATES DATA IS MISSING.
T  INDICATES TRACE AMOUNT.




$$





U.S. Dept. of Commerce
NOAA National Weather Service
1325 East West Highway
Silver Spring, MD 20910
E-mail: w-nws.webmaster@noaa.gov
Page last modified: May 16, 2007
NATIONAL WEATHER SERVICE: for Safety, for Work, for Fun - FOR LIFE