824
CDUS45 KGJT 300746
CLIVEL


CLIMATE REPORT
NATIONAL WEATHER SERVICE GRAND JUNCTION CO
130 AM MDT TUE SEP 30 2014


...................................

...THE VERNAL UT CLIMATE SUMMARY FOR SEPTEMBER 29 2014...

CLIMATE NORMAL PERIOD 1981 TO 2010
CLIMATE RECORD PERIOD 9999 TO 9999


WEATHER ITEM   OBSERVED TIME   RECORD YEAR NORMAL DEPARTURE LAST
                VALUE   (LST)  VALUE       VALUE  FROM      YEAR
                                                  NORMAL
..................................................................
TEMPERATURE (F)
 YESTERDAY
  MAXIMUM         59    313 PM  MM      MM  69    -10       69
  MINIMUM         42    451 AM  MM      MM  41      1       34
  AVERAGE         51                        55     -4       52

PRECIPITATION (IN)
  YESTERDAY        0.05         MM      MM   0.04   0.01     0.00
  MONTH TO DATE    2.66                      1.04   1.62     2.08
  SINCE SEP 1      2.66                      1.04   1.62     2.08
  SINCE JAN 1      9.40                      6.65   2.75     6.91

SNOWFALL (IN)
  YESTERDAY       MM            MM      MM   MM    MM       MM
  MONTH TO DATE   MM                         MM    MM       MM
  SINCE SEP 1     MM                         MM    MM       MM
  SINCE JUL 1     MM                         MM    MM       MM
  SNOW DEPTH      MM

DEGREE DAYS
 HEATING
  YESTERDAY       14                        10      4       13
  MONTH TO DATE   83                       156    -73      132
  SINCE SEP 1     83                       156    -73      132
  SINCE JUL 1    105                       172    -67      134

 COOLING
  YESTERDAY        0                         0      0        0
  MONTH TO DATE   34                        20     14       70
  SINCE SEP 1     34                        20     14       70
  SINCE JAN 1    621                       509    112      787
..................................................................


WIND (MPH)
  HIGHEST WIND SPEED    14   HIGHEST WIND DIRECTION    SW (220)
  HIGHEST GUST SPEED    19   HIGHEST GUST DIRECTION    SW (210)
  AVERAGE WIND SPEED     4.0


SKY COVER
  POSSIBLE SUNSHINE  MM
  AVERAGE SKY COVER 0.5


WEATHER CONDITIONS
 THE FOLLOWING WEATHER WAS RECORDED YESTERDAY.
  LIGHT RAIN
  FOG


RELATIVE HUMIDITY (PERCENT)
 HIGHEST    96           400 AM
 LOWEST     51           500 PM
 AVERAGE    74

..........................................................


THE VERNAL UT CLIMATE NORMALS FOR TODAY
                         NORMAL    RECORD    YEAR
 MAXIMUM TEMPERATURE (F)   68        MM        MM
 MINIMUM TEMPERATURE (F)   41        MM        MM


SUNRISE AND SUNSET
SEPTEMBER 30 2014.....SUNRISE   714 AM MDT   SUNSET   702 PM MDT
OCTOBER  1 2014.......SUNRISE   715 AM MDT   SUNSET   700 PM MDT


-  INDICATES NEGATIVE NUMBERS.
R  INDICATES RECORD WAS SET OR TIED.
MM INDICATES DATA IS MISSING.
T  INDICATES TRACE AMOUNT.




$$






U.S. Dept. of Commerce
NOAA National Weather Service
1325 East West Highway
Silver Spring, MD 20910
E-mail: w-nws.webmaster@noaa.gov
Page last modified: May 16, 2007
NATIONAL WEATHER SERVICE: for Safety, for Work, for Fun - FOR LIFE