274
CDUS44 KCRP 200654
CLIVCT

CLIMATE REPORT
NATIONAL WEATHER SERVICE CORPUS CHRISTI TX
152 AM CDT SUN APR 20 2014


...................................

...THE VICTORIA CLIMATE SUMMARY FOR APRIL 19 2014...

CLIMATE NORMAL PERIOD 1981 TO 2010
CLIMATE RECORD PERIOD 1893 TO 2014


WEATHER ITEM   OBSERVED TIME   RECORD YEAR NORMAL DEPARTURE LAST
                VALUE   (LST)  VALUE       VALUE  FROM      YEAR
                                                  NORMAL
..................................................................
TEMPERATURE (F)
 YESTERDAY
  MAXIMUM         82    248 PM  93    2011  81      1       71
  MINIMUM         51    226 AM  44    1953  60     -9       48
                                      1940
  AVERAGE         67                        71     -4       60

PRECIPITATION (IN)
  YESTERDAY        0.00          1.65 1949   0.09  -0.09     0.00
  MONTH TO DATE    0.38                      1.70  -1.32     0.41
  SINCE MAR 1      2.00                      4.47  -2.47     0.73
  SINCE JAN 1      3.66                      9.07  -5.41     4.82

SNOWFALL (IN)
  YESTERDAY        0.0
  MONTH TO DATE    0.0
  SINCE MAR 1      0.0
  SINCE JUL 1      T
  SNOW DEPTH       0

DEGREE DAYS
 HEATING
  YESTERDAY        0                         1     -1        5
  MONTH TO DATE   32                        26      6       33
  SINCE MAR 1    237                       151     86      183
  SINCE JUL 1   1490                      1244    246      998

 COOLING
  YESTERDAY        2                         6     -4        0
  MONTH TO DATE   81                        94    -13       94
  SINCE MAR 1    133                       168    -35      167
  SINCE JAN 1    191                       206    -15      226
..................................................................


WIND (MPH)
  HIGHEST WIND SPEED    21   HIGHEST WIND DIRECTION    SE (150)
  HIGHEST GUST SPEED    31   HIGHEST GUST DIRECTION    SE (140)
  AVERAGE WIND SPEED     8.4


SKY COVER
  POSSIBLE SUNSHINE  MM
  AVERAGE SKY COVER 0.5


WEATHER CONDITIONS
 THE FOLLOWING WEATHER WAS RECORDED YESTERDAY.
  FOG
  FOG W/VISIBILITY <= 1/4 MILE


RELATIVE HUMIDITY (PERCENT)
 HIGHEST   100           100 AM
 LOWEST     45          1200 PM
 AVERAGE    73

..........................................................


THE VICTORIA CLIMATE NORMALS FOR TODAY
                         NORMAL    RECORD    YEAR
 MAXIMUM TEMPERATURE (F)   81        93      1903
 MINIMUM TEMPERATURE (F)   61        37      2013


SUNRISE AND SUNSET
APRIL 20 2014.........SUNRISE   657 AM CDT   SUNSET   757 PM CDT
APRIL 21 2014.........SUNRISE   656 AM CDT   SUNSET   757 PM CDT


-  INDICATES NEGATIVE NUMBERS.
R  INDICATES RECORD WAS SET OR TIED.
MM INDICATES DATA IS MISSING.
T  INDICATES TRACE AMOUNT.




$$








U.S. Dept. of Commerce
NOAA National Weather Service
1325 East West Highway
Silver Spring, MD 20910
E-mail: w-nws.webmaster@noaa.gov
Page last modified: May 16, 2007
NATIONAL WEATHER SERVICE: for Safety, for Work, for Fun - FOR LIFE