542
CDUS44 KCRP 260708
CLIVCT

CLIMATE REPORT
NATIONAL WEATHER SERVICE CORPUS CHRISTI TX
205 AM CDT SUN OCT 26 2014


...................................

...THE VICTORIA CLIMATE SUMMARY FOR OCTOBER 25 2014...

CLIMATE NORMAL PERIOD 1981 TO 2010
CLIMATE RECORD PERIOD 1893 TO 2014


WEATHER ITEM   OBSERVED TIME   RECORD YEAR NORMAL DEPARTURE LAST
                VALUE   (LST)  VALUE       VALUE  FROM      YEAR
                                                  NORMAL
..................................................................
TEMPERATURE (F)
 YESTERDAY
  MAXIMUM         90    301 PM  95    1926  81      9       85
  MINIMUM         57    434 AM  37    2005  59     -2       57
  AVERAGE         74                        70      4       71

PRECIPITATION (IN)
  YESTERDAY        0.00          1.98 1975   0.15  -0.15     0.00
  MONTH TO DATE    1.84                      3.85  -2.01     3.03
  SINCE SEP 1      4.56                      8.01  -3.45     7.98
  SINCE JAN 1     23.45                     34.88 -11.43    22.90

SNOWFALL (IN)
  YESTERDAY        0.0
  MONTH TO DATE    0.0
  SINCE SEP 1      0.0
  SINCE JUL 1      0.0
  SNOW DEPTH       0

DEGREE DAYS
 HEATING
  YESTERDAY        0                         1     -1        0
  MONTH TO DATE    0                        10    -10        4
  SINCE SEP 1      0                        11    -11        4
  SINCE JUL 1      0                        11    -11        4

 COOLING
  YESTERDAY        9                         6      3        6
  MONTH TO DATE  291                       211     80      221
  SINCE SEP 1    829                       656    173      757
  SINCE JAN 1   3395                      3009    386     3251
..................................................................


WIND (MPH)
  HIGHEST WIND SPEED    14   HIGHEST WIND DIRECTION     S (160)
  HIGHEST GUST SPEED    17   HIGHEST GUST DIRECTION     S (160)
  AVERAGE WIND SPEED     4.5


SKY COVER
  POSSIBLE SUNSHINE  MM
  AVERAGE SKY COVER 0.0


WEATHER CONDITIONS
 THE FOLLOWING WEATHER WAS RECORDED YESTERDAY.
  FOG
  HAZE


RELATIVE HUMIDITY (PERCENT)
 HIGHEST    93           300 AM
 LOWEST     36           300 PM
 AVERAGE    65

..........................................................


THE VICTORIA CLIMATE NORMALS FOR TODAY
                         NORMAL    RECORD    YEAR
 MAXIMUM TEMPERATURE (F)   81        93      1910
 MINIMUM TEMPERATURE (F)   58        39      1945


SUNRISE AND SUNSET
OCTOBER 26 2014.......SUNRISE   736 AM CDT   SUNSET   647 PM CDT
OCTOBER 27 2014.......SUNRISE   736 AM CDT   SUNSET   646 PM CDT


-  INDICATES NEGATIVE NUMBERS.
R  INDICATES RECORD WAS SET OR TIED.
MM INDICATES DATA IS MISSING.
T  INDICATES TRACE AMOUNT.




$$








U.S. Dept. of Commerce
NOAA National Weather Service
1325 East West Highway
Silver Spring, MD 20910
E-mail: w-nws.webmaster@noaa.gov
Page last modified: May 16, 2007
NATIONAL WEATHER SERVICE: for Safety, for Work, for Fun - FOR LIFE