896
CDUS44 KCRP 240827
CLIVCT

CLIMATE REPORT
NATIONAL WEATHER SERVICE CORPUS CHRISTI TX
326 AM CDT THU APR 24 2014


...................................

...THE VICTORIA CLIMATE SUMMARY FOR APRIL 23 2014...

CLIMATE NORMAL PERIOD 1981 TO 2010
CLIMATE RECORD PERIOD 1893 TO 2014


WEATHER ITEM   OBSERVED TIME   RECORD YEAR NORMAL DEPARTURE LAST
                VALUE   (LST)  VALUE       VALUE  FROM      YEAR
                                                  NORMAL
..................................................................
TEMPERATURE (F)
 YESTERDAY
  MAXIMUM         87    333 PM  93    1958  82      5       80
                                      1955
  MINIMUM         64    254 AM  46    1927  61      3       56
  AVERAGE         76                        72      4       68

PRECIPITATION (IN)
  YESTERDAY        0.00          1.65 1962   0.09  -0.09     0.04
  MONTH TO DATE    0.38                      2.06  -1.68     0.45
  SINCE MAR 1      2.00                      4.83  -2.83     0.77
  SINCE JAN 1      3.66                      9.43  -5.77     4.86

SNOWFALL (IN)
  YESTERDAY        0.0
  MONTH TO DATE    0.0
  SINCE MAR 1      0.0
  SINCE JUL 1      T
  SNOW DEPTH       0

DEGREE DAYS
 HEATING
  YESTERDAY        0                         0      0        0
  MONTH TO DATE   32                        29      3       43
  SINCE MAR 1    237                       154     83      193
  SINCE JUL 1   1490                      1247    243     1008

 COOLING
  YESTERDAY       11                         7      4        3
  MONTH TO DATE  115                       122     -7      104
  SINCE MAR 1    167                       196    -29      177
  SINCE JAN 1    225                       234     -9      236
..................................................................


WIND (MPH)
  HIGHEST WIND SPEED    22   HIGHEST WIND DIRECTION    SE (150)
  HIGHEST GUST SPEED    29   HIGHEST GUST DIRECTION    SE (130)
  AVERAGE WIND SPEED    10.5


SKY COVER
  POSSIBLE SUNSHINE  MM
  AVERAGE SKY COVER 0.6


WEATHER CONDITIONS
 THE FOLLOWING WEATHER WAS RECORDED YESTERDAY.
  FOG
  FOG W/VISIBILITY <= 1/4 MILE


RELATIVE HUMIDITY (PERCENT)
 HIGHEST   100           200 AM
 LOWEST     48           300 PM
 AVERAGE    74

..........................................................


THE VICTORIA CLIMATE NORMALS FOR TODAY
                         NORMAL    RECORD    YEAR
 MAXIMUM TEMPERATURE (F)   82        92      1955
 MINIMUM TEMPERATURE (F)   62        44      1995


SUNRISE AND SUNSET
APRIL 24 2014.........SUNRISE   653 AM CDT   SUNSET   759 PM CDT
APRIL 25 2014.........SUNRISE   652 AM CDT   SUNSET   800 PM CDT


-  INDICATES NEGATIVE NUMBERS.
R  INDICATES RECORD WAS SET OR TIED.
MM INDICATES DATA IS MISSING.
T  INDICATES TRACE AMOUNT.

$$






U.S. Dept. of Commerce
NOAA National Weather Service
1325 East West Highway
Silver Spring, MD 20910
E-mail: w-nws.webmaster@noaa.gov
Page last modified: May 16, 2007
NATIONAL WEATHER SERVICE: for Safety, for Work, for Fun - FOR LIFE