278
CDUS44 KCRP 260704
CLIVCT

CLIMATE REPORT
NATIONAL WEATHER SERVICE CORPUS CHRISTI TX
100 AM CST WED NOV 26 2014


...................................

...THE VICTORIA CLIMATE SUMMARY FOR NOVEMBER 25 2014...

CLIMATE NORMAL PERIOD 1981 TO 2010
CLIMATE RECORD PERIOD 1893 TO 2014


WEATHER ITEM   OBSERVED TIME   RECORD YEAR NORMAL DEPARTURE LAST
                VALUE   (LST)  VALUE       VALUE  FROM      YEAR
                                                  NORMAL
..................................................................
TEMPERATURE (F)
 YESTERDAY
  MAXIMUM         70    311 PM  88    1926  71     -1       44
  MINIMUM         42    152 AM  29    1950  49     -7       40
  AVERAGE         56                        60     -4       42

PRECIPITATION (IN)
  YESTERDAY        0.00          3.68 1987   0.11  -0.11     0.93
  MONTH TO DATE    4.53                      2.75   1.78     1.71
  SINCE SEP 1      9.09                     11.55  -2.46    10.11
  SINCE JAN 1     27.98                     38.42 -10.44    25.03

SNOWFALL (IN)
  YESTERDAY        0.0
  MONTH TO DATE    0.0
  SINCE SEP 1      0.0
  SINCE JUL 1      0.0
  SNOW DEPTH       0

DEGREE DAYS
 HEATING
  YESTERDAY        9                         7      2       23
  MONTH TO DATE  174                       102     72      119
  SINCE SEP 1    174                       125     49      123
  SINCE JUL 1    174                       125     49      123

 COOLING
  YESTERDAY        0                         2     -2        0
  MONTH TO DATE   39                        74    -35       80
  SINCE SEP 1    919                       764    155      908
  SINCE JAN 1   3485                      3117    368     3402
..................................................................


WIND (MPH)
  HIGHEST WIND SPEED    13   HIGHEST WIND DIRECTION     W (280)
  HIGHEST GUST SPEED    17   HIGHEST GUST DIRECTION    NE (40)
  AVERAGE WIND SPEED     6.4


SKY COVER
  POSSIBLE SUNSHINE  MM
  AVERAGE SKY COVER 0.1


WEATHER CONDITIONS
 THE FOLLOWING WEATHER WAS RECORDED YESTERDAY.
  NO SIGNIFICANT WEATHER WAS OBSERVED.


RELATIVE HUMIDITY (PERCENT)
 HIGHEST    82           200 AM
 LOWEST     18           300 PM
 AVERAGE    50

..........................................................


THE VICTORIA CLIMATE NORMALS FOR TODAY
                         NORMAL    RECORD    YEAR
 MAXIMUM TEMPERATURE (F)   71        88      1988
                                             1965
 MINIMUM TEMPERATURE (F)   48        33      1996
                                             1993
                                             1992


SUNRISE AND SUNSET
NOVEMBER 26 2014......SUNRISE   700 AM CST   SUNSET   530 PM CST
NOVEMBER 27 2014......SUNRISE   700 AM CST   SUNSET   530 PM CST


-  INDICATES NEGATIVE NUMBERS.
R  INDICATES RECORD WAS SET OR TIED.
MM INDICATES DATA IS MISSING.
T  INDICATES TRACE AMOUNT.




$$








U.S. Dept. of Commerce
NOAA National Weather Service
1325 East West Highway
Silver Spring, MD 20910
E-mail: w-nws.webmaster@noaa.gov
Page last modified: May 16, 2007
NATIONAL WEATHER SERVICE: for Safety, for Work, for Fun - FOR LIFE