105
CDUS43 KUNR 260838
CLIUNR


CLIMATE REPORT
NATIONAL WEATHER SERVICE RAPID CITY SD
138 AM MST MON JAN 26 2015


...................................

...THE EAST RAPID CITY SD CLIMATE SUMMARY FOR JANUARY 25 2015...

CLIMATE NORMAL PERIOD 1981 TO 2010
CLIMATE RECORD PERIOD 1888 TO 2015


WEATHER ITEM   OBSERVED RECORD YEAR NORMAL DEPARTURE LAST
                VALUE   VALUE       VALUE  FROM      YEAR
                                           NORMAL
...........................................................
TEMPERATURE (F)
 YESTERDAY
  MAXIMUM         58     64    2006  37     21       58
  MINIMUM         35    -22    1957  16     19       38
  AVERAGE         47                 27     20       48

PRECIPITATION (IN)
  YESTERDAY        0.00   0.59 1918   0.01  -0.01      T
  MONTH TO DATE    0.11               0.22  -0.11     0.17
  SINCE DEC 1      0.49               0.54  -0.05     0.71
  SINCE JAN 1      0.11               0.22  -0.11     0.17

SNOWFALL (IN)
  YESTERDAY        0.0    4.1  1918   0.2   -0.2      0.0
  MONTH TO DATE    2.1                4.1   -2.0      3.3
  SINCE DEC 1      9.6                9.3    0.3     12.5
  SINCE JUL 1     24.9               17.9    7.0     42.3
  SNOW DEPTH       0

DEGREE DAYS
 HEATING
  YESTERDAY       18                 38    -20       17
  MONTH TO DATE  896                950    -54      872
  SINCE DEC 1   1960               2117   -157     2219
  SINCE JUL 1   3574               3697   -123     3808

 COOLING
  YESTERDAY        0                  0      0        0
  MONTH TO DATE    0                  0      0        0
  SINCE DEC 1      0                  0      0        0
  SINCE JAN 1      0                  0      0        0
...........................................................


WIND (MPH)
  HIGHEST GUST SPEED    38   HIGHEST GUST DIRECTION    NW (320)



WEATHER CONDITIONS
 THE FOLLOWING WEATHER WAS RECORDED YESTERDAY.
  NO SIGNIFICANT WEATHER WAS OBSERVED.


..........................................................


THE EAST RAPID CITY SD CLIMATE NORMALS FOR TODAY
                         NORMAL    RECORD    YEAR
 MAXIMUM TEMPERATURE (F)   37        64      1931
 MINIMUM TEMPERATURE (F)   16       -22      1918


SUNRISE AND SUNSET
JANUARY 26 2015.......SUNRISE   717 AM MST   SUNSET   455 PM MST
JANUARY 27 2015.......SUNRISE   716 AM MST   SUNSET   456 PM MST


-  INDICATES NEGATIVE NUMBERS.
R  INDICATES RECORD WAS SET OR TIED.
MM INDICATES DATA IS MISSING.
T  INDICATES TRACE AMOUNT.




$$





U.S. Dept. of Commerce
NOAA National Weather Service
1325 East West Highway
Silver Spring, MD 20910
E-mail: w-nws.webmaster@noaa.gov
Page last modified: May 16, 2007
NATIONAL WEATHER SERVICE: for Safety, for Work, for Fun - FOR LIFE