845
CDUS43 KUNR 310831
CLIUNR


CLIMATE REPORT
NATIONAL WEATHER SERVICE RAPID CITY SD
230 AM MDT FRI OCT 31 2014


...................................

...THE EAST RAPID CITY SD CLIMATE SUMMARY FOR OCTOBER 30 2014...

CLIMATE NORMAL PERIOD 1981 TO 2010
CLIMATE RECORD PERIOD 1888 TO 2014


WEATHER ITEM   OBSERVED RECORD YEAR NORMAL DEPARTURE LAST
                VALUE   VALUE       VALUE  FROM      YEAR
                                           NORMAL
...........................................................
TEMPERATURE (F)
 YESTERDAY
  MAXIMUM         53     84    1950  54     -1       39
  MINIMUM         30     10    2002  33     -3       28
  AVERAGE         42                 44     -2       34

PRECIPITATION (IN)
  YESTERDAY        0.00   0.97 1948   0.05  -0.05     0.01
  MONTH TO DATE    0.47               1.61  -1.14     5.43
  SINCE SEP 1      5.29               3.15   2.14     6.38
  SINCE JAN 1     22.69              18.83   3.86    22.13

SNOWFALL (IN)
  YESTERDAY        0.0    4.0  1922   0.2   -0.2      0.0
  MONTH TO DATE    T                  2.2   -2.2     25.5
  SINCE SEP 1      1.6                2.3   -0.7     25.5
  SINCE JUL 1      1.6                2.3   -0.7     25.5
  SNOW DEPTH       0

DEGREE DAYS
 HEATING
  YESTERDAY       23                 21      2       31
  MONTH TO DATE  344                498   -154      615
  SINCE SEP 1    529                677   -148      704
  SINCE JUL 1    553                707   -154      710

 COOLING
  YESTERDAY        0                  0      0        0
  MONTH TO DATE    0                  0      0        0
  SINCE SEP 1     78                 66     12      145
  SINCE JAN 1    514                661   -147      830
...........................................................


WIND (MPH)
  HIGHEST GUST SPEED    29   HIGHEST GUST DIRECTION     N (10)



WEATHER CONDITIONS
 THE FOLLOWING WEATHER WAS RECORDED YESTERDAY.
  NO SIGNIFICANT WEATHER WAS OBSERVED.


..........................................................


THE EAST RAPID CITY SD CLIMATE NORMALS FOR TODAY
                         NORMAL    RECORD    YEAR
 MAXIMUM TEMPERATURE (F)   54        80      1937
 MINIMUM TEMPERATURE (F)   33         6      1935


SUNRISE AND SUNSET
OCTOBER 31 2014.......SUNRISE   728 AM MDT   SUNSET   544 PM MDT
NOVEMBER  1 2014......SUNRISE   729 AM MDT   SUNSET   543 PM MDT


-  INDICATES NEGATIVE NUMBERS.
R  INDICATES RECORD WAS SET OR TIED.
MM INDICATES DATA IS MISSING.
T  INDICATES TRACE AMOUNT.




$$





U.S. Dept. of Commerce
NOAA National Weather Service
1325 East West Highway
Silver Spring, MD 20910
E-mail: w-nws.webmaster@noaa.gov
Page last modified: May 16, 2007
NATIONAL WEATHER SERVICE: for Safety, for Work, for Fun - FOR LIFE