238
CDUS43 KUNR 260832
CLIUNR


CLIMATE REPORT
NATIONAL WEATHER SERVICE RAPID CITY SD
132 AM MST WED NOV 26 2014


...................................

...THE EAST RAPID CITY SD CLIMATE SUMMARY FOR NOVEMBER 25 2014...

CLIMATE NORMAL PERIOD 1981 TO 2010
CLIMATE RECORD PERIOD 1888 TO 2014


WEATHER ITEM   OBSERVED RECORD YEAR NORMAL DEPARTURE LAST
                VALUE   VALUE       VALUE  FROM      YEAR
                                           NORMAL
...........................................................
TEMPERATURE (F)
 YESTERDAY
  MAXIMUM         39     75    1960  41     -2       41
  MINIMUM         26     -4    2010  24      2       32
  AVERAGE         33                 32      1       37

PRECIPITATION (IN)
  YESTERDAY        T      0.25 1942   0.00   0.00     0.00
  MONTH TO DATE    0.62               0.55   0.07     0.32
  SINCE SEP 1      5.91               3.74   2.17     6.71
  SINCE JAN 1     23.31              19.42   3.89    22.46

SNOWFALL (IN)
  YESTERDAY        0.0    2.5  1942   0.2   -0.2      0.0
  MONTH TO DATE   12.7                5.3    7.4      4.3
  SINCE SEP 1     14.3                7.7    6.6     29.8
  SINCE JUL 1     14.3                7.7    6.6     29.8
  SNOW DEPTH       2

DEGREE DAYS
 HEATING
  YESTERDAY       32                 33     -1       28
  MONTH TO DATE  866                682    184      701
  SINCE SEP 1   1420               1381     39     1426
  SINCE JUL 1   1444               1411     33     1432

 COOLING
  YESTERDAY        0                  0      0        0
  MONTH TO DATE    0                  0      0        0
  SINCE SEP 1     78                 70      8      145
  SINCE JAN 1    514                665   -151      830
...........................................................


WIND (MPH)
  HIGHEST GUST SPEED    51   HIGHEST GUST DIRECTION    NW (320)



WEATHER CONDITIONS
 THE FOLLOWING WEATHER WAS RECORDED YESTERDAY.
  LIGHT RAIN


..........................................................


THE EAST RAPID CITY SD CLIMATE NORMALS FOR TODAY
                         NORMAL    RECORD    YEAR
 MAXIMUM TEMPERATURE (F)   40        70      1998
 MINIMUM TEMPERATURE (F)   23        -2      1919


SUNRISE AND SUNSET
NOVEMBER 26 2014......SUNRISE   702 AM MST   SUNSET   418 PM MST
NOVEMBER 27 2014......SUNRISE   703 AM MST   SUNSET   418 PM MST


-  INDICATES NEGATIVE NUMBERS.
R  INDICATES RECORD WAS SET OR TIED.
MM INDICATES DATA IS MISSING.
T  INDICATES TRACE AMOUNT.




$$





U.S. Dept. of Commerce
NOAA National Weather Service
1325 East West Highway
Silver Spring, MD 20910
E-mail: w-nws.webmaster@noaa.gov
Page last modified: May 16, 2007
NATIONAL WEATHER SERVICE: for Safety, for Work, for Fun - FOR LIFE