060
CDUS43 KSGF 280627
CLIUNO


CLIMATE REPORT
NATIONAL WEATHER SERVICE SPRINGFIELD MO
126 AM CDT MON JUL 28 2014


...................................

...THE WEST PLAINS MO CLIMATE SUMMARY FOR JULY 27 2014...

CLIMATE NORMAL PERIOD 1981 TO 2010
CLIMATE RECORD PERIOD 1947 TO 2014


WEATHER ITEM   OBSERVED TIME   RECORD YEAR NORMAL DEPARTURE LAST
                VALUE   (LST)  VALUE       VALUE  FROM      YEAR
                                                  NORMAL
..................................................................
TEMPERATURE (F)
 YESTERDAY
  MAXIMUM         93    149 PM 101    1952  90      3       79
  MINIMUM         72   1159 PM  47    1962  66      6       58
  AVERAGE         83                        78      5       69

PRECIPITATION (IN)
  YESTERDAY        0.00          2.92 1979   0.09  -0.09     0.00
  MONTH TO DATE    1.62                      3.17  -1.55     4.05
  SINCE JUN 1      6.85                      7.19  -0.34     7.72
  SINCE JAN 1     18.83                     26.46  -7.63    29.54

DEGREE DAYS
 HEATING
  YESTERDAY        0                         0      0        0
  MONTH TO DATE    2                         0      2        0
  SINCE JUN 1      4                         5     -1        9
  SINCE JUL 1      2                         0      2        0

 COOLING
  YESTERDAY       18                        13      5        4
  MONTH TO DATE  217                       347   -130      244
  SINCE JUN 1    482                       613   -131      392
  SINCE JAN 1    632                       735   -103      504
..................................................................


WIND (MPH)
  HIGHEST WIND SPEED    15   HIGHEST WIND DIRECTION    NW (300)
  HIGHEST GUST SPEED    20   HIGHEST GUST DIRECTION    NW (300)
  AVERAGE WIND SPEED     7.9


SKY COVER
  AVERAGE SKY COVER 0.1


WEATHER CONDITIONS
 THE FOLLOWING WEATHER WAS RECORDED YESTERDAY.
  NO SIGNIFICANT WEATHER WAS OBSERVED.


RELATIVE HUMIDITY (PERCENT)
 HIGHEST    88           100 AM
 LOWEST     41           300 PM
 AVERAGE    65

..........................................................


THE WEST PLAINS MO CLIMATE NORMALS FOR TODAY
                         NORMAL    RECORD    YEAR
 MAXIMUM TEMPERATURE (F)   91       103      1986
 MINIMUM TEMPERATURE (F)   66        53      2004


SUNRISE AND SUNSET
JULY 28 2014..........SUNRISE   610 AM CDT   SUNSET   818 PM CDT
JULY 29 2014..........SUNRISE   611 AM CDT   SUNSET   817 PM CDT


-  INDICATES NEGATIVE NUMBERS.
R  INDICATES RECORD WAS SET OR TIED.
MM INDICATES DATA IS MISSING.
T  INDICATES TRACE AMOUNT.




$$





U.S. Dept. of Commerce
NOAA National Weather Service
1325 East West Highway
Silver Spring, MD 20910
E-mail: w-nws.webmaster@noaa.gov
Page last modified: May 16, 2007
NATIONAL WEATHER SERVICE: for Safety, for Work, for Fun - FOR LIFE