900
CDUS43 KSGF 210634
CLIUNO


CLIMATE REPORT
NATIONAL WEATHER SERVICE SPRINGFIELD MO
133 AM CDT TUE OCT 21 2014


...................................

...THE WEST PLAINS MO CLIMATE SUMMARY FOR OCTOBER 20 2014...

CLIMATE NORMAL PERIOD 1981 TO 2010
CLIMATE RECORD PERIOD 1947 TO 2014


WEATHER ITEM   OBSERVED TIME   RECORD YEAR NORMAL DEPARTURE LAST
                VALUE   (LST)  VALUE       VALUE  FROM      YEAR
                                                  NORMAL
..................................................................
TEMPERATURE (F)
 YESTERDAY
  MAXIMUM         75    329 PM  85    1963  68      7       66
  MINIMUM         50   1142 PM  23    1972  44      6       40
  AVERAGE         63                        56      7       53

PRECIPITATION (IN)
  YESTERDAY        T             2.20 1984   0.14  -0.14     0.00
  MONTH TO DATE    7.08                      2.48   4.60     1.80
  SINCE SEP 1      9.28                      6.57   2.71     3.45
  SINCE JAN 1     30.90                     36.64  -5.74    45.68

DEGREE DAYS
 HEATING
  YESTERDAY        2                         9     -7       12
  MONTH TO DATE  122                       140    -18      119
  SINCE SEP 1    166                       181    -15      135
  SINCE JUL 1    168                       182    -14      139

 COOLING
  YESTERDAY        0                         0      0        0
  MONTH TO DATE   24                        20      4       34
  SINCE SEP 1    164                       176    -12      230
  SINCE JAN 1   1219                      1348   -129     1072
..................................................................


WIND (MPH)
  HIGHEST WIND SPEED    13   HIGHEST WIND DIRECTION    NW (310)
  HIGHEST GUST SPEED    20   HIGHEST GUST DIRECTION    NW (300)
  AVERAGE WIND SPEED     5.3


SKY COVER
  AVERAGE SKY COVER 0.5


WEATHER CONDITIONS
 THE FOLLOWING WEATHER WAS RECORDED YESTERDAY.
  LIGHT RAIN
  FOG
  HAZE


RELATIVE HUMIDITY (PERCENT)
 HIGHEST    93           800 PM
 LOWEST     53           300 PM
 AVERAGE    73

..........................................................


THE WEST PLAINS MO CLIMATE NORMALS FOR TODAY
                         NORMAL    RECORD    YEAR
 MAXIMUM TEMPERATURE (F)   68        87      1978
 MINIMUM TEMPERATURE (F)   44        22      1952


SUNRISE AND SUNSET
OCTOBER 21 2014.......SUNRISE   721 AM CDT   SUNSET   623 PM CDT
OCTOBER 22 2014.......SUNRISE   722 AM CDT   SUNSET   622 PM CDT


-  INDICATES NEGATIVE NUMBERS.
R  INDICATES RECORD WAS SET OR TIED.
MM INDICATES DATA IS MISSING.
T  INDICATES TRACE AMOUNT.




$$






U.S. Dept. of Commerce
NOAA National Weather Service
1325 East West Highway
Silver Spring, MD 20910
E-mail: w-nws.webmaster@noaa.gov
Page last modified: May 16, 2007
NATIONAL WEATHER SERVICE: for Safety, for Work, for Fun - FOR LIFE