493
CDUS46 KEKA 261211
CLIUKI


CLIMATE REPORT
NATIONAL WEATHER SERVICE EUREKA CA
411 AM PST WED NOV 26 2014


...................................

...THE UKIAH CA CLIMATE SUMMARY FOR NOVEMBER 25 2014...

CLIMATE NORMAL PERIOD 1981 TO 2010
CLIMATE RECORD PERIOD 1903 TO 2014


WEATHER ITEM   OBSERVED TIME   RECORD YEAR NORMAL DEPARTURE LAST
                VALUE   (LST)  VALUE       VALUE  FROM      YEAR
                                                  NORMAL
..................................................................
TEMPERATURE (F)
 YESTERDAY
  MAXIMUM         68    247 PM  78    1932  59      9       64
  MINIMUM         37    627 AM  25    1993  37      0       29
  AVERAGE         53                        48      5       47

PRECIPITATION (IN)
  YESTERDAY        0.00          3.22 1961   0.16  -0.16     0.00
  MONTH TO DATE    3.07                      3.41  -0.34     0.85
  SINCE JUL 1      5.36                      6.16  -0.80     1.43
  SINCE JAN 1     21.99                     29.54  -7.55     7.01

SNOWFALL (IN)
  YESTERDAY        0.0          MM      MM  MM     MM        0.0
  MONTH TO DATE    0.0                      MM     MM        0.0
  SINCE SEP 1      0.0                      MM     MM        0.0
  SINCE JUL 1      0.0                      MM     MM        0.0
  SNOW DEPTH       0

DEGREE DAYS
 HEATING
  YESTERDAY       12                        17     -5       18
  MONTH TO DATE  243                       335    -92      261
  SINCE SEP 1    337                       532   -195      456
  SINCE JUL 1    337                       535   -198      456

 COOLING
  YESTERDAY        0                         0      0        0
  MONTH TO DATE    0                         0      0        0
  SINCE SEP 1    290                       152    138      127
  SINCE JAN 1   1290                       835    455      974
..................................................................


WIND (MPH)
  HIGHEST WIND SPEED     6   HIGHEST WIND DIRECTION     W (260)
  HIGHEST GUST SPEED     8   HIGHEST GUST DIRECTION     N (360)
  AVERAGE WIND SPEED     0.5


SKY COVER
  AVERAGE SKY COVER 0.0


WEATHER CONDITIONS
 THE FOLLOWING WEATHER WAS RECORDED YESTERDAY.
  FOG


RELATIVE HUMIDITY (PERCENT)
 HIGHEST    92
 LOWEST     37
 AVERAGE    65

..........................................................


THE UKIAH CA CLIMATE NORMALS FOR TODAY
                         NORMAL    RECORD    YEAR
 MAXIMUM TEMPERATURE (F)   58        84      1959
 MINIMUM TEMPERATURE (F)   37        24      1919


SUNRISE AND SUNSET
NOVEMBER 26 2014......SUNRISE   708 AM PST   SUNSET   452 PM PST
NOVEMBER 27 2014......SUNRISE   709 AM PST   SUNSET   452 PM PST


-  INDICATES NEGATIVE NUMBERS.
R  INDICATES RECORD WAS SET OR TIED.
MM INDICATES DATA IS MISSING.
T  INDICATES TRACE AMOUNT.




$$





U.S. Dept. of Commerce
NOAA National Weather Service
1325 East West Highway
Silver Spring, MD 20910
E-mail: w-nws.webmaster@noaa.gov
Page last modified: May 16, 2007
NATIONAL WEATHER SERVICE: for Safety, for Work, for Fun - FOR LIFE