991
CDUS46 KEKA 230013
CLIUKI


CLIMATE REPORT
NATIONAL WEATHER SERVICE EUREKA CA
513 PM PDT FRI AUG 22 2014


...................................

...THE UKIAH CA CLIMATE SUMMARY FOR AUGUST 22 2014...
VALID TODAY AS OF 0500 PM LOCAL TIME.

CLIMATE NORMAL PERIOD 1981 TO 2010
CLIMATE RECORD PERIOD 1903 TO 2014


WEATHER ITEM   OBSERVED RECORD YEAR NORMAL DEPARTURE LAST
                VALUE   VALUE       VALUE  FROM      YEAR
                                           NORMAL
...........................................................
TEMPERATURE (F)
 TODAY
  MAXIMUM         90    111    1911  91     -1       90
  MINIMUM         56     42    1906  53      3       55
  AVERAGE         73                 72      1       73

PRECIPITATION (IN)
  TODAY            0.00   0.18 1976   0.01  -0.01     0.00
  MONTH TO DATE    0.01               0.03  -0.02     0.00
  SINCE JUL 1      0.01               0.07  -0.06     0.03
  SINCE JAN 1     16.64              23.45  -6.81     5.61

SNOWFALL (IN)
  TODAY            0.0   MM          MM     MM        0.0
  MONTH TO DATE    0.0               MM     MM        0.0
  SINCE JUN 1      0.0               MM     MM        0.0
  SINCE JUL 1      0.0               MM     MM        0.0
  SNOW DEPTH      MM

...........................................................


WIND (MPH)
  HIGHEST WIND SPEED    15   HIGHEST WIND DIRECTION     N (340)
  HIGHEST GUST SPEED    20   HIGHEST GUST DIRECTION    NW (330)
  AVERAGE WIND SPEED     3.5


SKY COVER
  AVERAGE SKY COVER 0.0


WEATHER CONDITIONS
 THE FOLLOWING WEATHER WAS RECORDED TODAY.
  NO SIGNIFICANT WEATHER WAS OBSERVED.


RELATIVE HUMIDITY (PERCENT)
 HIGHEST    77
 LOWEST     19
 AVERAGE    48

..........................................................


THE UKIAH CA CLIMATE NORMALS FOR TOMORROW
                         NORMAL    RECORD    YEAR
 MAXIMUM TEMPERATURE (F)   91       110      1910
 MINIMUM TEMPERATURE (F)   53        41      1917


SUNRISE AND SUNSET
AUGUST 22 2014........SUNRISE   632 AM PDT   SUNSET   758 PM PDT
AUGUST 23 2014........SUNRISE   633 AM PDT   SUNSET   757 PM PDT


-  INDICATES NEGATIVE NUMBERS.
R  INDICATES RECORD WAS SET OR TIED.
MM INDICATES DATA IS MISSING.
T  INDICATES TRACE AMOUNT.




$$





U.S. Dept. of Commerce
NOAA National Weather Service
1325 East West Highway
Silver Spring, MD 20910
E-mail: w-nws.webmaster@noaa.gov
Page last modified: May 16, 2007
NATIONAL WEATHER SERVICE: for Safety, for Work, for Fun - FOR LIFE