242
CDUS43 KLSX 312225
CLIUIN


CLIMATE REPORT
NATIONAL WEATHER SERVICE ST LOUIS MO
525 PM CDT THU JUL 31 2014


...................................

...THE QUINCY IL CLIMATE SUMMARY FOR JULY 31 2014...
VALID TODAY AS OF 0500 PM LOCAL TIME.

CLIMATE NORMAL PERIOD 1981 TO 2010
CLIMATE RECORD PERIOD 1901 TO 2014


WEATHER ITEM   OBSERVED TIME   RECORD YEAR NORMAL DEPARTURE LAST
                VALUE   (LST)  VALUE       VALUE  FROM      YEAR
                                                  NORMAL
..................................................................
TEMPERATURE (F)
 TODAY
  MAXIMUM         82    338 PM 103    1988  86     -4       77
  MINIMUM         58    539 AM  50    1971  66     -8       64
  AVERAGE         70                        76     -6       71

PRECIPITATION (IN)
  TODAY            0.00          3.60 1985   0.12  -0.12      T
  MONTH TO DATE    2.89                      4.04  -1.15     1.07
  SINCE JUN 1     11.04                      8.03   3.01     2.85
  SINCE JAN 1     19.45                     22.12  -2.67    28.09

DEGREE DAYS
 HEATING
  TODAY            0                         0      0
  MONTH TO DATE    5                         0      5
  SINCE JUN 1      9                        16     -7
  SINCE JUL 1      5                         0      5

 COOLING
  TODAY            5                        11     -6
  MONTH TO DATE  198                       343   -145
  SINCE JUN 1    465                       570   -105
  SINCE JAN 1    608                       656    -48
..................................................................


WIND (MPH)
  HIGHEST WIND SPEED     8   HIGHEST WIND DIRECTION     W (280)
  HIGHEST GUST SPEED    11   HIGHEST GUST DIRECTION     W (280)
  AVERAGE WIND SPEED     1.8


SKY COVER
  AVERAGE SKY COVER 0.1



RELATIVE HUMIDITY (PERCENT)
 HIGHEST    93           500 AM
 LOWEST     45           200 PM
 AVERAGE    69

..........................................................


THE QUINCY IL CLIMATE NORMALS FOR TOMORROW
                         NORMAL    RECORD    YEAR
 MAXIMUM TEMPERATURE (F)   86       103      1945
                                             1940
 MINIMUM TEMPERATURE (F)   66        52      1907


SUNRISE AND SUNSET
JULY 31 2014..........SUNRISE   602 AM CDT   SUNSET   819 PM CDT
AUGUST  1 2014........SUNRISE   603 AM CDT   SUNSET   818 PM CDT


-  INDICATES NEGATIVE NUMBERS.
R  INDICATES RECORD WAS SET OR TIED.
MM INDICATES DATA IS MISSING.
T  INDICATES TRACE AMOUNT.




$$





U.S. Dept. of Commerce
NOAA National Weather Service
1325 East West Highway
Silver Spring, MD 20910
E-mail: w-nws.webmaster@noaa.gov
Page last modified: May 16, 2007
NATIONAL WEATHER SERVICE: for Safety, for Work, for Fun - FOR LIFE