069
CDUS43 KLSX 180745
CLIUIN


CLIMATE REPORT
NATIONAL WEATHER SERVICE ST LOUIS MO
145 AM CST THU DEC 18 2014


...................................

...THE QUINCY IL CLIMATE SUMMARY FOR DECEMBER 17 2014...

CLIMATE NORMAL PERIOD 1981 TO 2010
CLIMATE RECORD PERIOD 1901 TO 2014


WEATHER ITEM   OBSERVED TIME   RECORD YEAR NORMAL DEPARTURE LAST
                VALUE   (LST)  VALUE       VALUE  FROM      YEAR
                                                  NORMAL
..................................................................
TEMPERATURE (F)
 YESTERDAY
  MAXIMUM         27    343 PM  64    1939  37    -10       37
  MINIMUM         21    944 AM  -5    1932  21      0       18
  AVERAGE         24                        29     -5

PRECIPITATION (IN)
  YESTERDAY        0.00          1.03 1928   0.07  -0.07      T
  MONTH TO DATE    0.87                      1.37  -0.50     0.79
  SINCE DEC 1      0.87                      1.37  -0.50     0.79
  SINCE JAN 1     39.68                     36.45   3.23    35.38

DEGREE DAYS
 HEATING
  YESTERDAY       41                        36      5
  MONTH TO DATE  524                       568    -44
  SINCE DEC 1    524                       568    -44
  SINCE JUL 1   1801                      1668    133

 COOLING
  YESTERDAY        0                         0      0
  MONTH TO DATE    0                         0      0
  SINCE DEC 1      0                         0      0
  SINCE JAN 1   1021                      1094    -73
..................................................................


WIND (MPH)
  HIGHEST WIND SPEED    14   HIGHEST WIND DIRECTION    NW (320)
  HIGHEST GUST SPEED    16   HIGHEST GUST DIRECTION    NW (330)
  AVERAGE WIND SPEED     6.3


SKY COVER
  AVERAGE SKY COVER 0.6



RELATIVE HUMIDITY (PERCENT)
 HIGHEST    88           900 PM
 LOWEST     68           100 PM
 AVERAGE    78

..........................................................


THE QUINCY IL CLIMATE NORMALS FOR TODAY
                         NORMAL    RECORD    YEAR
 MAXIMUM TEMPERATURE (F)   36        66      1939
 MINIMUM TEMPERATURE (F)   21       -11      1901


SUNRISE AND SUNSET
DECEMBER 18 2014......SUNRISE   721 AM CST   SUNSET   442 PM CST
DECEMBER 19 2014......SUNRISE   722 AM CST   SUNSET   442 PM CST


-  INDICATES NEGATIVE NUMBERS.
R  INDICATES RECORD WAS SET OR TIED.
MM INDICATES DATA IS MISSING.
T  INDICATES TRACE AMOUNT.




$$





U.S. Dept. of Commerce
NOAA National Weather Service
1325 East West Highway
Silver Spring, MD 20910
E-mail: w-nws.webmaster@noaa.gov
Page last modified: May 16, 2007
NATIONAL WEATHER SERVICE: for Safety, for Work, for Fun - FOR LIFE