093
CDUS43 KLSX 230738
CLIUIN


CLIMATE REPORT
NATIONAL WEATHER SERVICE ST LOUIS MO
136 AM CST SUN NOV 23 2014


...................................

...THE QUINCY IL CLIMATE SUMMARY FOR NOVEMBER 22 2014...

CLIMATE NORMAL PERIOD 1981 TO 2010
CLIMATE RECORD PERIOD 1901 TO 2014


WEATHER ITEM   OBSERVED TIME   RECORD YEAR NORMAL DEPARTURE LAST
                VALUE   (LST)  VALUE       VALUE  FROM      YEAR
                                                  NORMAL
..................................................................
TEMPERATURE (F)
 YESTERDAY
  MAXIMUM         59   1136 AM  75    2010  48     11       38
                                      1913
  MINIMUM         40   1212 AM   8    1937  31      9       24
  AVERAGE         50                        39     11

PRECIPITATION (IN)
  YESTERDAY        T             1.17 1963   0.10  -0.10      T
  MONTH TO DATE    0.11                      2.24  -2.13     1.85
  SINCE SEP 1     12.45                      8.55   3.90     6.49
  SINCE JAN 1     38.07                     34.30   3.77    34.59

DEGREE DAYS
 HEATING
  YESTERDAY       15                        26    -11
  MONTH TO DATE  636                       453    183
  SINCE SEP 1   1044                       872    172
  SINCE JUL 1   1049                       877    172

 COOLING
  YESTERDAY        0                         0      0
  MONTH TO DATE    0                         0      0
  SINCE SEP 1     92                       140    -48
  SINCE JAN 1   1021                      1093    -72
..................................................................


WIND (MPH)
  HIGHEST WIND SPEED    23   HIGHEST WIND DIRECTION    SW (210)
  HIGHEST GUST SPEED    28   HIGHEST GUST DIRECTION    SW (210)
  AVERAGE WIND SPEED    13.1


SKY COVER
  AVERAGE SKY COVER 0.9



RELATIVE HUMIDITY (PERCENT)
 HIGHEST    89           200 AM
 LOWEST     72          1100 AM
 AVERAGE    81

..........................................................


THE QUINCY IL CLIMATE NORMALS FOR TODAY
                         NORMAL    RECORD    YEAR
 MAXIMUM TEMPERATURE (F)   47        71      1931
                                             1913
 MINIMUM TEMPERATURE (F)   30         2      1950


SUNRISE AND SUNSET
NOVEMBER 23 2014......SUNRISE   659 AM CST   SUNSET   443 PM CST
NOVEMBER 24 2014......SUNRISE   700 AM CST   SUNSET   443 PM CST


-  INDICATES NEGATIVE NUMBERS.
R  INDICATES RECORD WAS SET OR TIED.
MM INDICATES DATA IS MISSING.
T  INDICATES TRACE AMOUNT.




$$






U.S. Dept. of Commerce
NOAA National Weather Service
1325 East West Highway
Silver Spring, MD 20910
E-mail: w-nws.webmaster@noaa.gov
Page last modified: May 16, 2007
NATIONAL WEATHER SERVICE: for Safety, for Work, for Fun - FOR LIFE