197
CDUS43 KLSX 180736
CLIUIN


CLIMATE REPORT
NATIONAL WEATHER SERVICE ST LOUIS MO
235 AM CDT FRI APR 18 2014


...................................

...THE QUINCY IL CLIMATE SUMMARY FOR APRIL 17 2014...

CLIMATE NORMAL PERIOD 1981 TO 2010
CLIMATE RECORD PERIOD 1901 TO 2014


WEATHER ITEM   OBSERVED TIME   RECORD YEAR NORMAL DEPARTURE LAST
                VALUE   (LST)  VALUE       VALUE  FROM      YEAR
                                                  NORMAL
..................................................................
TEMPERATURE (F)
 YESTERDAY
  MAXIMUM         52    447 PM  87    1914  64    -12       59
  MINIMUM         42    612 AM  22    1907  44     -2       45
  AVERAGE         47                        54     -7

PRECIPITATION (IN)
  YESTERDAY        T             1.24 1939   0.12  -0.12    MM
  MONTH TO DATE    1.92                      1.98  -0.06     3.00
  SINCE MAR 1      2.60                      4.44  -1.84     5.15
  SINCE JAN 1      4.72                      7.84  -3.12    10.62

DEGREE DAYS
 HEATING
  YESTERDAY       18                        12      6
  MONTH TO DATE  262                       244     18
  SINCE MAR 1   1140                       962    178
  SINCE JUL 1   6034                      5304    730

 COOLING
  YESTERDAY        0                         1     -1
  MONTH TO DATE    2                         4     -2
  SINCE MAR 1      2                         6     -4
  SINCE JAN 1      2                         6     -4
..................................................................


WIND (MPH)
  HIGHEST WIND SPEED    18   HIGHEST WIND DIRECTION     S (180)
  HIGHEST GUST SPEED    25   HIGHEST GUST DIRECTION     S (170)
  AVERAGE WIND SPEED     7.0


SKY COVER
  AVERAGE SKY COVER 0.5



RELATIVE HUMIDITY (PERCENT)
 HIGHEST    76           800 PM
 LOWEST     39          1200 AM
 AVERAGE    58

..........................................................


THE QUINCY IL CLIMATE NORMALS FOR TODAY
                         NORMAL    RECORD    YEAR
 MAXIMUM TEMPERATURE (F)   64        88      1948
                                             1925
 MINIMUM TEMPERATURE (F)   44        24      1983


SUNRISE AND SUNSET
APRIL 18 2014.........SUNRISE   623 AM CDT   SUNSET   746 PM CDT
APRIL 19 2014.........SUNRISE   621 AM CDT   SUNSET   747 PM CDT


-  INDICATES NEGATIVE NUMBERS.
R  INDICATES RECORD WAS SET OR TIED.
MM INDICATES DATA IS MISSING.
T  INDICATES TRACE AMOUNT.




$$





U.S. Dept. of Commerce
NOAA National Weather Service
1325 East West Highway
Silver Spring, MD 20910
E-mail: w-nws.webmaster@noaa.gov
Page last modified: May 16, 2007
NATIONAL WEATHER SERVICE: for Safety, for Work, for Fun - FOR LIFE