458
CDUS46 KSEW 190835
CLIUIL


CLIMATE REPORT
NATIONAL WEATHER SERVICE SEATTLE WA
135 AM PDT SAT APR 19 2014


...................................

...THE QUILLAYUTE WA AIRPORT CLIMATE SUMMARY FOR APRIL 18 2014...

CLIMATE NORMAL PERIOD 1981 TO 2010
CLIMATE RECORD PERIOD 1966 TO 2014


WEATHER ITEM   OBSERVED TIME   RECORD YEAR NORMAL DEPARTURE LAST
                VALUE   (LST)  VALUE       VALUE  FROM      YEAR
                                                  NORMAL
..................................................................
TEMPERATURE (F)
 YESTERDAY
  MAXIMUM         55    305 PM  72    1981  55      0       52
  MINIMUM         37    406 AM  29    1981  39     -2       44
  AVERAGE         46                        47     -1       48

PRECIPITATION (IN)
  YESTERDAY        0.02          1.60 2013   0.26  -0.24     1.60
  MONTH TO DATE    5.69                      5.05   0.64     8.56
  SINCE OCT 1     61.30                     79.84 -18.54    93.63
  SINCE JAN 1     44.07                     40.84   3.23    46.66

DEGREE DAYS
 HEATING
  YESTERDAY       19                        18      1       17
  MONTH TO DATE  313                       342    -29      297
  SINCE MAR 1    899                       990    -91      880
  SINCE JUL 1   4093                      4835   -742     4573

 COOLING
  YESTERDAY        0                         0      0        0
  MONTH TO DATE    0                         0      0        0
  SINCE MAR 1      0                         0      0        0
  SINCE JAN 1      0                         0      0        0
..................................................................


WIND (MPH)
  RESULTANT WIND SPEED   2   RESULTANT WIND DIRECTION   S (180)
  HIGHEST WIND SPEED    13   HIGHEST WIND DIRECTION     W (250)
  HIGHEST GUST SPEED    18   HIGHEST GUST DIRECTION    SW (240)
  AVERAGE WIND SPEED     5.2


SKY COVER
  AVERAGE SKY COVER 0.3


WEATHER CONDITIONS
 THE FOLLOWING WEATHER WAS RECORDED YESTERDAY.
  LIGHT RAIN
  FOG


RELATIVE HUMIDITY (PERCENT)
 HIGHEST   100           300 AM
 LOWEST     54           100 PM
 AVERAGE    77

..........................................................


THE QUILLAYUTE WA AIRPORT CLIMATE NORMALS FOR TODAY
                         NORMAL    RECORD    YEAR
 MAXIMUM TEMPERATURE (F)   55        71      1988
 MINIMUM TEMPERATURE (F)   39        29      1982


SUNRISE AND SUNSET
APRIL 19 2014.........SUNRISE   621 AM PDT   SUNSET   814 PM PDT
APRIL 20 2014.........SUNRISE   619 AM PDT   SUNSET   816 PM PDT


-  INDICATES NEGATIVE NUMBERS.
R  INDICATES RECORD WAS SET OR TIED.
MM INDICATES DATA IS MISSING.
T  INDICATES TRACE AMOUNT.




$$





U.S. Dept. of Commerce
NOAA National Weather Service
1325 East West Highway
Silver Spring, MD 20910
E-mail: w-nws.webmaster@noaa.gov
Page last modified: May 16, 2007
NATIONAL WEATHER SERVICE: for Safety, for Work, for Fun - FOR LIFE