267
CDUS46 KSEW 290827
CLIUIL


CLIMATE REPORT
NATIONAL WEATHER SERVICE SEATTLE WA
126 AM PDT TUE JUL 29 2014


...................................

...THE QUILLAYUTE WA AIRPORT CLIMATE SUMMARY FOR JULY 28 2014...

CLIMATE NORMAL PERIOD 1981 TO 2010
CLIMATE RECORD PERIOD 1966 TO 2014


WEATHER ITEM   OBSERVED TIME   RECORD YEAR NORMAL DEPARTURE LAST
                VALUE   (LST)  VALUE       VALUE  FROM      YEAR
                                                  NORMAL
..................................................................
TEMPERATURE (F)
 YESTERDAY
  MAXIMUM         77   1131 AM  88    1974  69      8       62
  MINIMUM         52   1254 AM  39    2008  51      1       56
  AVERAGE         65                        60      5       59

PRECIPITATION (IN)
  YESTERDAY        0.00          1.30 2000   0.05  -0.05     0.00
  MONTH TO DATE    0.82                      1.82  -1.00      T
  SINCE OCT 1     72.39                     93.07 -20.68   105.77
  SINCE JAN 1     55.16                     54.07   1.09    58.80

DEGREE DAYS
 HEATING
  YESTERDAY        0                         5     -5        6
  MONTH TO DATE  130                       180    -50      102
  SINCE JUN 1    379                       474    -95      282
  SINCE JUL 1    130                       180    -50      102

 COOLING
  YESTERDAY        0                         0      0        0
  MONTH TO DATE    6                         0      6        6
  SINCE JUN 1      6                         3      3       13
  SINCE JAN 1     10                         4      6       16
..................................................................


WIND (MPH)
  RESULTANT WIND SPEED   4   RESULTANT WIND DIRECTION  NW (330)
  HIGHEST WIND SPEED    16   HIGHEST WIND DIRECTION    NW (320)
  HIGHEST GUST SPEED    21   HIGHEST GUST DIRECTION    NW (320)
  AVERAGE WIND SPEED     5.7


SKY COVER
  AVERAGE SKY COVER 0.4


WEATHER CONDITIONS
 THE FOLLOWING WEATHER WAS RECORDED YESTERDAY.
  FOG
  FOG W/VISIBILITY <= 1/4 MILE


RELATIVE HUMIDITY (PERCENT)
 HIGHEST   100           100 AM
 LOWEST     50           300 PM
 AVERAGE    75

..........................................................


THE QUILLAYUTE WA AIRPORT CLIMATE NORMALS FOR TODAY
                         NORMAL    RECORD    YEAR
 MAXIMUM TEMPERATURE (F)   69        89      1974
 MINIMUM TEMPERATURE (F)   51        41      1997


SUNRISE AND SUNSET
JULY 29 2014..........SUNRISE   551 AM PDT   SUNSET   858 PM PDT
JULY 30 2014..........SUNRISE   552 AM PDT   SUNSET   856 PM PDT


-  INDICATES NEGATIVE NUMBERS.
R  INDICATES RECORD WAS SET OR TIED.
MM INDICATES DATA IS MISSING.
T  INDICATES TRACE AMOUNT.




$$





U.S. Dept. of Commerce
NOAA National Weather Service
1325 East West Highway
Silver Spring, MD 20910
E-mail: w-nws.webmaster@noaa.gov
Page last modified: May 16, 2007
NATIONAL WEATHER SERVICE: for Safety, for Work, for Fun - FOR LIFE