149
CDUS46 KSEW 200830
CLIUIL


CLIMATE REPORT
NATIONAL WEATHER SERVICE SEATTLE WA
130 AM PDT WED AUG 20 2014


...................................

...THE QUILLAYUTE WA AIRPORT CLIMATE SUMMARY FOR AUGUST 19 2014...

CLIMATE NORMAL PERIOD 1981 TO 2010
CLIMATE RECORD PERIOD 1966 TO 2014


WEATHER ITEM   OBSERVED TIME   RECORD YEAR NORMAL DEPARTURE LAST
                VALUE   (LST)  VALUE       VALUE  FROM      YEAR
                                                  NORMAL
..................................................................
TEMPERATURE (F)
 YESTERDAY
  MAXIMUM         68   1242 PM  85    2009  69     -1       72
                                      1966
  MINIMUM         53    357 AM  40    1973  50      3       55
  AVERAGE         61                        60      1       64

PRECIPITATION (IN)
  YESTERDAY        0.00          1.39 1976   0.10  -0.10     0.05
  MONTH TO DATE    0.52                      1.33  -0.81     0.45
  SINCE OCT 1     72.91                     94.56 -21.65   106.23
  SINCE JAN 1     55.68                     55.56   0.12    59.26

DEGREE DAYS
 HEATING
  YESTERDAY        4                         6     -2        1
  MONTH TO DATE   61                       102    -41       40
  SINCE JUN 1    446                       590   -144      333
  SINCE JUL 1    197                       296    -99      153

 COOLING
  YESTERDAY        0                         0      0        0
  MONTH TO DATE    8                         0      8        1
  SINCE JUN 1     14                        10      4       14
  SINCE JAN 1     18                        11      7       17
..................................................................


WIND (MPH)
  RESULTANT WIND SPEED   3   RESULTANT WIND DIRECTION   W (260)
  HIGHEST WIND SPEED    14   HIGHEST WIND DIRECTION     W (260)
  HIGHEST GUST SPEED    18   HIGHEST GUST DIRECTION     W (250)
  AVERAGE WIND SPEED     4.5


SKY COVER
  AVERAGE SKY COVER 0.6


WEATHER CONDITIONS
 THE FOLLOWING WEATHER WAS RECORDED YESTERDAY.
  FOG
  FOG W/VISIBILITY <= 1/4 MILE


RELATIVE HUMIDITY (PERCENT)
 HIGHEST    97           900 AM
 LOWEST     67           400 PM
 AVERAGE    82

..........................................................


THE QUILLAYUTE WA AIRPORT CLIMATE NORMALS FOR TODAY
                         NORMAL    RECORD    YEAR
 MAXIMUM TEMPERATURE (F)   69        85      1986
 MINIMUM TEMPERATURE (F)   50        43      1998
                                             1986


SUNRISE AND SUNSET
AUGUST 20 2014........SUNRISE   620 AM PDT   SUNSET   822 PM PDT
AUGUST 21 2014........SUNRISE   621 AM PDT   SUNSET   820 PM PDT


-  INDICATES NEGATIVE NUMBERS.
R  INDICATES RECORD WAS SET OR TIED.
MM INDICATES DATA IS MISSING.
T  INDICATES TRACE AMOUNT.




$$





U.S. Dept. of Commerce
NOAA National Weather Service
1325 East West Highway
Silver Spring, MD 20910
E-mail: w-nws.webmaster@noaa.gov
Page last modified: May 16, 2007
NATIONAL WEATHER SERVICE: for Safety, for Work, for Fun - FOR LIFE