442
CDUS43 KLOT 310635
CLIUGN


CLIMATE REPORT
NATIONAL WEATHER SERVICE CHICAGO IL
132 AM CDT THU JUL 31 2014


...................................

...THE WAUKEGAN   CLIMATE SUMMARY FOR JULY 30 2014...

CLIMATE NORMAL PERIOD 1981 TO 2010
CLIMATE RECORD PERIOD 2000 TO 2014


WEATHER ITEM   OBSERVED TIME   RECORD YEAR NORMAL DEPARTURE LAST
                VALUE   (LST)  VALUE       VALUE  FROM      YEAR
                                                  NORMAL
..................................................................
TEMPERATURE (F)
 YESTERDAY
  MAXIMUM         71   1238 PM  93    2002  80     -9       73
  MINIMUM         56    941 PM  35    2011  62     -6       52
  AVERAGE         64

PRECIPITATION (IN)
  YESTERDAY        0.00          0.43 2009   0.13  -0.13     0.02
  MONTH TO DATE    1.15                      3.75  -2.60     2.06
  SINCE JUN 1      8.40                      7.63   0.77     6.31
  SINCE JAN 1     19.24                     20.49  -1.25    20.17

DEGREE DAYS
 HEATING
  YESTERDAY        1                         0      1        2
  MONTH TO DATE   34                         3     31       27
  SINCE JUN 1    107                        89     18      124
  SINCE JUL 1     34                         3     31       27

 COOLING
  YESTERDAY        0                         6     -6        0
  MONTH TO DATE   95                       202   -107      183
  SINCE JUN 1    178                       307   -129      273
  SINCE JAN 1    201                       332   -131      320
..................................................................


WIND (MPH)
  RESULTANT WIND SPEED   2   RESULTANT WIND DIRECTION   E (70)
  HIGHEST WIND SPEED    13   HIGHEST WIND DIRECTION    NE (60)
  HIGHEST GUST SPEED    15   HIGHEST GUST DIRECTION    NE (50)
  AVERAGE WIND SPEED     4.6


SKY COVER
  POSSIBLE SUNSHINE  MM
  AVERAGE SKY COVER 0.2


WEATHER CONDITIONS
 THE FOLLOWING WEATHER WAS RECORDED YESTERDAY.
  FOG
  HAZE


RELATIVE HUMIDITY (PERCENT)
 HIGHEST    93
 LOWEST     61
 AVERAGE    77

..........................................................


THE WAUKEGAN   CLIMATE NORMALS FOR TODAY
                         NORMAL    RECORD    YEAR
 MAXIMUM TEMPERATURE (F)   80        99      2006
 MINIMUM TEMPERATURE (F)   62        56      2009


SUNRISE AND SUNSET
JULY 31 2014..........SUNRISE   543 AM CDT   SUNSET   812 PM CDT
AUGUST  1 2014........SUNRISE   544 AM CDT   SUNSET   811 PM CDT


-  INDICATES NEGATIVE NUMBERS.
R  INDICATES RECORD WAS SET OR TIED.
MM INDICATES DATA IS MISSING.
T  INDICATES TRACE AMOUNT.




$$





U.S. Dept. of Commerce
NOAA National Weather Service
1325 East West Highway
Silver Spring, MD 20910
E-mail: w-nws.webmaster@noaa.gov
Page last modified: May 16, 2007
NATIONAL WEATHER SERVICE: for Safety, for Work, for Fun - FOR LIFE