656
CDUS43 KLOT 180636
CLIUGN


CLIMATE REPORT
NATIONAL WEATHER SERVICE CHICAGO IL
134 AM CDT THU SEP 18 2014


...................................

...THE WAUKEGAN   CLIMATE SUMMARY FOR SEPTEMBER 17 2014...

CLIMATE NORMAL PERIOD 1981 TO 2010
CLIMATE RECORD PERIOD 2000 TO 2014


WEATHER ITEM   OBSERVED TIME   RECORD YEAR NORMAL DEPARTURE LAST
                VALUE   (LST)  VALUE       VALUE  FROM      YEAR
                                                  NORMAL
..................................................................
TEMPERATURE (F)
 YESTERDAY
  MAXIMUM         68    148 PM  81    2006  71     -3       66
  MINIMUM         42R   317 AM  45    2010  53    -11       49
  AVERAGE         55

PRECIPITATION (IN)
  YESTERDAY        0.00          0.37 2006   0.12  -0.12     0.00
  MONTH TO DATE    2.85                      1.82   1.03     1.05
  SINCE SEP 1      2.85                      1.82   1.03     1.05
  SINCE JAN 1     25.80                     26.27  -0.47    22.89

DEGREE DAYS
 HEATING
  YESTERDAY       10                         5      5        7
  MONTH TO DATE   96                        44     52       53
  SINCE SEP 1     96                        44     52       53
  SINCE JUL 1    139                        72     67       92

 COOLING
  YESTERDAY        0                         1     -1        0
  MONTH TO DATE   44                        45     -1       77
  SINCE SEP 1     44                        45     -1       77
  SINCE JAN 1    415                       547   -132      567
..................................................................


WIND (MPH)
  RESULTANT WIND SPEED   2   RESULTANT WIND DIRECTION  SE (140)
  HIGHEST WIND SPEED    12   HIGHEST WIND DIRECTION    SE (140)
  HIGHEST GUST SPEED    14   HIGHEST GUST DIRECTION    SE (130)
  AVERAGE WIND SPEED     2.7


SKY COVER
  POSSIBLE SUNSHINE  MM
  AVERAGE SKY COVER 0.0


WEATHER CONDITIONS
 THE FOLLOWING WEATHER WAS RECORDED YESTERDAY.
  FOG


RELATIVE HUMIDITY (PERCENT)
 HIGHEST   100
 LOWEST     45
 AVERAGE    73

..........................................................


THE WAUKEGAN   CLIMATE NORMALS FOR TODAY
                         NORMAL    RECORD    YEAR
 MAXIMUM TEMPERATURE (F)   70        87      2007
 MINIMUM TEMPERATURE (F)   52        40      2012


SUNRISE AND SUNSET
SEPTEMBER 18 2014.....SUNRISE   634 AM CDT   SUNSET   656 PM CDT
SEPTEMBER 19 2014.....SUNRISE   636 AM CDT   SUNSET   654 PM CDT


-  INDICATES NEGATIVE NUMBERS.
R  INDICATES RECORD WAS SET OR TIED.
MM INDICATES DATA IS MISSING.
T  INDICATES TRACE AMOUNT.




$$

BMD




U.S. Dept. of Commerce
NOAA National Weather Service
1325 East West Highway
Silver Spring, MD 20910
E-mail: w-nws.webmaster@noaa.gov
Page last modified: May 16, 2007
NATIONAL WEATHER SERVICE: for Safety, for Work, for Fun - FOR LIFE