209
CDUS43 KLOT 300639
CLIUGN


CLIMATE REPORT
NATIONAL WEATHER SERVICE CHICAGO IL
136 AM CDT TUE SEP 30 2014


...................................

...THE WAUKEGAN   CLIMATE SUMMARY FOR SEPTEMBER 29 2014...

CLIMATE NORMAL PERIOD 1981 TO 2010
CLIMATE RECORD PERIOD 2000 TO 2014


WEATHER ITEM   OBSERVED TIME   RECORD YEAR NORMAL DEPARTURE LAST
                VALUE   (LST)  VALUE       VALUE  FROM      YEAR
                                                  NORMAL
..................................................................
TEMPERATURE (F)
 YESTERDAY
  MAXIMUM         82R  1000 AM  82    2002  66     16       65
  MINIMUM         MM        MM  37    2004  47     MM       45
  AVERAGE         MM

PRECIPITATION (IN)
  YESTERDAY        0.00          0.66 2002   0.13  -0.13     0.09
  MONTH TO DATE    3.64                      3.33   0.31     2.57
  SINCE SEP 1      3.64                      3.33   0.31     2.57
  SINCE JAN 1     26.59                     27.78  -1.19    24.41

DEGREE DAYS
 HEATING
  YESTERDAY       MM                         9     MM       10
  MONTH TO DATE  162                       128     34      129
  SINCE SEP 1    162                       128     34      129
  SINCE JUL 1    205                       156     49      168

 COOLING
  YESTERDAY       MM                         1     MM        0
  MONTH TO DATE   49                        57     -8       93
  SINCE SEP 1     49                        57     -8       93
  SINCE JAN 1    420                       559   -139      583
..................................................................


WIND (MPH)
  RESULTANT WIND SPEED   5   RESULTANT WIND DIRECTION   N (20)
  HIGHEST WIND SPEED    18   HIGHEST WIND DIRECTION     N (10)
  HIGHEST GUST SPEED    32   HIGHEST GUST DIRECTION     N (10)
  AVERAGE WIND SPEED     8.8


SKY COVER
  POSSIBLE SUNSHINE  MM
  AVERAGE SKY COVER 0.3


WEATHER CONDITIONS
 THE FOLLOWING WEATHER WAS RECORDED YESTERDAY.
  FOG


RELATIVE HUMIDITY (PERCENT)
 HIGHEST    93
 LOWEST     58
 AVERAGE    76

..........................................................


THE WAUKEGAN   CLIMATE NORMALS FOR TODAY
                         NORMAL    RECORD    YEAR
 MAXIMUM TEMPERATURE (F)   65        83      2002
 MINIMUM TEMPERATURE (F)   47        35      2004


SUNRISE AND SUNSET
SEPTEMBER 30 2014.....SUNRISE   647 AM CDT   SUNSET   635 PM CDT
OCTOBER  1 2014.......SUNRISE   649 AM CDT   SUNSET   633 PM CDT


-  INDICATES NEGATIVE NUMBERS.
R  INDICATES RECORD WAS SET OR TIED.
MM INDICATES DATA IS MISSING.
T  INDICATES TRACE AMOUNT.




$$





U.S. Dept. of Commerce
NOAA National Weather Service
1325 East West Highway
Silver Spring, MD 20910
E-mail: w-nws.webmaster@noaa.gov
Page last modified: May 16, 2007
NATIONAL WEATHER SERVICE: for Safety, for Work, for Fun - FOR LIFE