772
CDUS43 KLOT 300635
CLIUGN


CLIMATE REPORT
NATIONAL WEATHER SERVICE CHICAGO IL
134 AM CDT THU OCT 30 2014


...................................

...THE WAUKEGAN   CLIMATE SUMMARY FOR OCTOBER 29 2014...

CLIMATE NORMAL PERIOD 1981 TO 2010
CLIMATE RECORD PERIOD 2000 TO 2014


WEATHER ITEM   OBSERVED TIME   RECORD YEAR NORMAL DEPARTURE LAST
                VALUE   (LST)  VALUE       VALUE  FROM      YEAR
                                                  NORMAL
..................................................................
TEMPERATURE (F)
 YESTERDAY
  MAXIMUM         49    210 PM  74    2004  56     -7       50
                                      1999
  MINIMUM         32    956 PM  29    2008  39     -7       39
  AVERAGE         41

PRECIPITATION (IN)
  YESTERDAY        0.00          0.35 2004   0.08  -0.08     0.00
  MONTH TO DATE    3.47                      2.75   0.72     0.84
  SINCE SEP 1      7.14                      6.21   0.93     3.41
  SINCE JAN 1     30.09                     30.66  -0.57    25.25

DEGREE DAYS
 HEATING
  YESTERDAY       24                        18      6       20
  MONTH TO DATE  410                       404      6      433
  SINCE SEP 1    587                       542     45      572
  SINCE JUL 1    630                       570     60      611

 COOLING
  YESTERDAY        0                         0      0        0
  MONTH TO DATE    2                         7     -5        7
  SINCE SEP 1     53                        62     -9      100
  SINCE JAN 1    424                       564   -140      590
..................................................................


WIND (MPH)
  RESULTANT WIND SPEED   3   RESULTANT WIND DIRECTION   W (280)
  HIGHEST WIND SPEED    15   HIGHEST WIND DIRECTION    NW (300)
  HIGHEST GUST SPEED    21   HIGHEST GUST DIRECTION     W (270)
  AVERAGE WIND SPEED     5.8


SKY COVER
  POSSIBLE SUNSHINE  MM
  AVERAGE SKY COVER 0.7


WEATHER CONDITIONS
 THE FOLLOWING WEATHER WAS RECORDED YESTERDAY.
  NO SIGNIFICANT WEATHER WAS OBSERVED.


RELATIVE HUMIDITY (PERCENT)
 HIGHEST    92
 LOWEST     50
 AVERAGE    71

..........................................................


THE WAUKEGAN   CLIMATE NORMALS FOR TODAY
                         NORMAL    RECORD    YEAR
 MAXIMUM TEMPERATURE (F)   55        74      1999
 MINIMUM TEMPERATURE (F)   38        29      2011


SUNRISE AND SUNSET
OCTOBER 30 2014.......SUNRISE   722 AM CDT   SUNSET   547 PM CDT
OCTOBER 31 2014.......SUNRISE   724 AM CDT   SUNSET   546 PM CDT


-  INDICATES NEGATIVE NUMBERS.
R  INDICATES RECORD WAS SET OR TIED.
MM INDICATES DATA IS MISSING.
T  INDICATES TRACE AMOUNT.




$$





U.S. Dept. of Commerce
NOAA National Weather Service
1325 East West Highway
Silver Spring, MD 20910
E-mail: w-nws.webmaster@noaa.gov
Page last modified: May 16, 2007
NATIONAL WEATHER SERVICE: for Safety, for Work, for Fun - FOR LIFE