663
CDUS43 KLOT 020635
CLIUGN


CLIMATE REPORT
NATIONAL WEATHER SERVICE CHICAGO IL
135 AM CDT TUE SEP 2 2014


...................................

...THE WAUKEGAN   CLIMATE SUMMARY FOR SEPTEMBER 1 2014...

CLIMATE NORMAL PERIOD 1981 TO 2010
CLIMATE RECORD PERIOD 2000 TO 2014


WEATHER ITEM   OBSERVED TIME   RECORD YEAR NORMAL DEPARTURE LAST
                VALUE   (LST)  VALUE       VALUE  FROM      YEAR
                                                  NORMAL
..................................................................
TEMPERATURE (F)
 YESTERDAY
  MAXIMUM         82    111 PM  87    2000  77      5       85
  MINIMUM         67   1159 PM  43    2009  59      8       59
  AVERAGE         75

PRECIPITATION (IN)
  YESTERDAY        0.10          0.59 2012   0.09   0.01     0.04
  MONTH TO DATE    0.10                      0.09   0.01     0.04
  SINCE SEP 1      0.10                      0.09   0.01     0.04
  SINCE JAN 1     23.05                     24.54  -1.49    21.88

DEGREE DAYS
 HEATING
  YESTERDAY        0                         1     -1        0
  MONTH TO DATE    0                         1     -1        0
  SINCE SEP 1      0                         1     -1        0
  SINCE JUL 1     43                        29     14       39

 COOLING
  YESTERDAY       10                         4      6        7
  MONTH TO DATE   10                         4      6        7
  SINCE SEP 1     10                         4      6        7
  SINCE JAN 1    381                       506   -125      497
..................................................................


WIND (MPH)
  RESULTANT WIND SPEED  10   RESULTANT WIND DIRECTION  SW (210)
  HIGHEST WIND SPEED    21   HIGHEST WIND DIRECTION    SW (210)
  HIGHEST GUST SPEED    27   HIGHEST GUST DIRECTION    SW (210)
  AVERAGE WIND SPEED    10.7


SKY COVER
  POSSIBLE SUNSHINE  MM
  AVERAGE SKY COVER 0.4


WEATHER CONDITIONS
 THE FOLLOWING WEATHER WAS RECORDED YESTERDAY.
  RAIN
  LIGHT RAIN
  FOG


RELATIVE HUMIDITY (PERCENT)
 HIGHEST    93
 LOWEST     58
 AVERAGE    76

..........................................................


THE WAUKEGAN   CLIMATE NORMALS FOR TODAY
                         NORMAL    RECORD    YEAR
 MAXIMUM TEMPERATURE (F)   77        91      2011
 MINIMUM TEMPERATURE (F)   58        46      2009


SUNRISE AND SUNSET
SEPTEMBER  2 2014.....SUNRISE   618 AM CDT   SUNSET   724 PM CDT
SEPTEMBER  3 2014.....SUNRISE   619 AM CDT   SUNSET   722 PM CDT


-  INDICATES NEGATIVE NUMBERS.
R  INDICATES RECORD WAS SET OR TIED.
MM INDICATES DATA IS MISSING.
T  INDICATES TRACE AMOUNT.




$$





U.S. Dept. of Commerce
NOAA National Weather Service
1325 East West Highway
Silver Spring, MD 20910
E-mail: w-nws.webmaster@noaa.gov
Page last modified: May 16, 2007
NATIONAL WEATHER SERVICE: for Safety, for Work, for Fun - FOR LIFE