287
CDUS43 KLOT 240631
CLIUGN


CLIMATE REPORT
NATIONAL WEATHER SERVICE CHICAGO IL
131 AM CDT FRI OCT 24 2014


...................................

...THE WAUKEGAN   CLIMATE SUMMARY FOR OCTOBER 23 2014...

CLIMATE NORMAL PERIOD 1981 TO 2010
CLIMATE RECORD PERIOD 2000 TO 2014


WEATHER ITEM   OBSERVED TIME   RECORD YEAR NORMAL DEPARTURE LAST
                VALUE   (LST)  VALUE       VALUE  FROM      YEAR
                                                  NORMAL
..................................................................
TEMPERATURE (F)
 YESTERDAY
  MAXIMUM         60   1220 PM  74    2004  58      2       44
  MINIMUM         31    138 AM  29    2013  40     -9       29
  AVERAGE         46

PRECIPITATION (IN)
  YESTERDAY        T             1.43 2009   0.10  -0.10     0.00
  MONTH TO DATE    3.46                      2.17   1.29     0.84
  SINCE SEP 1      7.13                      5.63   1.50     3.41
  SINCE JAN 1     30.08                     30.08   0.00    25.25

DEGREE DAYS
 HEATING
  YESTERDAY       19                        16      3       28
  MONTH TO DATE  343                       301     42      293
  SINCE SEP 1    520                       439     81      432
  SINCE JUL 1    563                       467     96      471

 COOLING
  YESTERDAY        0                         0      0        0
  MONTH TO DATE    2                         7     -5        7
  SINCE SEP 1     53                        62     -9      100
  SINCE JAN 1    424                       564   -140      590
..................................................................


WIND (MPH)
  RESULTANT WIND SPEED   5   RESULTANT WIND DIRECTION   S (190)
  HIGHEST WIND SPEED    16   HIGHEST WIND DIRECTION     S (190)
  HIGHEST GUST SPEED    19   HIGHEST GUST DIRECTION    SW (210)
  AVERAGE WIND SPEED     5.2


SKY COVER
  POSSIBLE SUNSHINE  MM
  AVERAGE SKY COVER 0.3


WEATHER CONDITIONS
 THE FOLLOWING WEATHER WAS RECORDED YESTERDAY.
  LIGHT RAIN
  FOG
  HAZE


RELATIVE HUMIDITY (PERCENT)
 HIGHEST    96
 LOWEST     53
 AVERAGE    75

..........................................................


THE WAUKEGAN   CLIMATE NORMALS FOR TODAY
                         NORMAL    RECORD    YEAR
 MAXIMUM TEMPERATURE (F)   57        76      2012
 MINIMUM TEMPERATURE (F)   40        25      2006


SUNRISE AND SUNSET
OCTOBER 24 2014.......SUNRISE   715 AM CDT   SUNSET   556 PM CDT
OCTOBER 25 2014.......SUNRISE   716 AM CDT   SUNSET   554 PM CDT


-  INDICATES NEGATIVE NUMBERS.
R  INDICATES RECORD WAS SET OR TIED.
MM INDICATES DATA IS MISSING.
T  INDICATES TRACE AMOUNT.




$$





U.S. Dept. of Commerce
NOAA National Weather Service
1325 East West Highway
Silver Spring, MD 20910
E-mail: w-nws.webmaster@noaa.gov
Page last modified: May 16, 2007
NATIONAL WEATHER SERVICE: for Safety, for Work, for Fun - FOR LIFE