975
CDUS44 KMRX 281234 RRA
CLITYS

MEMCLITYS 000
TTAA00 KMRX 280842


CLIMATE REPORT
NATIONAL WEATHER SERVICE MORRISTOWN TN
833 AM EDT MON JUL 28 2014


...................................

...THE KNOXVILLE CLIMATE SUMMARY FOR JULY 27 2014...

CLIMATE NORMAL PERIOD 1981 TO 2010
CLIMATE RECORD PERIOD 1871 TO 2014


WEATHER ITEM   OBSERVED TIME   RECORD YEAR NORMAL DEPARTURE LAST
                VALUE   (LST)  VALUE       VALUE  FROM      YEAR
                                                  NORMAL
..................................................................
TEMPERATURE (F)
 YESTERDAY
  MAXIMUM         90    432 PM 103    1952  88      2       79
  MINIMUM         69   1144 PM  56    1911  69      0       68
  AVERAGE         80                        78      2       74

PRECIPITATION (IN)
  YESTERDAY        1.16          1.98 1882   0.15   1.01     0.38
  MONTH TO DATE    4.66                      4.51   0.15     7.30
  SINCE JUN 1      9.21                      8.32   0.89    16.68
  SINCE JAN 1     25.24                     29.76  -4.52    48.10

SNOWFALL (IN)
  YESTERDAY        0.0                       0.0    0.0      0.0
  MONTH TO DATE    0.0                       0.0    0.0      0.0
  SINCE JUN 1      0.0                       0.0    0.0      0.0
  SINCE JUL 1      0.0                       0.0    0.0      0.0
  SNOW DEPTH       0

DEGREE DAYS
 HEATING
  YESTERDAY        0                         0      0        0
  MONTH TO DATE    0                         0      0        0
  SINCE JUN 1      0                         4     -4        0
  SINCE JUL 1      0                         0      0        0

 COOLING
  YESTERDAY       15                        14      1        9
  MONTH TO DATE  297                       368    -71      322
  SINCE JUN 1    627                       673    -46      642
  SINCE JAN 1    832                       835     -3      798
..................................................................


WIND (MPH)
  HIGHEST WIND SPEED    28   HIGHEST WIND DIRECTION    SW (230)
  HIGHEST GUST SPEED    35   HIGHEST GUST DIRECTION     N (20)
  AVERAGE WIND SPEED    11.1


SKY COVER
  POSSIBLE SUNSHINE  MM
  AVERAGE SKY COVER  MM


WEATHER CONDITIONS
 THE FOLLOWING WEATHER WAS RECORDED YESTERDAY.
  THUNDERSTORM
  HEAVY RAIN
  RAIN
  LIGHT RAIN
  FOG


RELATIVE HUMIDITY (PERCENT)
 HIGHEST    87           800 PM
 LOWEST     55           500 PM
 AVERAGE    71

..........................................................


THE KNOXVILLE CLIMATE NORMALS FOR TODAY
                         NORMAL    RECORD    YEAR
 MAXIMUM TEMPERATURE (F)   88       103      1952
                                             1930
 MINIMUM TEMPERATURE (F)   69        59      1962
                                             1911


SUNRISE AND SUNSET
JULY 28 2014..........SUNRISE   641 AM EDT   SUNSET   844 PM EDT
JULY 29 2014..........SUNRISE   641 AM EDT   SUNSET   843 PM EDT


-  INDICATES NEGATIVE NUMBERS.
R  INDICATES RECORD WAS SET OR TIED.
MM INDICATES DATA IS MISSING.
T  INDICATES TRACE AMOUNT.

&&

THE LOW TEMPERATURE THIS MORNING WAS 67.
THERE HAS BEEN 0.01 INCHES OF RAIN SINCE MIDNIGHT.

$$




U.S. Dept. of Commerce
NOAA National Weather Service
1325 East West Highway
Silver Spring, MD 20910
E-mail: w-nws.webmaster@noaa.gov
Page last modified: May 16, 2007
NATIONAL WEATHER SERVICE: for Safety, for Work, for Fun - FOR LIFE