935
CDUS44 KMRX 170818 RRA
CLITYS

CLIMATE REPORT
NATIONAL WEATHER SERVICE MORRISTOWN TN
415 AM EDT THU APR 17 2014


...................................

...THE KNOXVILLE    ASOS CLIMATE SUMMARY FOR APRIL 16 2014...

CLIMATE NORMAL PERIOD 1981 TO 2010
CLIMATE RECORD PERIOD 1871 TO 2014


WEATHER ITEM   OBSERVED TIME   RECORD YEAR NORMAL DEPARTURE LAST
                VALUE   (LST)  VALUE       VALUE  FROM      YEAR
                                                  NORMAL
..................................................................
TEMPERATURE (F)
 YESTERDAY
  MAXIMUM         59    432 PM  87    1896  71    -12       82
  MINIMUM         30    615 AM  29    1950  47    -17       54
  AVERAGE         45                        59    -14       68

PRECIPITATION (IN)
  YESTERDAY        0.00          2.39 1998   0.12  -0.12     0.00
  MONTH TO DATE    2.57                      2.11   0.46     2.05
  SINCE MAR 1      4.99                      6.45  -1.46     7.54
  SINCE JAN 1     13.06                     15.03  -1.97    22.63

SNOWFALL (IN)
  YESTERDAY        0.0                       0.0    0.0      0.0
  MONTH TO DATE    T                         0.4   -0.4      0.0
  SINCE MAR 1      0.5                       1.3   -0.8      1.2
  SINCE JUL 1     12.4                       6.4    6.0      3.8
  SNOW DEPTH       0

DEGREE DAYS
 HEATING
  YESTERDAY       20                         7     13        0
  MONTH TO DATE  100                       144    -44      124
  SINCE MAR 1    633                       605     28      767
  SINCE JUL 1   3680                      3501    179     3459

 COOLING
  YESTERDAY        0                         1     -1        3
  MONTH TO DATE   14                        14      0       18
  SINCE MAR 1     14                        19     -5       20
  SINCE JAN 1     14                        19     -5       22
..................................................................


WIND (MPH)
  HIGHEST WIND SPEED    22   HIGHEST WIND DIRECTION    NE (50)
  HIGHEST GUST SPEED    27   HIGHEST GUST DIRECTION    NE (50)
  AVERAGE WIND SPEED     8.1


SKY COVER
  POSSIBLE SUNSHINE  MM
  AVERAGE SKY COVER  MM


WEATHER CONDITIONS
 THE FOLLOWING WEATHER WAS RECORDED YESTERDAY.
  NO SIGNIFICANT WEATHER WAS OBSERVED.


RELATIVE HUMIDITY (PERCENT)
 HIGHEST    69           500 AM
 LOWEST     32           200 PM
 AVERAGE    51

..........................................................


THE KNOXVILLE    ASOS CLIMATE NORMALS FOR TODAY
                         NORMAL    RECORD    YEAR
 MAXIMUM TEMPERATURE (F)   71        90      1896
 MINIMUM TEMPERATURE (F)   48        24      1875


SUNRISE AND SUNSET
APRIL 17 2014.........SUNRISE   700 AM EDT   SUNSET   811 PM EDT
APRIL 18 2014.........SUNRISE   659 AM EDT   SUNSET   812 PM EDT


-  INDICATES NEGATIVE NUMBERS.
R  INDICATES RECORD WAS SET OR TIED.
MM INDICATES DATA IS MISSING.
T  INDICATES TRACE AMOUNT.

$$




U.S. Dept. of Commerce
NOAA National Weather Service
1325 East West Highway
Silver Spring, MD 20910
E-mail: w-nws.webmaster@noaa.gov
Page last modified: May 16, 2007
NATIONAL WEATHER SERVICE: for Safety, for Work, for Fun - FOR LIFE