472
CDUS44 KSHV 310851
CLITYR


CLIMATE REPORT
NATIONAL WEATHER SERVICE SHREVEPORT, LA
318 AM CDT FRI OCT 31 2014


...................................

...THE TYLER CLIMATE SUMMARY FOR OCTOBER 30 2014...

CLIMATE NORMAL PERIOD 1981 TO 2010
CLIMATE RECORD PERIOD 1896 TO 2014


WEATHER ITEM   OBSERVED TIME   RECORD YEAR NORMAL DEPARTURE LAST
                VALUE   (LST)  VALUE       VALUE  FROM      YEAR
                                                  NORMAL
..................................................................
TEMPERATURE (F)
 YESTERDAY
  MAXIMUM         75    322 PM  87    1977  72      3       70
  MINIMUM         49    631 AM  24    1917  52     -3       64
  AVERAGE         62                        62      0       67

PRECIPITATION (IN)
  YESTERDAY        0.00          3.47 1992   0.16  -0.16     2.27
  MONTH TO DATE    4.65                      4.70  -0.05     7.53
  SINCE DEC 1     31.89                     41.54  -9.65    36.66
  SINCE JAN 1     28.87                     37.30  -8.43    33.77

SNOWFALL (IN)
  YESTERDAY        0.0
  MONTH TO DATE    0.0
  SINCE SEP 1      0.0
  SINCE JUL 1      0.0
  SNOW DEPTH       0

DEGREE DAYS
 HEATING
  YESTERDAY        3                         5     -2        0
  MONTH TO DATE    8                        67    -59       42
  SINCE SEP 1      8                        72    -64       42
  SINCE JUL 1      8                        72    -64       42

 COOLING
  YESTERDAY        0                         2     -2        2
  MONTH TO DATE  192                       126     66      132
  SINCE SEP 1    628                       468    160      632
  SINCE JAN 1   2594                      2390    204     2748
..................................................................


WIND (MPH)
  HIGHEST WIND SPEED    10   HIGHEST WIND DIRECTION     S (170)
  HIGHEST GUST SPEED    15   HIGHEST GUST DIRECTION    SE (150)
  AVERAGE WIND SPEED     2.7


SKY COVER
  POSSIBLE SUNSHINE  MM
  AVERAGE SKY COVER 0.1


WEATHER CONDITIONS
 THE FOLLOWING WEATHER WAS RECORDED YESTERDAY.
  NO SIGNIFICANT WEATHER WAS OBSERVED.


RELATIVE HUMIDITY (PERCENT)
 HIGHEST    86           400 AM
 LOWEST     29           200 PM
 AVERAGE    58

..........................................................


THE TYLER CLIMATE NORMALS FOR TODAY
                         NORMAL    RECORD    YEAR
 MAXIMUM TEMPERATURE (F)   72        86      1977
 MINIMUM TEMPERATURE (F)   51        26      1917


SUNRISE AND SUNSET
OCTOBER 31 2014.......SUNRISE   738 AM CDT   SUNSET   632 PM CDT
NOVEMBER  1 2014......SUNRISE   739 AM CDT   SUNSET   631 PM CDT


-  INDICATES NEGATIVE NUMBERS.
R  INDICATES RECORD WAS SET OR TIED.
MM INDICATES DATA IS MISSING.
T  INDICATES TRACE AMOUNT.




$$





U.S. Dept. of Commerce
NOAA National Weather Service
1325 East West Highway
Silver Spring, MD 20910
E-mail: w-nws.webmaster@noaa.gov
Page last modified: May 16, 2007
NATIONAL WEATHER SERVICE: for Safety, for Work, for Fun - FOR LIFE