393
CDUS44 KSHV 220838
CLITYR


CLIMATE REPORT
NATIONAL WEATHER SERVICE SHREVEPORT, LA
238 AM CST MON DEC 22 2014


...................................

...THE TYLER CLIMATE SUMMARY FOR DECEMBER 21 2014...

CLIMATE NORMAL PERIOD 1981 TO 2010
CLIMATE RECORD PERIOD 1896 TO 2014


WEATHER ITEM   OBSERVED TIME   RECORD YEAR NORMAL DEPARTURE LAST
                VALUE   (LST)  VALUE       VALUE  FROM      YEAR
                                                  NORMAL
..................................................................
TEMPERATURE (F)
 YESTERDAY
  MAXIMUM         53    345 PM  82    2010  57     -4       72
  MINIMUM         42    143 AM  16    1924  38      4       40
  AVERAGE         48                        47      1       56

PRECIPITATION (IN)
  YESTERDAY        0.00          2.75 1991   0.14  -0.14     1.45
  MONTH TO DATE    0.82                      2.85  -2.03     3.02
  SINCE DEC 1      0.82                      2.85  -2.03     3.02
  SINCE JAN 1     33.62                     44.40 -10.78    42.03

SNOWFALL (IN)
  YESTERDAY        0.0
  MONTH TO DATE    0.0
  SINCE DEC 1      0.0
  SINCE JUL 1      T
  SNOW DEPTH       0

DEGREE DAYS
 HEATING
  YESTERDAY       17                        18     -1        9
  MONTH TO DATE  231                       346   -115      347
  SINCE DEC 1    231                       346   -115      347
  SINCE JUL 1    612                       720   -108      737

 COOLING
  YESTERDAY        0                         0      0        0
  MONTH TO DATE    3                         0      3       10
  SINCE DEC 1      3                         0      3       10
  SINCE JAN 1   2608                      2411    197     2777
..................................................................


WIND (MPH)
  HIGHEST WIND SPEED    15   HIGHEST WIND DIRECTION     S (170)
  HIGHEST GUST SPEED    21   HIGHEST GUST DIRECTION     S (170)
  AVERAGE WIND SPEED     6.3


SKY COVER
  POSSIBLE SUNSHINE  MM
  AVERAGE SKY COVER 1.0


WEATHER CONDITIONS
 THE FOLLOWING WEATHER WAS RECORDED YESTERDAY.
  FOG


RELATIVE HUMIDITY (PERCENT)
 HIGHEST    96           300 AM
 LOWEST     66           300 PM
 AVERAGE    81

..........................................................


THE TYLER CLIMATE NORMALS FOR TODAY
                         NORMAL    RECORD    YEAR
 MAXIMUM TEMPERATURE (F)   57        79      1921
 MINIMUM TEMPERATURE (F)   38         7      1983


SUNRISE AND SUNSET
DECEMBER 22 2014......SUNRISE   719 AM CST   SUNSET   521 PM CST
DECEMBER 23 2014......SUNRISE   720 AM CST   SUNSET   522 PM CST


-  INDICATES NEGATIVE NUMBERS.
R  INDICATES RECORD WAS SET OR TIED.
MM INDICATES DATA IS MISSING.
T  INDICATES TRACE AMOUNT.




$$





U.S. Dept. of Commerce
NOAA National Weather Service
1325 East West Highway
Silver Spring, MD 20910
E-mail: w-nws.webmaster@noaa.gov
Page last modified: May 16, 2007
NATIONAL WEATHER SERVICE: for Safety, for Work, for Fun - FOR LIFE