248
CDUS44 KSHV 240746
CLITXK


CLIMATE REPORT
NATIONAL WEATHER SERVICE SHREVEPORT, LA
246 AM CDT THU APR 24 2014


...................................

...THE TEXARKANA CLIMATE SUMMARY FOR APRIL 23 2014...

CLIMATE NORMAL PERIOD 1981 TO 2010
CLIMATE RECORD PERIOD 1896 TO 2014


WEATHER ITEM   OBSERVED TIME   RECORD YEAR NORMAL DEPARTURE LAST
                VALUE   (LST)  VALUE       VALUE  FROM      YEAR
                                                  NORMAL
..................................................................
TEMPERATURE (F)
 YESTERDAY
  MAXIMUM         83    355 PM  90    1926  77      6       79
  MINIMUM         54    601 AM  39    1931  55     -1       49
  AVERAGE         69                        66      3       64

PRECIPITATION (IN)
  YESTERDAY        0.00          2.90 1941   0.14  -0.14     0.00
  MONTH TO DATE    2.29                      2.90  -0.61     2.45
  SINCE DEC 1     15.35                     19.54  -4.19    14.96
  SINCE JAN 1      9.52                     14.49  -4.97    10.50

SNOWFALL (IN)
  YESTERDAY        0.0
  MONTH TO DATE    0.0
  SINCE MAR 1      T
  SINCE JUL 1      1.7
  SNOW DEPTH       0

DEGREE DAYS
 HEATING
  YESTERDAY        0                         2     -2        1
  MONTH TO DATE  133                        97     36      134
  SINCE MAR 1    527                       397    130      524
  SINCE JUL 1   2995                      2591    404     2470

 COOLING
  YESTERDAY        4                         3      1        0
  MONTH TO DATE   43                        50     -7       57
  SINCE MAR 1     50                        69    -19       68
  SINCE JAN 1     50                        73    -23       72
..................................................................


WIND (MPH)
  HIGHEST WIND SPEED    14   HIGHEST WIND DIRECTION    SE (150)
  HIGHEST GUST SPEED    18   HIGHEST GUST DIRECTION    SE (140)
  AVERAGE WIND SPEED     6.4


SKY COVER
  POSSIBLE SUNSHINE  MM
  AVERAGE SKY COVER 0.1


WEATHER CONDITIONS
 THE FOLLOWING WEATHER WAS RECORDED YESTERDAY.
  FOG


RELATIVE HUMIDITY (PERCENT)
 HIGHEST   100           600 AM
 LOWEST     40           200 PM
 AVERAGE    70

..........................................................


THE TEXARKANA CLIMATE NORMALS FOR TODAY
                         NORMAL    RECORD    YEAR
 MAXIMUM TEMPERATURE (F)   77        95      1965
 MINIMUM TEMPERATURE (F)   55        38      1903


SUNRISE AND SUNSET
APRIL 24 2014.........SUNRISE   635 AM CDT   SUNSET   754 PM CDT
APRIL 25 2014.........SUNRISE   634 AM CDT   SUNSET   754 PM CDT


-  INDICATES NEGATIVE NUMBERS.
R  INDICATES RECORD WAS SET OR TIED.
MM INDICATES DATA IS MISSING.
T  INDICATES TRACE AMOUNT.




$$





U.S. Dept. of Commerce
NOAA National Weather Service
1325 East West Highway
Silver Spring, MD 20910
E-mail: w-nws.webmaster@noaa.gov
Page last modified: May 16, 2007
NATIONAL WEATHER SERVICE: for Safety, for Work, for Fun - FOR LIFE