693
CDUS44 KSHV 010746
CLITXK


CLIMATE REPORT
NATIONAL WEATHER SERVICE SHREVEPORT, LA
241 AM CDT WED OCT 1 2014


...................................

...THE TEXARKANA CLIMATE SUMMARY FOR SEPTEMBER 30 2014...

CLIMATE NORMAL PERIOD 1981 TO 2010
CLIMATE RECORD PERIOD 1896 TO 2014


WEATHER ITEM   OBSERVED TIME   RECORD YEAR NORMAL DEPARTURE LAST
                VALUE   (LST)  VALUE       VALUE  FROM      YEAR
                                                  NORMAL
..................................................................
TEMPERATURE (F)
 YESTERDAY
  MAXIMUM         87    355 PM  99    1953  82      5       82
  MINIMUM         66    133 AM  42    1899  58      8       70
  AVERAGE         77                        70      7       76

PRECIPITATION (IN)
  YESTERDAY        T             1.35 1955   0.12  -0.12     0.02
  MONTH TO DATE    2.05                      3.43  -1.38     9.86
  SINCE DEC 1     32.81                     39.90  -7.09    33.90
  SINCE JAN 1     26.98                     34.85  -7.87    29.44

SNOWFALL (IN)
  YESTERDAY        0.0
  MONTH TO DATE    0.0
  SINCE SEP 1      0.0
  SINCE JUL 1      0.0
  SNOW DEPTH       0

DEGREE DAYS
 HEATING
  YESTERDAY        0                         1     -1        0
  MONTH TO DATE    3                         9     -6        0
  SINCE SEP 1      3                        11     -8        0
  SINCE JUL 1      3                        11     -8        0

 COOLING
  YESTERDAY       12                         6      6       11
  MONTH TO DATE  349                       306     43      437
  SINCE SEP 1    349                       306     43      437
  SINCE JAN 1   2000                      2094    -94     2252
..................................................................


WIND (MPH)
  HIGHEST WIND SPEED    10   HIGHEST WIND DIRECTION    NE (60)
  HIGHEST GUST SPEED    13   HIGHEST GUST DIRECTION     E (90)
  AVERAGE WIND SPEED     3.8


SKY COVER
  POSSIBLE SUNSHINE  MM
  AVERAGE SKY COVER 0.7


WEATHER CONDITIONS
 THE FOLLOWING WEATHER WAS RECORDED YESTERDAY.
  NO SIGNIFICANT WEATHER WAS OBSERVED.


RELATIVE HUMIDITY (PERCENT)
 HIGHEST    93          1200 AM
 LOWEST     48           200 PM
 AVERAGE    71

..........................................................


THE TEXARKANA CLIMATE NORMALS FOR TODAY
                         NORMAL    RECORD    YEAR
 MAXIMUM TEMPERATURE (F)   81       104      1938
 MINIMUM TEMPERATURE (F)   58        38      1984


SUNRISE AND SUNSET
OCTOBER  1 2014.......SUNRISE   710 AM CDT   SUNSET   700 PM CDT
OCTOBER  2 2014.......SUNRISE   711 AM CDT   SUNSET   659 PM CDT


-  INDICATES NEGATIVE NUMBERS.
R  INDICATES RECORD WAS SET OR TIED.
MM INDICATES DATA IS MISSING.
T  INDICATES TRACE AMOUNT.




$$





U.S. Dept. of Commerce
NOAA National Weather Service
1325 East West Highway
Silver Spring, MD 20910
E-mail: w-nws.webmaster@noaa.gov
Page last modified: May 16, 2007
NATIONAL WEATHER SERVICE: for Safety, for Work, for Fun - FOR LIFE