899
CDUS44 KSHV 180735
CLITXK


CLIMATE REPORT
NATIONAL WEATHER SERVICE SHREVEPORT, LA
233 AM CDT FRI APR 18 2014


...................................

...THE TEXARKANA CLIMATE SUMMARY FOR APRIL 17 2014...

CLIMATE NORMAL PERIOD 1981 TO 2010
CLIMATE RECORD PERIOD 1896 TO 2014


WEATHER ITEM   OBSERVED TIME   RECORD YEAR NORMAL DEPARTURE LAST
                VALUE   (LST)  VALUE       VALUE  FROM      YEAR
                                                  NORMAL
..................................................................
TEMPERATURE (F)
 YESTERDAY
  MAXIMUM         67    453 PM  92    2006  76     -9       86
  MINIMUM         42    600 AM  32    1921  53    -11       72
  AVERAGE         55                        64     -9       79

PRECIPITATION (IN)
  YESTERDAY        0.00          2.52 1943   0.12  -0.12     0.00
  MONTH TO DATE    2.24                      2.09   0.15     1.50
  SINCE DEC 1     15.30                     18.73  -3.43    14.01
  SINCE JAN 1      9.47                     13.68  -4.21     9.55

SNOWFALL (IN)
  YESTERDAY        0.0
  MONTH TO DATE    0.0
  SINCE MAR 1      T
  SINCE JUL 1      1.7
  SNOW DEPTH       0

DEGREE DAYS
 HEATING
  YESTERDAY       10                         3      7        0
  MONTH TO DATE  128                        81     47       90
  SINCE MAR 1    522                       381    141      480
  SINCE JUL 1   2990                      2575    415     2426

 COOLING
  YESTERDAY        0                         3     -3       14
  MONTH TO DATE   29                        32     -3       57
  SINCE MAR 1     36                        51    -15       68
  SINCE JAN 1     36                        55    -19       72
..................................................................


WIND (MPH)
  HIGHEST WIND SPEED    10   HIGHEST WIND DIRECTION    SE (140)
  HIGHEST GUST SPEED    14   HIGHEST GUST DIRECTION    NE (50)
  AVERAGE WIND SPEED     3.9


SKY COVER
  POSSIBLE SUNSHINE  MM
  AVERAGE SKY COVER 0.4


WEATHER CONDITIONS
 THE FOLLOWING WEATHER WAS RECORDED YESTERDAY.
  THUNDERSTORM


RELATIVE HUMIDITY (PERCENT)
 HIGHEST    83           700 AM
 LOWEST     40           400 PM
 AVERAGE    62

..........................................................


THE TEXARKANA CLIMATE NORMALS FOR TODAY
                         NORMAL    RECORD    YEAR
 MAXIMUM TEMPERATURE (F)   76        94      2006
 MINIMUM TEMPERATURE (F)   53        36      1921


SUNRISE AND SUNSET
APRIL 18 2014.........SUNRISE   642 AM CDT   SUNSET   749 PM CDT
APRIL 19 2014.........SUNRISE   641 AM CDT   SUNSET   750 PM CDT


-  INDICATES NEGATIVE NUMBERS.
R  INDICATES RECORD WAS SET OR TIED.
MM INDICATES DATA IS MISSING.
T  INDICATES TRACE AMOUNT.




$$





U.S. Dept. of Commerce
NOAA National Weather Service
1325 East West Highway
Silver Spring, MD 20910
E-mail: w-nws.webmaster@noaa.gov
Page last modified: May 16, 2007
NATIONAL WEATHER SERVICE: for Safety, for Work, for Fun - FOR LIFE