396
CDUS45 KBOI 010932
CLITWF


CLIMATE REPORT
NATIONAL WEATHER SERVICE BOISE ID
331 AM MDT MON SEP 1 2014


...................................

...THE TWIN FALLS ID CLIMATE SUMMARY FOR AUGUST 31 2014...

CLIMATE NORMAL PERIOD 1981 TO 2010
CLIMATE RECORD PERIOD 9999 TO 9999


WEATHER ITEM   OBSERVED TIME   NORMAL DEPARTURE LAST
                VALUE   (LST)  VALUE  FROM      YEAR
                                      NORMAL
......................................................
TEMPERATURE (F)
 YESTERDAY
  MAXIMUM         72    501 PM  84    -12       93
  MINIMUM         51    645 AM  52     -1       59
  AVERAGE         62

PRECIPITATION (IN)
  YESTERDAY        T             0.01  -0.01     0.00
  MONTH TO DATE    5.57          0.32   5.25      T
  SINCE OCT 1     12.72         10.13   2.59     6.37
  SINCE JAN 1     12.25          6.88   5.37     3.19

DEGREE DAYS
 HEATING
  YESTERDAY        3             2      1        0
  MONTH TO DATE   19            11      8        0
  SINCE JUN 1     77           108    -31       55
  SINCE JUL 1     19            21     -2        0

 COOLING
  YESTERDAY        0             5     -5       11
  MONTH TO DATE  205           231    -26      383
  SINCE JUN 1    726           595    131     1014
  SINCE JAN 1    759           617    142     1039
......................................................


WIND (MPH)
  HIGHEST WIND SPEED    22   HIGHEST WIND DIRECTION     W (260)
  HIGHEST GUST SPEED    27   HIGHEST GUST DIRECTION     W (260)
  AVERAGE WIND SPEED    11.8


SKY COVER
  AVERAGE SKY COVER 0.2


WEATHER CONDITIONS
 THE FOLLOWING WEATHER WAS RECORDED YESTERDAY.
  LIGHT RAIN


RELATIVE HUMIDITY (PERCENT)
 HIGHEST    77          1200 AM
 LOWEST     29           400 PM
 AVERAGE    53

..........................................................




SUNRISE AND SUNSET
SEPTEMBER  1 2014.....SUNRISE   703 AM MDT   SUNSET   812 PM MDT
SEPTEMBER  2 2014.....SUNRISE   704 AM MDT   SUNSET   810 PM MDT


-  INDICATES NEGATIVE NUMBERS.
R  INDICATES RECORD WAS SET OR TIED.
MM INDICATES DATA IS MISSING.
T  INDICATES TRACE AMOUNT.




$$





U.S. Dept. of Commerce
NOAA National Weather Service
1325 East West Highway
Silver Spring, MD 20910
E-mail: w-nws.webmaster@noaa.gov
Page last modified: May 16, 2007
NATIONAL WEATHER SERVICE: for Safety, for Work, for Fun - FOR LIFE