482
CDUS45 KBOI 300930
CLITWF


CLIMATE REPORT
NATIONAL WEATHER SERVICE BOISE ID
230 AM MST FRI JAN 30 2015


...................................

...THE TWIN FALLS ID CLIMATE SUMMARY FOR JANUARY 29 2015...

CLIMATE NORMAL PERIOD 1981 TO 2010
CLIMATE RECORD PERIOD 9999 TO 9999


WEATHER ITEM   OBSERVED TIME   NORMAL DEPARTURE LAST
                VALUE   (LST)  VALUE  FROM      YEAR
                                      NORMAL
......................................................
TEMPERATURE (F)
 YESTERDAY
  MAXIMUM         44    241 PM  39      5       56
  MINIMUM         30   1206 AM  22      8       31
  AVERAGE         37

PRECIPITATION (IN)
  YESTERDAY        0.00          0.02  -0.02     0.42
  MONTH TO DATE    0.92          0.92   0.00     0.70
  SINCE OCT 1      3.92          4.17  -0.25     1.17
  SINCE JAN 1      0.92          0.92   0.00     0.70

DEGREE DAYS
 HEATING
  YESTERDAY       28            35     -7       21
  MONTH TO DATE  946          1029    -83      916
  SINCE DEC 1   1827          2158   -331     2106
  SINCE JUL 1   3019          3596   -577     3462

 COOLING
  YESTERDAY        0             0      0        0
  MONTH TO DATE    0             0      0        0
  SINCE DEC 1      0             0      0        0
  SINCE JAN 1      0             0      0        0
......................................................


WIND (MPH)
  HIGHEST WIND SPEED    18   HIGHEST WIND DIRECTION     E (70)
  HIGHEST GUST SPEED    23   HIGHEST GUST DIRECTION     E (70)
  AVERAGE WIND SPEED     8.1


SKY COVER
  AVERAGE SKY COVER 0.5


WEATHER CONDITIONS
 THE FOLLOWING WEATHER WAS RECORDED YESTERDAY.
  FOG
  FOG W/VISIBILITY <= 1/4 MILE


RELATIVE HUMIDITY (PERCENT)
 HIGHEST    92           100 AM
 LOWEST     70          1200 PM
 AVERAGE    81

..........................................................




SUNRISE AND SUNSET
JANUARY 30 2015.......SUNRISE   754 AM MST   SUNSET   549 PM MST
JANUARY 31 2015.......SUNRISE   753 AM MST   SUNSET   550 PM MST


-  INDICATES NEGATIVE NUMBERS.
R  INDICATES RECORD WAS SET OR TIED.
MM INDICATES DATA IS MISSING.
T  INDICATES TRACE AMOUNT.




$$





U.S. Dept. of Commerce
NOAA National Weather Service
1325 East West Highway
Silver Spring, MD 20910
E-mail: w-nws.webmaster@noaa.gov
Page last modified: May 16, 2007
NATIONAL WEATHER SERVICE: for Safety, for Work, for Fun - FOR LIFE