152
CDUS45 KBOI 240932
CLITWF


CLIMATE REPORT
NATIONAL WEATHER SERVICE BOISE ID
331 AM MDT FRI OCT 24 2014


...................................

...THE TWIN FALLS ID CLIMATE SUMMARY FOR OCTOBER 23 2014...

CLIMATE NORMAL PERIOD 1981 TO 2010
CLIMATE RECORD PERIOD 9999 TO 9999


WEATHER ITEM   OBSERVED TIME   NORMAL DEPARTURE LAST
                VALUE   (LST)  VALUE  FROM      YEAR
                                      NORMAL
......................................................
TEMPERATURE (F)
 YESTERDAY
  MAXIMUM         65    217 PM  60      5       71
  MINIMUM         40    246 AM  35      5       35
  AVERAGE         53

PRECIPITATION (IN)
  YESTERDAY        0.00          0.02  -0.02     0.00
  MONTH TO DATE    0.05          0.57  -0.52     0.09
  SINCE OCT 1      0.05          0.57  -0.52     0.09
  SINCE JAN 1     13.09          8.02   5.07     4.20

DEGREE DAYS
 HEATING
  YESTERDAY       12            17     -5       12
  MONTH TO DATE  173           305   -132      373
  SINCE SEP 1    256           445   -189      480
  SINCE JUL 1    275           466   -191      480

 COOLING
  YESTERDAY        0             0      0        0
  MONTH TO DATE    6             0      6        0
  SINCE SEP 1     92            61     31       99
  SINCE JAN 1    851           678    173     1138
......................................................


WIND (MPH)
  HIGHEST WIND SPEED    16   HIGHEST WIND DIRECTION     S (190)
  HIGHEST GUST SPEED    19   HIGHEST GUST DIRECTION     S (190)
  AVERAGE WIND SPEED     5.0


SKY COVER
  AVERAGE SKY COVER 0.5


WEATHER CONDITIONS
 THE FOLLOWING WEATHER WAS RECORDED YESTERDAY.
  HAZE


RELATIVE HUMIDITY (PERCENT)
 HIGHEST    73           300 AM
 LOWEST     31           100 PM
 AVERAGE    52

..........................................................




SUNRISE AND SUNSET
OCTOBER 24 2014.......SUNRISE   802 AM MDT   SUNSET   642 PM MDT
OCTOBER 25 2014.......SUNRISE   803 AM MDT   SUNSET   640 PM MDT


-  INDICATES NEGATIVE NUMBERS.
R  INDICATES RECORD WAS SET OR TIED.
MM INDICATES DATA IS MISSING.
T  INDICATES TRACE AMOUNT.




$$





U.S. Dept. of Commerce
NOAA National Weather Service
1325 East West Highway
Silver Spring, MD 20910
E-mail: w-nws.webmaster@noaa.gov
Page last modified: May 16, 2007
NATIONAL WEATHER SERVICE: for Safety, for Work, for Fun - FOR LIFE