224
CDUS45 KBOI 230933
CLITWF


CLIMATE REPORT
NATIONAL WEATHER SERVICE BOISE ID
333 AM MDT THU OCT 23 2014


...................................

...THE TWIN FALLS ID CLIMATE SUMMARY FOR OCTOBER 22 2014...

CLIMATE NORMAL PERIOD 1981 TO 2010
CLIMATE RECORD PERIOD 9999 TO 9999


WEATHER ITEM   OBSERVED TIME   NORMAL DEPARTURE LAST
                VALUE   (LST)  VALUE  FROM      YEAR
                                      NORMAL
......................................................
TEMPERATURE (F)
 YESTERDAY
  MAXIMUM         63    246 PM  61      2       70
  MINIMUM         37    508 AM  36      1       33
  AVERAGE         50

PRECIPITATION (IN)
  YESTERDAY        0.00          0.02  -0.02     0.00
  MONTH TO DATE    0.05          0.55  -0.50     0.09
  SINCE OCT 1      0.05          0.55  -0.50     0.09
  SINCE JAN 1     13.09          8.00   5.09     4.20

DEGREE DAYS
 HEATING
  YESTERDAY       15            17     -2       13
  MONTH TO DATE  161           288   -127      361
  SINCE SEP 1    244           428   -184      468
  SINCE JUL 1    263           449   -186      468

 COOLING
  YESTERDAY        0             0      0        0
  MONTH TO DATE    6             0      6        0
  SINCE SEP 1     92            61     31       99
  SINCE JAN 1    851           678    173     1138
......................................................


WIND (MPH)
  HIGHEST WIND SPEED    15   HIGHEST WIND DIRECTION     S (180)
  HIGHEST GUST SPEED    18   HIGHEST GUST DIRECTION     S (190)
  AVERAGE WIND SPEED     7.5


SKY COVER
  AVERAGE SKY COVER 0.2


WEATHER CONDITIONS
 THE FOLLOWING WEATHER WAS RECORDED YESTERDAY.
  NO SIGNIFICANT WEATHER WAS OBSERVED.


RELATIVE HUMIDITY (PERCENT)
 HIGHEST    76          1200 AM
 LOWEST     29           400 PM
 AVERAGE    53

..........................................................




SUNRISE AND SUNSET
OCTOBER 23 2014.......SUNRISE   800 AM MDT   SUNSET   643 PM MDT
OCTOBER 24 2014.......SUNRISE   802 AM MDT   SUNSET   642 PM MDT


-  INDICATES NEGATIVE NUMBERS.
R  INDICATES RECORD WAS SET OR TIED.
MM INDICATES DATA IS MISSING.
T  INDICATES TRACE AMOUNT.




$$





U.S. Dept. of Commerce
NOAA National Weather Service
1325 East West Highway
Silver Spring, MD 20910
E-mail: w-nws.webmaster@noaa.gov
Page last modified: May 16, 2007
NATIONAL WEATHER SERVICE: for Safety, for Work, for Fun - FOR LIFE