347
CDUS45 KBOI 300932
CLITWF


CLIMATE REPORT
NATIONAL WEATHER SERVICE BOISE ID
331 AM MDT WED JUL 30 2014


...................................

...THE TWIN FALLS ID CLIMATE SUMMARY FOR JULY 29 2014...

CLIMATE NORMAL PERIOD 1981 TO 2010
CLIMATE RECORD PERIOD 9999 TO 9999


WEATHER ITEM   OBSERVED TIME   NORMAL DEPARTURE LAST
                VALUE   (LST)  VALUE  FROM      YEAR
                                      NORMAL
......................................................
TEMPERATURE (F)
 YESTERDAY
  MAXIMUM         90    354 PM  91     -1       90
  MINIMUM         59    452 AM  59      0       61
  AVERAGE         75

PRECIPITATION (IN)
  YESTERDAY        T             0.01  -0.01     0.00
  MONTH TO DATE    0.23          0.28  -0.05     0.16
  SINCE OCT 1      7.15          9.79  -2.64     6.37
  SINCE JAN 1      6.68          6.54   0.14     3.19

DEGREE DAYS
 HEATING
  YESTERDAY        0             0      0        0
  MONTH TO DATE    0             3     -3        0
  SINCE JUN 1     58            90    -32       55
  SINCE JUL 1      0             3     -3        0

 COOLING
  YESTERDAY       10            10      0       11
  MONTH TO DATE  415           256    159      429
  SINCE JUN 1    502           343    159      602
  SINCE JAN 1    535           365    170      627
......................................................


WIND (MPH)
  HIGHEST WIND SPEED    24   HIGHEST WIND DIRECTION     N (360)
  HIGHEST GUST SPEED    30   HIGHEST GUST DIRECTION     N (10)
  AVERAGE WIND SPEED     8.8


SKY COVER
  AVERAGE SKY COVER 0.2


WEATHER CONDITIONS
 THE FOLLOWING WEATHER WAS RECORDED YESTERDAY.
  LIGHT RAIN
  HAZE


RELATIVE HUMIDITY (PERCENT)
 HIGHEST    78           600 AM
 LOWEST     26           300 PM
 AVERAGE    52

..........................................................




SUNRISE AND SUNSET
JULY 30 2014..........SUNRISE   628 AM MDT   SUNSET   900 PM MDT
JULY 31 2014..........SUNRISE   629 AM MDT   SUNSET   859 PM MDT


-  INDICATES NEGATIVE NUMBERS.
R  INDICATES RECORD WAS SET OR TIED.
MM INDICATES DATA IS MISSING.
T  INDICATES TRACE AMOUNT.




$$





U.S. Dept. of Commerce
NOAA National Weather Service
1325 East West Highway
Silver Spring, MD 20910
E-mail: w-nws.webmaster@noaa.gov
Page last modified: May 16, 2007
NATIONAL WEATHER SERVICE: for Safety, for Work, for Fun - FOR LIFE