314
CDUS45 KBOI 200936
CLITWF


CLIMATE REPORT
NATIONAL WEATHER SERVICE BOISE ID
336 AM MDT SAT SEP 20 2014


...................................

...THE TWIN FALLS ID CLIMATE SUMMARY FOR SEPTEMBER 19 2014...

CLIMATE NORMAL PERIOD 1981 TO 2010
CLIMATE RECORD PERIOD 9999 TO 9999


WEATHER ITEM   OBSERVED TIME   NORMAL DEPARTURE LAST
                VALUE   (LST)  VALUE  FROM      YEAR
                                      NORMAL
......................................................
TEMPERATURE (F)
 YESTERDAY
  MAXIMUM         79    436 PM  76      3       71
  MINIMUM         58    646 AM  46     12       37
  AVERAGE         69

PRECIPITATION (IN)
  YESTERDAY        0.00          0.02  -0.02     0.00
  MONTH TO DATE    T             0.31  -0.31     0.73
  SINCE OCT 1     12.72         10.44   2.28     7.10
  SINCE JAN 1     12.25          7.19   5.06     3.92

DEGREE DAYS
 HEATING
  YESTERDAY        0             5     -5       11
  MONTH TO DATE   41            61    -20       20
  SINCE SEP 1     41            61    -20       20
  SINCE JUL 1     60            82    -22       20

 COOLING
  YESTERDAY        4             1      3        0
  MONTH TO DATE   57            53      4       97
  SINCE SEP 1     57            53      4       97
  SINCE JAN 1    816           670    146     1136
......................................................


WIND (MPH)
  HIGHEST WIND SPEED    20   HIGHEST WIND DIRECTION    SW (240)
  HIGHEST GUST SPEED    25   HIGHEST GUST DIRECTION    SW (220)
  AVERAGE WIND SPEED    11.9


SKY COVER
  AVERAGE SKY COVER 0.0


WEATHER CONDITIONS
 THE FOLLOWING WEATHER WAS RECORDED YESTERDAY.
  HAZE


RELATIVE HUMIDITY (PERCENT)
 HIGHEST    52           800 AM
 LOWEST     28           500 PM
 AVERAGE    40

..........................................................




SUNRISE AND SUNSET
SEPTEMBER 20 2014.....SUNRISE   723 AM MDT   SUNSET   739 PM MDT
SEPTEMBER 21 2014.....SUNRISE   724 AM MDT   SUNSET   737 PM MDT


-  INDICATES NEGATIVE NUMBERS.
R  INDICATES RECORD WAS SET OR TIED.
MM INDICATES DATA IS MISSING.
T  INDICATES TRACE AMOUNT.




$$





U.S. Dept. of Commerce
NOAA National Weather Service
1325 East West Highway
Silver Spring, MD 20910
E-mail: w-nws.webmaster@noaa.gov
Page last modified: May 16, 2007
NATIONAL WEATHER SERVICE: for Safety, for Work, for Fun - FOR LIFE