117
CDUS45 KBOI 200932
CLITWF


CLIMATE REPORT
NATIONAL WEATHER SERVICE BOISE ID
331 AM MDT SUN APR 20 2014


...................................

...THE TWIN FALLS ID CLIMATE SUMMARY FOR APRIL 19 2014...

CLIMATE NORMAL PERIOD 1981 TO 2010
CLIMATE RECORD PERIOD 9999 TO 9999


WEATHER ITEM   OBSERVED TIME   NORMAL DEPARTURE LAST
                VALUE   (LST)  VALUE  FROM      YEAR
                                      NORMAL
......................................................
TEMPERATURE (F)
 YESTERDAY
  MAXIMUM         73    502 PM  62     11       57
  MINIMUM         35    521 AM  36     -1       38
  AVERAGE         54

PRECIPITATION (IN)
  YESTERDAY        0.00          0.04  -0.04     0.08
  MONTH TO DATE    0.19          0.69  -0.50     0.94
  SINCE OCT 1      4.79          6.77  -1.98     5.68
  SINCE JAN 1      4.32          3.52   0.80     2.50

DEGREE DAYS
 HEATING
  YESTERDAY       11            16     -5       17
  MONTH TO DATE  281           346    -65      352
  SINCE MAR 1    887          1068   -181     1008
  SINCE JUL 1   5140          5635   -495     5300

 COOLING
  YESTERDAY        0             0      0        0
  MONTH TO DATE    0             0      0        0
  SINCE MAR 1      0             0      0        0
  SINCE JAN 1      0             0      0        0
......................................................


WIND (MPH)
  HIGHEST WIND SPEED    32   HIGHEST WIND DIRECTION     W (250)
  HIGHEST GUST SPEED    40   HIGHEST GUST DIRECTION     W (250)
  AVERAGE WIND SPEED     8.9


SKY COVER
  AVERAGE SKY COVER 0.0


WEATHER CONDITIONS
 THE FOLLOWING WEATHER WAS RECORDED YESTERDAY.
  NO SIGNIFICANT WEATHER WAS OBSERVED.


RELATIVE HUMIDITY (PERCENT)
 HIGHEST    64           500 AM
 LOWEST     19           400 PM
 AVERAGE    42

..........................................................




SUNRISE AND SUNSET
APRIL 20 2014.........SUNRISE   649 AM MDT   SUNSET   825 PM MDT
APRIL 21 2014.........SUNRISE   647 AM MDT   SUNSET   827 PM MDT


-  INDICATES NEGATIVE NUMBERS.
R  INDICATES RECORD WAS SET OR TIED.
MM INDICATES DATA IS MISSING.
T  INDICATES TRACE AMOUNT.




$$





U.S. Dept. of Commerce
NOAA National Weather Service
1325 East West Highway
Silver Spring, MD 20910
E-mail: w-nws.webmaster@noaa.gov
Page last modified: May 16, 2007
NATIONAL WEATHER SERVICE: for Safety, for Work, for Fun - FOR LIFE