352
CDUS45 KBOI 190933
CLITWF


CLIMATE REPORT
NATIONAL WEATHER SERVICE BOISE ID
233 AM MST FRI DEC 19 2014


...................................

...THE TWIN FALLS ID CLIMATE SUMMARY FOR DECEMBER 18 2014...

CLIMATE NORMAL PERIOD 1981 TO 2010
CLIMATE RECORD PERIOD 9999 TO 9999


WEATHER ITEM   OBSERVED TIME   NORMAL DEPARTURE LAST
                VALUE   (LST)  VALUE  FROM      YEAR
                                      NORMAL
......................................................
TEMPERATURE (F)
 YESTERDAY
  MAXIMUM         47   1249 PM  36     11       45
  MINIMUM         27    752 AM  19      8       18
  AVERAGE         37

PRECIPITATION (IN)
  YESTERDAY        T             0.05  -0.05     0.00
  MONTH TO DATE    0.18          0.75  -0.57     0.06
  SINCE OCT 1      1.64          2.73  -1.09     0.41
  SINCE JAN 1     14.68         10.18   4.50     4.52

DEGREE DAYS
 HEATING
  YESTERDAY       28            37     -9       33
  MONTH TO DATE  423           649   -226      772
  SINCE DEC 1    423           649   -226      772
  SINCE JUL 1   1615          2087   -472     2128

 COOLING
  YESTERDAY        0             0      0        0
  MONTH TO DATE    0             0      0        0
  SINCE DEC 1      0             0      0        0
  SINCE JAN 1    851           680    171     1138
......................................................


WIND (MPH)
  HIGHEST WIND SPEED    15   HIGHEST WIND DIRECTION     S (170)
  HIGHEST GUST SPEED    19   HIGHEST GUST DIRECTION     S (180)
  AVERAGE WIND SPEED     7.8


SKY COVER
  AVERAGE SKY COVER 0.7


WEATHER CONDITIONS
 THE FOLLOWING WEATHER WAS RECORDED YESTERDAY.
  LIGHT SNOW


RELATIVE HUMIDITY (PERCENT)
 HIGHEST    75          1200 AM
 LOWEST     53          1100 AM
 AVERAGE    64

..........................................................




SUNRISE AND SUNSET
DECEMBER 19 2014......SUNRISE   803 AM MST   SUNSET   507 PM MST
DECEMBER 20 2014......SUNRISE   804 AM MST   SUNSET   508 PM MST


-  INDICATES NEGATIVE NUMBERS.
R  INDICATES RECORD WAS SET OR TIED.
MM INDICATES DATA IS MISSING.
T  INDICATES TRACE AMOUNT.




$$





U.S. Dept. of Commerce
NOAA National Weather Service
1325 East West Highway
Silver Spring, MD 20910
E-mail: w-nws.webmaster@noaa.gov
Page last modified: May 16, 2007
NATIONAL WEATHER SERVICE: for Safety, for Work, for Fun - FOR LIFE