349
CDUS45 KBOI 230935
CLITWF


CLIMATE REPORT
NATIONAL WEATHER SERVICE BOISE ID
335 AM MDT WED JUL 23 2014


...................................

...THE TWIN FALLS ID CLIMATE SUMMARY FOR JULY 22 2014...

CLIMATE NORMAL PERIOD 1981 TO 2010
CLIMATE RECORD PERIOD 9999 TO 9999


WEATHER ITEM   OBSERVED TIME   NORMAL DEPARTURE LAST
                VALUE   (LST)  VALUE  FROM      YEAR
                                      NORMAL
......................................................
TEMPERATURE (F)
 YESTERDAY
  MAXIMUM         96    437 PM  91      5      100
  MINIMUM         57    547 AM  59     -2       65
  AVERAGE         77

PRECIPITATION (IN)
  YESTERDAY        0.01          0.01   0.00     0.00
  MONTH TO DATE    0.23          0.22   0.01     0.16
  SINCE OCT 1      7.15          9.73  -2.58     6.37
  SINCE JAN 1      6.68          6.48   0.20     3.19

DEGREE DAYS
 HEATING
  YESTERDAY        0             0      0        0
  MONTH TO DATE    0             3     -3        0
  SINCE JUN 1     58            90    -32       55
  SINCE JUL 1      0             3     -3        0

 COOLING
  YESTERDAY       12            10      2       18
  MONTH TO DATE  336           186    150      322
  SINCE JUN 1    423           273    150      495
  SINCE JAN 1    456           295    161      520
......................................................


WIND (MPH)
  HIGHEST WIND SPEED    15   HIGHEST WIND DIRECTION     S (190)
  HIGHEST GUST SPEED    20   HIGHEST GUST DIRECTION    NE (30)
  AVERAGE WIND SPEED     8.0


SKY COVER
  AVERAGE SKY COVER 0.0


WEATHER CONDITIONS
 THE FOLLOWING WEATHER WAS RECORDED YESTERDAY.
  NO SIGNIFICANT WEATHER WAS OBSERVED.


RELATIVE HUMIDITY (PERCENT)
 HIGHEST    73          1200 AM
 LOWEST     19           400 PM
 AVERAGE    46

..........................................................




SUNRISE AND SUNSET
JULY 23 2014..........SUNRISE   621 AM MDT   SUNSET   907 PM MDT
JULY 24 2014..........SUNRISE   622 AM MDT   SUNSET   906 PM MDT


-  INDICATES NEGATIVE NUMBERS.
R  INDICATES RECORD WAS SET OR TIED.
MM INDICATES DATA IS MISSING.
T  INDICATES TRACE AMOUNT.




$$





U.S. Dept. of Commerce
NOAA National Weather Service
1325 East West Highway
Silver Spring, MD 20910
E-mail: w-nws.webmaster@noaa.gov
Page last modified: May 16, 2007
NATIONAL WEATHER SERVICE: for Safety, for Work, for Fun - FOR LIFE