157
CDUS44 KJAN 242130
CLITVR


CLIMATE REPORT
NATIONAL WEATHER SERVICE JACKSON MS
428 PM CDT FRI OCT 24 2014


...................................

...THE VICKSBURG CLIMATE SUMMARY FOR OCTOBER 24 2014...
VALID TODAY AS OF 0400 PM LOCAL TIME.

CLIMATE NORMAL PERIOD 1981 TO 2010
CLIMATE RECORD PERIOD 1948 TO 2014


WEATHER ITEM   OBSERVED TIME   RECORD YEAR NORMAL DEPARTURE LAST
                VALUE   (LST)  VALUE       VALUE  FROM      YEAR
                                                  NORMAL
..................................................................
TEMPERATURE (F)
 TODAY
  MAXIMUM         75    251 PM  89    2003  76     -1       79
                                      1963
  MINIMUM         37    629 AM  29    1952  50    -13       41
  AVERAGE         56                        63     -7       60

PRECIPITATION (IN)
  TODAY            0.00          2.57 1997   0.17  -0.17     0.00
  MONTH TO DATE    4.55                      3.73   0.82     1.51
  SINCE SEP 1      5.55                      6.62  -1.07     7.16
  SINCE JAN 1     49.79                     43.19   6.60    55.31

SNOWFALL (IN)
  TODAY            0.0

DEGREE DAYS
 HEATING
  TODAY            9                         5      4        5
  MONTH TO DATE   57                        58     -1       66
  SINCE SEP 1     57                        63     -6       66
  SINCE JUL 1     57                        63     -6       66

 COOLING
  TODAY            0                         3     -3        0
  MONTH TO DATE  126                        98     28      121
  SINCE SEP 1    512                       406    106      526
  SINCE JAN 1   2170                      2195    -25     2233
..................................................................


WIND (MPH)
  HIGHEST WIND SPEED    12   HIGHEST WIND DIRECTION     N (10)
  HIGHEST GUST SPEED    14   HIGHEST GUST DIRECTION    NE (30)
  AVERAGE WIND SPEED     4.1


SKY COVER
  POSSIBLE SUNSHINE  MM
  AVERAGE SKY COVER 0.1


WEATHER CONDITIONS
 THE FOLLOWING WEATHER WAS RECORDED TODAY.
  FOG
  FOG W/VISIBILITY <= 1/4 MILE


RELATIVE HUMIDITY (PERCENT)
 HIGHEST   100           100 AM
 LOWEST     33           200 PM
 AVERAGE    67

..........................................................


THE VICKSBURG CLIMATE NORMALS FOR TOMORROW
                         NORMAL    RECORD    YEAR
 MAXIMUM TEMPERATURE (F)   76        86      2010
                                             2004
                                             2001
 MINIMUM TEMPERATURE (F)   49        27      1952


SUNRISE AND SUNSET
OCTOBER 24 2014.......SUNRISE   715 AM CDT   SUNSET   621 PM CDT
OCTOBER 25 2014.......SUNRISE   716 AM CDT   SUNSET   620 PM CDT


-  INDICATES NEGATIVE NUMBERS.
R  INDICATES RECORD WAS SET OR TIED.
MM INDICATES DATA IS MISSING.
T  INDICATES TRACE AMOUNT.




$$





U.S. Dept. of Commerce
NOAA National Weather Service
1325 East West Highway
Silver Spring, MD 20910
E-mail: w-nws.webmaster@noaa.gov
Page last modified: May 16, 2007
NATIONAL WEATHER SERVICE: for Safety, for Work, for Fun - FOR LIFE