180
CDUS44 KJAN 310808
CLITVR


CLIMATE REPORT
NATIONAL WEATHER SERVICE JACKSON MS
204 AM CST SAT JAN 31 2015


...................................

...THE VICKSBURG CLIMATE SUMMARY FOR JANUARY 30 2015...

CLIMATE NORMAL PERIOD 1981 TO 2010
CLIMATE RECORD PERIOD 1948 TO 2015


WEATHER ITEM   OBSERVED TIME   RECORD YEAR NORMAL DEPARTURE LAST
                VALUE   (LST)  VALUE       VALUE  FROM      YEAR
                                                  NORMAL
..................................................................
TEMPERATURE (F)
 YESTERDAY
  MAXIMUM         56    259 PM  80    1975  57     -1       50
  MINIMUM         36   1150 PM   9    2014  36      0        9
  AVERAGE         46                        47     -1       30

PRECIPITATION (IN)
  YESTERDAY        0.00          5.14 1999   0.19  -0.19     0.00
  MONTH TO DATE    5.57                      4.89   0.68     2.26
  SINCE DEC 1     10.16                     10.50  -0.34     6.61
  SINCE JAN 1      5.57                      4.89   0.68     2.26

SNOWFALL (IN)
  YESTERDAY        0.0

DEGREE DAYS
 HEATING
  YESTERDAY       19                        19      0       35
  MONTH TO DATE  609                       591     18      751
  SINCE DEC 1   1071                      1126    -55     1346
  SINCE JUL 1   1609                      1528     81     1876

 COOLING
  YESTERDAY        0                         0      0        0
  MONTH TO DATE    0                         0      0        0
  SINCE DEC 1      4                         6     -2       16
  SINCE JAN 1      0                         0      0        0
..................................................................


WIND (MPH)
  HIGHEST WIND SPEED    24   HIGHEST WIND DIRECTION     N (10)
  HIGHEST GUST SPEED    29   HIGHEST GUST DIRECTION     N (10)
  AVERAGE WIND SPEED     9.8


SKY COVER
  POSSIBLE SUNSHINE  MM
  AVERAGE SKY COVER 0.0


WEATHER CONDITIONS
 THE FOLLOWING WEATHER WAS RECORDED YESTERDAY.
  NO SIGNIFICANT WEATHER WAS OBSERVED.


RELATIVE HUMIDITY (PERCENT)
 HIGHEST    79           300 AM
 LOWEST     38           200 PM
 AVERAGE    59

..........................................................


THE VICKSBURG CLIMATE NORMALS FOR TODAY
                         NORMAL    RECORD    YEAR
 MAXIMUM TEMPERATURE (F)   57        82      2002
 MINIMUM TEMPERATURE (F)   36        13      1966


SUNRISE AND SUNSET
JANUARY 31 2015.......SUNRISE   659 AM CST   SUNSET   536 PM CST
FEBRUARY  1 2015......SUNRISE   658 AM CST   SUNSET   537 PM CST


-  INDICATES NEGATIVE NUMBERS.
R  INDICATES RECORD WAS SET OR TIED.
MM INDICATES DATA IS MISSING.
T  INDICATES TRACE AMOUNT.




$$





U.S. Dept. of Commerce
NOAA National Weather Service
1325 East West Highway
Silver Spring, MD 20910
E-mail: w-nws.webmaster@noaa.gov
Page last modified: May 16, 2007
NATIONAL WEATHER SERVICE: for Safety, for Work, for Fun - FOR LIFE