650
CDUS44 KJAN 210645
CLITVR


CLIMATE REPORT
NATIONAL WEATHER SERVICE JACKSON MS
140 AM CDT MON APR 21 2014


...................................

...THE VICKSBURG CLIMATE SUMMARY FOR APRIL 20 2014...

CLIMATE NORMAL PERIOD 1981 TO 2010
CLIMATE RECORD PERIOD 1948 TO 2014


WEATHER ITEM   OBSERVED TIME   RECORD YEAR NORMAL DEPARTURE LAST
                VALUE   (LST)  VALUE       VALUE  FROM      YEAR
                                                  NORMAL
..................................................................
TEMPERATURE (F)
 YESTERDAY
  MAXIMUM         82    332 PM  89    1987  77      5       70
  MINIMUM         55    438 AM  33    1953  54      1       35
  AVERAGE         69                        66      3       53

PRECIPITATION (IN)
  YESTERDAY        0.00          3.34 1982   0.19  -0.19     0.00
  MONTH TO DATE   12.21                      3.39   8.82     3.22
  SINCE MAR 1     18.14                      8.42   9.72     6.18
  SINCE JAN 1     23.56                     18.76   4.80    29.01

SNOWFALL (IN)
  YESTERDAY        0.0

DEGREE DAYS
 HEATING
  YESTERDAY        0                         3     -3       12
  MONTH TO DATE   80                        83     -3       97
  SINCE MAR 1    448                       348    100      483
  SINCE JUL 1   2857                      2324    533     2253

 COOLING
  YESTERDAY        4                         3      1        0
  MONTH TO DATE   48                        48      0       71
  SINCE MAR 1     55                        71    -16       78
  SINCE JAN 1     62                        80    -18       96
..................................................................


WIND (MPH)
  HIGHEST WIND SPEED    10   HIGHEST WIND DIRECTION     E (70)
  HIGHEST GUST SPEED    13   HIGHEST GUST DIRECTION     E (70)
  AVERAGE WIND SPEED     3.4


SKY COVER
  POSSIBLE SUNSHINE  MM
  AVERAGE SKY COVER 0.0


WEATHER CONDITIONS
 THE FOLLOWING WEATHER WAS RECORDED YESTERDAY.
  FOG
  FOG W/VISIBILITY <= 1/4 MILE


RELATIVE HUMIDITY (PERCENT)
 HIGHEST   100           200 AM
 LOWEST     36           100 PM
 AVERAGE    68

..........................................................


THE VICKSBURG CLIMATE NORMALS FOR TODAY
                         NORMAL    RECORD    YEAR
 MAXIMUM TEMPERATURE (F)   77        90      1987
 MINIMUM TEMPERATURE (F)   55        32      1953


SUNRISE AND SUNSET
APRIL 21 2014.........SUNRISE   628 AM CDT   SUNSET   738 PM CDT
APRIL 22 2014.........SUNRISE   627 AM CDT   SUNSET   739 PM CDT


-  INDICATES NEGATIVE NUMBERS.
R  INDICATES RECORD WAS SET OR TIED.
MM INDICATES DATA IS MISSING.
T  INDICATES TRACE AMOUNT.




$$





U.S. Dept. of Commerce
NOAA National Weather Service
1325 East West Highway
Silver Spring, MD 20910
E-mail: w-nws.webmaster@noaa.gov
Page last modified: May 16, 2007
NATIONAL WEATHER SERVICE: for Safety, for Work, for Fun - FOR LIFE