401
CDUS44 KJAN 230921
CLITVR


CLIMATE REPORT
NATIONAL WEATHER SERVICE JACKSON MS
419 AM CDT WED APR 23 2014


...................................

...THE VICKSBURG CLIMATE SUMMARY FOR APRIL 22 2014...

CLIMATE NORMAL PERIOD 1981 TO 2010
CLIMATE RECORD PERIOD 1948 TO 2014


WEATHER ITEM   OBSERVED TIME   RECORD YEAR NORMAL DEPARTURE LAST
                VALUE   (LST)  VALUE       VALUE  FROM      YEAR
                                                  NORMAL
..................................................................
TEMPERATURE (F)
 YESTERDAY
  MAXIMUM         80    412 PM  91    1987  78      2       78
  MINIMUM         61   1159 PM  40    1993  55      6       42
  AVERAGE         71                        66      5       60

PRECIPITATION (IN)
  YESTERDAY        T             1.40 1995   0.17  -0.17     0.00
  MONTH TO DATE   12.21                      3.72   8.49     3.22
  SINCE MAR 1     18.14                      8.75   9.39     6.18
  SINCE JAN 1     23.56                     19.09   4.47    29.01

SNOWFALL (IN)
  YESTERDAY        0.0

DEGREE DAYS
 HEATING
  YESTERDAY        0                         2     -2        5
  MONTH TO DATE   80                        87     -7      110
  SINCE MAR 1    448                       352     96      496
  SINCE JUL 1   2857                      2328    529     2266

 COOLING
  YESTERDAY        6                         3      3        0
  MONTH TO DATE   59                        54      5       71
  SINCE MAR 1     66                        77    -11       78
  SINCE JAN 1     73                        86    -13       96
..................................................................


WIND (MPH)
  HIGHEST WIND SPEED    14   HIGHEST WIND DIRECTION     N (10)
  HIGHEST GUST SPEED    19   HIGHEST GUST DIRECTION     N (360)
  AVERAGE WIND SPEED     5.8


SKY COVER
  POSSIBLE SUNSHINE  MM
  AVERAGE SKY COVER 0.5


WEATHER CONDITIONS
 THE FOLLOWING WEATHER WAS RECORDED YESTERDAY.
  RAIN
  LIGHT RAIN
  FOG


RELATIVE HUMIDITY (PERCENT)
 HIGHEST    93          1100 PM
 LOWEST     54           500 PM
 AVERAGE    74

..........................................................


THE VICKSBURG CLIMATE NORMALS FOR TODAY
                         NORMAL    RECORD    YEAR
 MAXIMUM TEMPERATURE (F)   78        89      1958
 MINIMUM TEMPERATURE (F)   55        40      1959


SUNRISE AND SUNSET
APRIL 23 2014.........SUNRISE   626 AM CDT   SUNSET   739 PM CDT
APRIL 24 2014.........SUNRISE   625 AM CDT   SUNSET   740 PM CDT


-  INDICATES NEGATIVE NUMBERS.
R  INDICATES RECORD WAS SET OR TIED.
MM INDICATES DATA IS MISSING.
T  INDICATES TRACE AMOUNT.




$$





U.S. Dept. of Commerce
NOAA National Weather Service
1325 East West Highway
Silver Spring, MD 20910
E-mail: w-nws.webmaster@noaa.gov
Page last modified: May 16, 2007
NATIONAL WEATHER SERVICE: for Safety, for Work, for Fun - FOR LIFE