695
CDUS44 KJAN 220830
CLITVR


CLIMATE REPORT
NATIONAL WEATHER SERVICE JACKSON MS
222 AM CST MON DEC 22 2014


...................................

...THE VICKSBURG CLIMATE SUMMARY FOR DECEMBER 21 2014...

CLIMATE NORMAL PERIOD 1981 TO 2010
CLIMATE RECORD PERIOD 1948 TO 2014


WEATHER ITEM   OBSERVED TIME   RECORD YEAR NORMAL DEPARTURE LAST
                VALUE   (LST)  VALUE       VALUE  FROM      YEAR
                                                  NORMAL
..................................................................
TEMPERATURE (F)
 YESTERDAY
  MAXIMUM         62    355 PM  79    2013  57      5       79
                                      1971
                                      1967
  MINIMUM         31    626 AM  19    1996  37     -6       59
  AVERAGE         47                        47      0       69

PRECIPITATION (IN)
  YESTERDAY        0.00          4.86 1990   0.18  -0.18     1.40
  MONTH TO DATE    1.33                      4.01  -2.68     4.06
  SINCE DEC 1      1.33                      4.01  -2.68     4.06
  SINCE JAN 1     55.24                     53.14   2.10    67.64

SNOWFALL (IN)
  YESTERDAY        0.0

DEGREE DAYS
 HEATING
  YESTERDAY       18                        18      0        0
  MONTH TO DATE  297                       346    -49      368
  SINCE DEC 1    297                       346    -49      368
  SINCE JUL 1    835                       748     87      898

 COOLING
  YESTERDAY        0                         0      0        4
  MONTH TO DATE    4                         0      4       16
  SINCE DEC 1      4                         0      4       16
  SINCE JAN 1   2193                      2225    -32     2280
..................................................................


WIND (MPH)
  HIGHEST WIND SPEED    12   HIGHEST WIND DIRECTION    SE (120)
  HIGHEST GUST SPEED    14   HIGHEST GUST DIRECTION    SE (130)
  AVERAGE WIND SPEED     4.5


SKY COVER
  POSSIBLE SUNSHINE  MM
  AVERAGE SKY COVER 0.1


WEATHER CONDITIONS
 THE FOLLOWING WEATHER WAS RECORDED YESTERDAY.
  FOG


RELATIVE HUMIDITY (PERCENT)
 HIGHEST    96           600 AM
 LOWEST     56           400 PM
 AVERAGE    76

..........................................................


THE VICKSBURG CLIMATE NORMALS FOR TODAY
                         NORMAL    RECORD    YEAR
 MAXIMUM TEMPERATURE (F)   57        78      1967
 MINIMUM TEMPERATURE (F)   36         7      1989


SUNRISE AND SUNSET
DECEMBER 22 2014......SUNRISE   702 AM CST   SUNSET   504 PM CST
DECEMBER 23 2014......SUNRISE   702 AM CST   SUNSET   504 PM CST


-  INDICATES NEGATIVE NUMBERS.
R  INDICATES RECORD WAS SET OR TIED.
MM INDICATES DATA IS MISSING.
T  INDICATES TRACE AMOUNT.




$$





U.S. Dept. of Commerce
NOAA National Weather Service
1325 East West Highway
Silver Spring, MD 20910
E-mail: w-nws.webmaster@noaa.gov
Page last modified: May 16, 2007
NATIONAL WEATHER SERVICE: for Safety, for Work, for Fun - FOR LIFE