099
CDUS44 KJAN 210806
CLITVR


CLIMATE REPORT
NATIONAL WEATHER SERVICE JACKSON MS
304 AM CDT TUE OCT 21 2014


...................................

...THE VICKSBURG CLIMATE SUMMARY FOR OCTOBER 20 2014...

CLIMATE NORMAL PERIOD 1981 TO 2010
CLIMATE RECORD PERIOD 1948 TO 2014


WEATHER ITEM   OBSERVED TIME   RECORD YEAR NORMAL DEPARTURE LAST
                VALUE   (LST)  VALUE       VALUE  FROM      YEAR
                                                  NORMAL
..................................................................
TEMPERATURE (F)
 YESTERDAY
  MAXIMUM         76    330 PM  90    2004  77     -1       71
  MINIMUM         40    543 AM  27    2011  51    -11       35
  AVERAGE         58                        64     -6       53

PRECIPITATION (IN)
  YESTERDAY        0.00          3.09 2002   0.17  -0.17     0.00
  MONTH TO DATE    4.55                      3.05   1.50     1.51
  SINCE SEP 1      5.55                      5.94  -0.39     7.16
  SINCE JAN 1     49.79                     42.51   7.28    55.31

SNOWFALL (IN)
  YESTERDAY        0.0

DEGREE DAYS
 HEATING
  YESTERDAY        7                         4      3       12
  MONTH TO DATE   33                        40     -7       38
  SINCE SEP 1     33                        45    -12       38
  SINCE JUL 1     33                        45    -12       38

 COOLING
  YESTERDAY        0                         3     -3        0
  MONTH TO DATE  126                        86     40      121
  SINCE SEP 1    512                       394    118      526
  SINCE JAN 1   2170                      2183    -13     2233
..................................................................


WIND (MPH)
  HIGHEST WIND SPEED     9   HIGHEST WIND DIRECTION     N (350)
  HIGHEST GUST SPEED    12   HIGHEST GUST DIRECTION    NW (320)
  AVERAGE WIND SPEED     1.6


SKY COVER
  POSSIBLE SUNSHINE  MM
  AVERAGE SKY COVER 0.1


WEATHER CONDITIONS
 THE FOLLOWING WEATHER WAS RECORDED YESTERDAY.
  NO SIGNIFICANT WEATHER WAS OBSERVED.


RELATIVE HUMIDITY (PERCENT)
 HIGHEST   100          1200 AM
 LOWEST     38           300 PM
 AVERAGE    69

..........................................................


THE VICKSBURG CLIMATE NORMALS FOR TODAY
                         NORMAL    RECORD    YEAR
 MAXIMUM TEMPERATURE (F)   77        89      2003
 MINIMUM TEMPERATURE (F)   51        29      1976


SUNRISE AND SUNSET
OCTOBER 21 2014.......SUNRISE   712 AM CDT   SUNSET   625 PM CDT
OCTOBER 22 2014.......SUNRISE   713 AM CDT   SUNSET   624 PM CDT


-  INDICATES NEGATIVE NUMBERS.
R  INDICATES RECORD WAS SET OR TIED.
MM INDICATES DATA IS MISSING.
T  INDICATES TRACE AMOUNT.




$$





U.S. Dept. of Commerce
NOAA National Weather Service
1325 East West Highway
Silver Spring, MD 20910
E-mail: w-nws.webmaster@noaa.gov
Page last modified: May 16, 2007
NATIONAL WEATHER SERVICE: for Safety, for Work, for Fun - FOR LIFE