845
CDUS43 KAPX 300530
CLITVC


CLIMATE REPORT
NATIONAL WEATHER SERVICE GAYLORD MI
130 AM EDT WED JUL 30 2014


...................................

...THE TRAVERSE CITY MI CLIMATE SUMMARY FOR JULY 29 2014...

CLIMATE NORMAL PERIOD 1981 TO 2010
CLIMATE RECORD PERIOD 1896 TO 2014


WEATHER ITEM   OBSERVED TIME   RECORD YEAR NORMAL DEPARTURE LAST
                VALUE   (LST)  VALUE       VALUE  FROM      YEAR
                                                  NORMAL
..................................................................
TEMPERATURE (F)
 YESTERDAY
  MAXIMUM         71    212 PM 100    1941  80     -9       71
  MINIMUM         55   1253 AM  43    1956  58     -3       55
  AVERAGE         63                        69     -6       63

PRECIPITATION (IN)
  YESTERDAY        0.00          2.40 1996   0.10  -0.10     0.02
  MONTH TO DATE    2.10                      2.80  -0.70     2.83
  SINCE JUN 1      4.77                      5.96  -1.19     4.21
  SINCE JAN 1     14.45                     17.51  -3.06    16.59

DEGREE DAYS
 HEATING
  YESTERDAY        2                         1      1        2
  MONTH TO DATE   51                        30     21       27
  SINCE JUN 1    123                       142    -19      129
  SINCE JUL 1     51                        30     21       27

 COOLING
  YESTERDAY        0                         5     -5        0
  MONTH TO DATE   89                       145    -56      201
  SINCE JUN 1    196                       226    -30      288
  SINCE JAN 1    205                       246    -41      330
..................................................................


WIND (MPH)
  HIGHEST WIND SPEED    16   HIGHEST WIND DIRECTION     N (360)
  HIGHEST GUST SPEED    23   HIGHEST GUST DIRECTION     N (360)
  AVERAGE WIND SPEED     5.7




RELATIVE HUMIDITY (PERCENT)
 HIGHEST    86
 LOWEST     57
 AVERAGE    72

..........................................................


THE TRAVERSE CITY MI CLIMATE NORMALS FOR TODAY
                         NORMAL    RECORD    YEAR
 MAXIMUM TEMPERATURE (F)   80       102      1916
 MINIMUM TEMPERATURE (F)   58        41      1965


SUNRISE AND SUNSET
JULY 30 2014..........SUNRISE   626 AM EDT   SUNSET   911 PM EDT
JULY 31 2014..........SUNRISE   627 AM EDT   SUNSET   909 PM EDT


-  INDICATES NEGATIVE NUMBERS.
R  INDICATES RECORD WAS SET OR TIED.
MM INDICATES DATA IS MISSING.
T  INDICATES TRACE AMOUNT.




$$





U.S. Dept. of Commerce
NOAA National Weather Service
1325 East West Highway
Silver Spring, MD 20910
E-mail: w-nws.webmaster@noaa.gov
Page last modified: May 16, 2007
NATIONAL WEATHER SERVICE: for Safety, for Work, for Fun - FOR LIFE