959
CDUS43 KAPX 210545
CLITVC


CLIMATE REPORT
NATIONAL WEATHER SERVICE GAYLORD MI
144 AM EDT TUE OCT 21 2014


...................................

...THE TRAVERSE CITY MI CLIMATE SUMMARY FOR OCTOBER 20 2014...

CLIMATE NORMAL PERIOD 1981 TO 2010
CLIMATE RECORD PERIOD 1896 TO 2014


WEATHER ITEM   OBSERVED TIME   RECORD YEAR NORMAL DEPARTURE LAST
                VALUE   (LST)  VALUE       VALUE  FROM      YEAR
                                                  NORMAL
..................................................................
TEMPERATURE (F)
 YESTERDAY
  MAXIMUM         54   1023 AM  79    1953  56     -2       52
  MINIMUM         47   1157 PM  22    1972  38      9       37
  AVERAGE         51                        47      4       45

PRECIPITATION (IN)
  YESTERDAY        T             1.29 1995   0.10  -0.10     0.24
  MONTH TO DATE    4.70                      2.10   2.60     5.11
  SINCE SEP 1     10.96                      5.63   5.33     8.03
  SINCE JAN 1     27.76                     26.74   1.02    28.60

DEGREE DAYS
 HEATING
  YESTERDAY       14                        18     -4       20
  MONTH TO DATE  279                       302    -23      184
  SINCE SEP 1    432                       495    -63      349
  SINCE JUL 1    511                       564    -53      399

 COOLING
  YESTERDAY        0                         0      0        0
  MONTH TO DATE    0                         0      0        1
  SINCE SEP 1     42                        38      4       54
  SINCE JAN 1    374                       407    -33      531
..................................................................


WIND (MPH)
  HIGHEST WIND SPEED    16   HIGHEST WIND DIRECTION    NW (330)
  HIGHEST GUST SPEED    22   HIGHEST GUST DIRECTION    NW (330)
  AVERAGE WIND SPEED     7.9




RELATIVE HUMIDITY (PERCENT)
 HIGHEST    86
 LOWEST     71
 AVERAGE    79

..........................................................


THE TRAVERSE CITY MI CLIMATE NORMALS FOR TODAY
                         NORMAL    RECORD    YEAR
 MAXIMUM TEMPERATURE (F)   55        82      1953
 MINIMUM TEMPERATURE (F)   38        21      1959


SUNRISE AND SUNSET
OCTOBER 21 2014.......SUNRISE   805 AM EDT   SUNSET   648 PM EDT
OCTOBER 22 2014.......SUNRISE   807 AM EDT   SUNSET   646 PM EDT


-  INDICATES NEGATIVE NUMBERS.
R  INDICATES RECORD WAS SET OR TIED.
MM INDICATES DATA IS MISSING.
T  INDICATES TRACE AMOUNT.




$$





U.S. Dept. of Commerce
NOAA National Weather Service
1325 East West Highway
Silver Spring, MD 20910
E-mail: w-nws.webmaster@noaa.gov
Page last modified: May 16, 2007
NATIONAL WEATHER SERVICE: for Safety, for Work, for Fun - FOR LIFE