086
CDUS43 KAPX 242239
CLITVC


CLIMATE REPORT
NATIONAL WEATHER SERVICE GAYLORD MI
539 PM EST MON NOV 24 2014


...................................

...THE TRAVERSE CITY MI CLIMATE SUMMARY FOR NOVEMBER 24 2014...
VALID TODAY AS OF 0500 PM LOCAL TIME.

CLIMATE NORMAL PERIOD 1981 TO 2010
CLIMATE RECORD PERIOD 1896 TO 2014


WEATHER ITEM   OBSERVED TIME   RECORD YEAR NORMAL DEPARTURE LAST
                VALUE   (LST)  VALUE       VALUE  FROM      YEAR
                                                  NORMAL
..................................................................
TEMPERATURE (F)
 TODAY
  MAXIMUM         48        MM  64    1931  40      8       24
  MINIMUM         39    500 PM  -5    1950  28     11       17
  AVERAGE         44                        34     10       21

PRECIPITATION (IN)
  TODAY            0.56R         0.45 2001   0.09   0.47      T
  MONTH TO DATE    2.82                      2.20   0.62     4.43
  SINCE SEP 1     14.45                      8.95   5.50    14.29
  SINCE JAN 1     31.25                     30.06   1.19    34.86

SNOWFALL (IN)
  TODAY           MM            MM      MM   0.4   MM       MM
  MONTH TO DATE   MM                         6.3   MM       MM
  SINCE OCT 1     MM                         6.5   MM       MM
  SINCE JUL 1     MM                         6.5   MM       MM

DEGREE DAYS
 HEATING
  TODAY           21                        31    -10       44
  MONTH TO DATE  743                       637    106      612
  SINCE SEP 1   1384                      1355     29     1202
  SINCE JUL 1   1463                      1424     39     1252
..................................................................


WIND (MPH)
  RESULTANT WIND SPEED   2   RESULTANT WIND DIRECTION   W (270)
  HIGHEST WIND SPEED    10   HIGHEST WIND DIRECTION    NW (330)
  HIGHEST GUST SPEED    MM   HIGHEST GUST DIRECTION    MM
  AVERAGE WIND SPEED     4.4


SKY COVER
  POSSIBLE SUNSHINE  MM
  AVERAGE SKY COVER 1.0


WEATHER CONDITIONS
 THE FOLLOWING WEATHER WAS RECORDED TODAY.
  RAIN
  LIGHT RAIN
  FOG


RELATIVE HUMIDITY (PERCENT)
 HIGHEST   100           400 AM
 LOWEST     85           500 PM
 AVERAGE    93

..........................................................




SUNRISE AND SUNSET
NOVEMBER 24 2014......SUNRISE   751 AM EST   SUNSET   507 PM EST
NOVEMBER 25 2014......SUNRISE   752 AM EST   SUNSET   506 PM EST


-  INDICATES NEGATIVE NUMBERS.
R  INDICATES RECORD WAS SET OR TIED.
MM INDICATES DATA IS MISSING.
T  INDICATES TRACE AMOUNT.




$$





U.S. Dept. of Commerce
NOAA National Weather Service
1325 East West Highway
Silver Spring, MD 20910
E-mail: w-nws.webmaster@noaa.gov
Page last modified: May 16, 2007
NATIONAL WEATHER SERVICE: for Safety, for Work, for Fun - FOR LIFE