749
CDUS43 KAPX 180529
CLITVC


CLIMATE REPORT
NATIONAL WEATHER SERVICE GAYLORD MI
129 AM EDT FRI APR 18 2014


...................................

...THE TRAVERSE CITY MI CLIMATE SUMMARY FOR APRIL 17 2014...

CLIMATE NORMAL PERIOD 1981 TO 2010
CLIMATE RECORD PERIOD 1896 TO 2014


WEATHER ITEM   OBSERVED TIME   RECORD YEAR NORMAL DEPARTURE LAST
                VALUE   (LST)  VALUE       VALUE  FROM      YEAR
                                                  NORMAL
..................................................................
TEMPERATURE (F)
 YESTERDAY
  MAXIMUM         58    326 PM  82    1976  55      3       51
  MINIMUM         36    955 PM  19    1978  33      3       28
  AVERAGE         47                        44      3       40

PRECIPITATION (IN)
  YESTERDAY        0.00          1.22 1960   0.10  -0.10     0.10
  MONTH TO DATE    2.93                      1.60   1.33     3.05
  SINCE MAR 1      3.85                      3.46   0.39     4.62
  SINCE JAN 1      5.27                      7.78  -2.51     8.16

DEGREE DAYS
 HEATING
  YESTERDAY       18                        21     -3       25
  MONTH TO DATE  450                       419     31      485
  SINCE MAR 1   1781                      1481    300     1599
  SINCE JUL 1   7503                      6821    682     6445

 COOLING
  YESTERDAY        0                         0      0        0
  MONTH TO DATE    0                         0      0        0
  SINCE MAR 1      0                         0      0        0
  SINCE JAN 1      0                         0      0        0
..................................................................


WIND (MPH)
  HIGHEST WIND SPEED    20   HIGHEST WIND DIRECTION    SE (140)
  HIGHEST GUST SPEED    26   HIGHEST GUST DIRECTION    SE (150)
  AVERAGE WIND SPEED     8.1




RELATIVE HUMIDITY (PERCENT)
 HIGHEST    82
 LOWEST     35
 AVERAGE    59

..........................................................


THE TRAVERSE CITY MI CLIMATE NORMALS FOR TODAY
                         NORMAL    RECORD    YEAR
 MAXIMUM TEMPERATURE (F)   55        85      2002
 MINIMUM TEMPERATURE (F)   33        20      1944


SUNRISE AND SUNSET
APRIL 18 2014.........SUNRISE   653 AM EDT   SUNSET   831 PM EDT
APRIL 19 2014.........SUNRISE   651 AM EDT   SUNSET   832 PM EDT


-  INDICATES NEGATIVE NUMBERS.
R  INDICATES RECORD WAS SET OR TIED.
MM INDICATES DATA IS MISSING.
T  INDICATES TRACE AMOUNT.




$$





U.S. Dept. of Commerce
NOAA National Weather Service
1325 East West Highway
Silver Spring, MD 20910
E-mail: w-nws.webmaster@noaa.gov
Page last modified: May 16, 2007
NATIONAL WEATHER SERVICE: for Safety, for Work, for Fun - FOR LIFE