859
CDUS43 KAPX 220539
CLITVC


CLIMATE REPORT
NATIONAL WEATHER SERVICE GAYLORD MI
1239 AM EST MON DEC 22 2014


...................................

...THE TRAVERSE CITY MI CLIMATE SUMMARY FOR DECEMBER 21 2014...

CLIMATE NORMAL PERIOD 1981 TO 2010
CLIMATE RECORD PERIOD 1896 TO 2014


WEATHER ITEM   OBSERVED TIME   RECORD YEAR NORMAL DEPARTURE LAST
                VALUE   (LST)  VALUE       VALUE  FROM      YEAR
                                                  NORMAL
..................................................................
TEMPERATURE (F)
 YESTERDAY
  MAXIMUM         35    507 PM  55    1967  31      4       30
  MINIMUM         28    446 AM  -4    1954  19      9       25
  AVERAGE         32                        25      7       28

PRECIPITATION (IN)
  YESTERDAY        0.00          0.54 1984   0.08  -0.08      T
  MONTH TO DATE    0.39                      1.66  -1.27     0.67
  SINCE DEC 1      0.39                      1.66  -1.27     0.67
  SINCE JAN 1     31.87                     32.22  -0.35    35.82

DEGREE DAYS
 HEATING
  YESTERDAY       33                        40     -7       37
  MONTH TO DATE  730                       777    -47      886
  SINCE DEC 1    730                       777    -47      886
  SINCE JUL 1   2409                      2396     13     2377
..................................................................


WIND (MPH)
  HIGHEST WIND SPEED    14   HIGHEST WIND DIRECTION    SE (150)
  HIGHEST GUST SPEED    21   HIGHEST GUST DIRECTION    SE (150)
  AVERAGE WIND SPEED     4.0




RELATIVE HUMIDITY (PERCENT)
 HIGHEST    89
 LOWEST     75
 AVERAGE    82

..........................................................


THE TRAVERSE CITY MI CLIMATE NORMALS FOR TODAY
                         NORMAL    RECORD    YEAR
 MAXIMUM TEMPERATURE (F)   31        55      1957
 MINIMUM TEMPERATURE (F)   19        -2      1945


SUNRISE AND SUNSET
DECEMBER 22 2014......SUNRISE   817 AM EST   SUNSET   505 PM EST
DECEMBER 23 2014......SUNRISE   817 AM EST   SUNSET   505 PM EST


-  INDICATES NEGATIVE NUMBERS.
R  INDICATES RECORD WAS SET OR TIED.
MM INDICATES DATA IS MISSING.
T  INDICATES TRACE AMOUNT.




$$





U.S. Dept. of Commerce
NOAA National Weather Service
1325 East West Highway
Silver Spring, MD 20910
E-mail: w-nws.webmaster@noaa.gov
Page last modified: May 16, 2007
NATIONAL WEATHER SERVICE: for Safety, for Work, for Fun - FOR LIFE