008
CDUS43 KAPX 250532
CLITVC


CLIMATE REPORT
NATIONAL WEATHER SERVICE GAYLORD MI
131 AM EDT FRI APR 25 2014


...................................

...THE TRAVERSE CITY MI CLIMATE SUMMARY FOR APRIL 24 2014...

CLIMATE NORMAL PERIOD 1981 TO 2010
CLIMATE RECORD PERIOD 1896 TO 2014


WEATHER ITEM   OBSERVED TIME   RECORD YEAR NORMAL DEPARTURE LAST
                VALUE   (LST)  VALUE       VALUE  FROM      YEAR
                                                  NORMAL
..................................................................
TEMPERATURE (F)
 YESTERDAY
  MAXIMUM         56    241 PM  85    1990  58     -2       48
  MINIMUM         32    235 AM  22    1969  35     -3       35
  AVERAGE         44                        46     -2       42

PRECIPITATION (IN)
  YESTERDAY        T             0.73 1994   0.09  -0.09      T
  MONTH TO DATE    3.13                      2.25   0.88     4.14
  SINCE MAR 1      4.05                      4.11  -0.06     5.71
  SINCE JAN 1      5.47                      8.43  -2.96     9.25

DEGREE DAYS
 HEATING
  YESTERDAY       21                        19      2       23
  MONTH TO DATE  593                       559     34      641
  SINCE MAR 1   1924                      1621    303     1755
  SINCE JUL 1   7646                      6961    685     6601

 COOLING
  YESTERDAY        0                         0      0        0
  MONTH TO DATE    0                         0      0        0
  SINCE MAR 1      0                         0      0        0
  SINCE JAN 1      0                         0      0        0
..................................................................


WIND (MPH)
  HIGHEST WIND SPEED    18   HIGHEST WIND DIRECTION    SE (120)
  HIGHEST GUST SPEED    32   HIGHEST GUST DIRECTION    SE (120)
  AVERAGE WIND SPEED     6.7




RELATIVE HUMIDITY (PERCENT)
 HIGHEST    82
 LOWEST     22
 AVERAGE    52

..........................................................


THE TRAVERSE CITY MI CLIMATE NORMALS FOR TODAY
                         NORMAL    RECORD    YEAR
 MAXIMUM TEMPERATURE (F)   58        88      1939
 MINIMUM TEMPERATURE (F)   35        20      1967


SUNRISE AND SUNSET
APRIL 25 2014.........SUNRISE   641 AM EDT   SUNSET   840 PM EDT
APRIL 26 2014.........SUNRISE   640 AM EDT   SUNSET   841 PM EDT


-  INDICATES NEGATIVE NUMBERS.
R  INDICATES RECORD WAS SET OR TIED.
MM INDICATES DATA IS MISSING.
T  INDICATES TRACE AMOUNT.




$$





U.S. Dept. of Commerce
NOAA National Weather Service
1325 East West Highway
Silver Spring, MD 20910
E-mail: w-nws.webmaster@noaa.gov
Page last modified: May 16, 2007
NATIONAL WEATHER SERVICE: for Safety, for Work, for Fun - FOR LIFE