578
CDUS43 KAPX 240528
CLITVC


CLIMATE REPORT
NATIONAL WEATHER SERVICE GAYLORD MI
128 AM EDT FRI OCT 24 2014


...................................

...THE TRAVERSE CITY MI CLIMATE SUMMARY FOR OCTOBER 23 2014...

CLIMATE NORMAL PERIOD 1981 TO 2010
CLIMATE RECORD PERIOD 1896 TO 2014


WEATHER ITEM   OBSERVED TIME   RECORD YEAR NORMAL DEPARTURE LAST
                VALUE   (LST)  VALUE       VALUE  FROM      YEAR
                                                  NORMAL
..................................................................
TEMPERATURE (F)
 YESTERDAY
  MAXIMUM         59    330 PM  82    1963  54      5       45
  MINIMUM         29    541 AM  22    2008  37     -8       31
  AVERAGE         44                        46     -2       38

PRECIPITATION (IN)
  YESTERDAY        0.00          1.36 1972   0.10  -0.10     0.05
  MONTH TO DATE    4.71                      2.39   2.32     5.58
  SINCE SEP 1     10.97                      5.92   5.05     8.50
  SINCE JAN 1     27.77                     27.03   0.74    29.07

DEGREE DAYS
 HEATING
  YESTERDAY       21                        19      2       27
  MONTH TO DATE  351                       359     -8      256
  SINCE SEP 1    504                       552    -48      421
  SINCE JUL 1    583                       621    -38      471

 COOLING
  YESTERDAY        0                         0      0        0
  MONTH TO DATE    0                         0      0        1
  SINCE SEP 1     42                        38      4       54
  SINCE JAN 1    374                       407    -33      531
..................................................................


WIND (MPH)
  HIGHEST WIND SPEED     9   HIGHEST WIND DIRECTION    SE (140)
  HIGHEST GUST SPEED    12   HIGHEST GUST DIRECTION     S (160)
  AVERAGE WIND SPEED     2.3




RELATIVE HUMIDITY (PERCENT)
 HIGHEST    92
 LOWEST     51
 AVERAGE    72

..........................................................


THE TRAVERSE CITY MI CLIMATE NORMALS FOR TODAY
                         NORMAL    RECORD    YEAR
 MAXIMUM TEMPERATURE (F)   54        80      1963
 MINIMUM TEMPERATURE (F)   37        24      1949


SUNRISE AND SUNSET
OCTOBER 24 2014.......SUNRISE   809 AM EDT   SUNSET   643 PM EDT
OCTOBER 25 2014.......SUNRISE   811 AM EDT   SUNSET   641 PM EDT


-  INDICATES NEGATIVE NUMBERS.
R  INDICATES RECORD WAS SET OR TIED.
MM INDICATES DATA IS MISSING.
T  INDICATES TRACE AMOUNT.




$$





U.S. Dept. of Commerce
NOAA National Weather Service
1325 East West Highway
Silver Spring, MD 20910
E-mail: w-nws.webmaster@noaa.gov
Page last modified: May 16, 2007
NATIONAL WEATHER SERVICE: for Safety, for Work, for Fun - FOR LIFE