455
CDUS43 KAPX 280538
CLITVC


CLIMATE REPORT
NATIONAL WEATHER SERVICE GAYLORD MI
1238 AM EST WED JAN 28 2015


...................................

...THE TRAVERSE CITY MI CLIMATE SUMMARY FOR JANUARY 27 2015...

CLIMATE NORMAL PERIOD 1981 TO 2010
CLIMATE RECORD PERIOD 1896 TO 2015


WEATHER ITEM   OBSERVED TIME   RECORD YEAR NORMAL DEPARTURE LAST
                VALUE   (LST)  VALUE       VALUE  FROM      YEAR
                                                  NORMAL
..................................................................
TEMPERATURE (F)
 YESTERDAY
  MAXIMUM         24    510 PM  55    1916  28     -4       11
  MINIMUM          8   1159 PM -19    1918  14     -6        0
  AVERAGE         16                        21     -5        6

PRECIPITATION (IN)
  YESTERDAY        0.00          1.23 1996   0.08  -0.08     0.01
  MONTH TO DATE    0.37                      2.51  -2.14     0.93
  SINCE DEC 1      1.43                      5.00  -3.57     1.92
  SINCE JAN 1      0.37                      2.51  -2.14     0.93

DEGREE DAYS
 HEATING
  YESTERDAY       49                        44      5       59
  MONTH TO DATE 1260                      1173     87     1281
  SINCE DEC 1   2331                      2362    -31     2611
  SINCE JUL 1   4010                      3981     29     4102
..................................................................


WIND (MPH)
  HIGHEST WIND SPEED    10   HIGHEST WIND DIRECTION     N (10)
  HIGHEST GUST SPEED    14   HIGHEST GUST DIRECTION     N (10)
  AVERAGE WIND SPEED     2.9




RELATIVE HUMIDITY (PERCENT)
 HIGHEST    91
 LOWEST     46
 AVERAGE    69

..........................................................


THE TRAVERSE CITY MI CLIMATE NORMALS FOR TODAY
                         NORMAL    RECORD    YEAR
 MAXIMUM TEMPERATURE (F)   28        55      1916
 MINIMUM TEMPERATURE (F)   14       -14      1963


SUNRISE AND SUNSET
JANUARY 28 2015.......SUNRISE   806 AM EST   SUNSET   545 PM EST
JANUARY 29 2015.......SUNRISE   805 AM EST   SUNSET   546 PM EST


-  INDICATES NEGATIVE NUMBERS.
R  INDICATES RECORD WAS SET OR TIED.
MM INDICATES DATA IS MISSING.
T  INDICATES TRACE AMOUNT.




$$





U.S. Dept. of Commerce
NOAA National Weather Service
1325 East West Highway
Silver Spring, MD 20910
E-mail: w-nws.webmaster@noaa.gov
Page last modified: May 16, 2007
NATIONAL WEATHER SERVICE: for Safety, for Work, for Fun - FOR LIFE