856
CDUS43 KAPX 240535
CLITVC


CLIMATE REPORT
NATIONAL WEATHER SERVICE GAYLORD MI
133 AM EDT THU JUL 24 2014


...................................

...THE TRAVERSE CITY MI CLIMATE SUMMARY FOR JULY 23 2014...

CLIMATE NORMAL PERIOD 1981 TO 2010
CLIMATE RECORD PERIOD 1896 TO 2014


WEATHER ITEM   OBSERVED TIME   RECORD YEAR NORMAL DEPARTURE LAST
                VALUE   (LST)  VALUE       VALUE  FROM      YEAR
                                                  NORMAL
..................................................................
TEMPERATURE (F)
 YESTERDAY
  MAXIMUM         69    512 PM  97    1940  80    -11       76
  MINIMUM         54   1159 PM  42    1985  58     -4       60
  AVERAGE         62                        69     -7       68

PRECIPITATION (IN)
  YESTERDAY        0.00          2.34 1952   0.09  -0.09     1.13
  MONTH TO DATE    1.36                      2.21  -0.85     2.24
  SINCE JUN 1      4.03                      5.37  -1.34     3.62
  SINCE JAN 1     13.71                     16.92  -3.21    16.00

DEGREE DAYS
 HEATING
  YESTERDAY        3                         1      2        0
  MONTH TO DATE   40                        24     16        9
  SINCE JUN 1    112                       136    -24      111
  SINCE JUL 1     40                        24     16        9

 COOLING
  YESTERDAY        0                         5     -5        3
  MONTH TO DATE   77                       115    -38      198
  SINCE JUN 1    184                       196    -12      285
  SINCE JAN 1    193                       216    -23      327
..................................................................


WIND (MPH)
  HIGHEST WIND SPEED    15   HIGHEST WIND DIRECTION     N (10)
  HIGHEST GUST SPEED    21   HIGHEST GUST DIRECTION     N (10)
  AVERAGE WIND SPEED     8.2




RELATIVE HUMIDITY (PERCENT)
 HIGHEST    84
 LOWEST     45
 AVERAGE    65

..........................................................


THE TRAVERSE CITY MI CLIMATE NORMALS FOR TODAY
                         NORMAL    RECORD    YEAR
 MAXIMUM TEMPERATURE (F)   80       101      1941
 MINIMUM TEMPERATURE (F)   58        42      1906


SUNRISE AND SUNSET
JULY 24 2014..........SUNRISE   620 AM EDT   SUNSET   917 PM EDT
JULY 25 2014..........SUNRISE   621 AM EDT   SUNSET   916 PM EDT


-  INDICATES NEGATIVE NUMBERS.
R  INDICATES RECORD WAS SET OR TIED.
MM INDICATES DATA IS MISSING.
T  INDICATES TRACE AMOUNT.




$$





U.S. Dept. of Commerce
NOAA National Weather Service
1325 East West Highway
Silver Spring, MD 20910
E-mail: w-nws.webmaster@noaa.gov
Page last modified: May 16, 2007
NATIONAL WEATHER SERVICE: for Safety, for Work, for Fun - FOR LIFE