259
CDUS43 KAPX 280539
CLITVC


CLIMATE REPORT
NATIONAL WEATHER SERVICE GAYLORD MI
1233 AM EST FRI NOV 28 2014


...................................

...THE TRAVERSE CITY MI CLIMATE SUMMARY FOR NOVEMBER 27 2014...

CLIMATE NORMAL PERIOD 1981 TO 2010
CLIMATE RECORD PERIOD 1896 TO 2014


WEATHER ITEM   OBSERVED TIME   RECORD YEAR NORMAL DEPARTURE LAST
                VALUE   (LST)  VALUE       VALUE  FROM      YEAR
                                                  NORMAL
..................................................................
TEMPERATURE (F)
 YESTERDAY
  MAXIMUM         29        MM  66    1990  39    -10       25
  MINIMUM         18        MM   3    1951  27     -9       20
  AVERAGE         24                        33     -9       23

PRECIPITATION (IN)
  YESTERDAY        0.01          2.46 1995   0.08  -0.07     0.11
  MONTH TO DATE    3.04                      2.45   0.59     4.71
  SINCE SEP 1     14.67                      9.20   5.47    14.57
  SINCE JAN 1     31.47                     30.31   1.16    35.14

DEGREE DAYS
 HEATING
  YESTERDAY       41                        32      9       42
  MONTH TO DATE  860                       732    128      727
  SINCE SEP 1   1501                      1450     51     1317
  SINCE JUL 1   1580                      1519     61     1367
..................................................................


WIND (MPH)
  HIGHEST WIND SPEED    16   HIGHEST WIND DIRECTION     N (350)
  HIGHEST GUST SPEED    24   HIGHEST GUST DIRECTION     N (350)
  AVERAGE WIND SPEED    10.8




RELATIVE HUMIDITY (PERCENT)
 HIGHEST    85
 LOWEST     62
 AVERAGE    74

..........................................................


THE TRAVERSE CITY MI CLIMATE NORMALS FOR TODAY
                         NORMAL    RECORD    YEAR
 MAXIMUM TEMPERATURE (F)   38        62      1990
 MINIMUM TEMPERATURE (F)   27         6      1955


SUNRISE AND SUNSET
NOVEMBER 28 2014......SUNRISE   756 AM EST   SUNSET   504 PM EST
NOVEMBER 29 2014......SUNRISE   757 AM EST   SUNSET   504 PM EST


-  INDICATES NEGATIVE NUMBERS.
R  INDICATES RECORD WAS SET OR TIED.
MM INDICATES DATA IS MISSING.
T  INDICATES TRACE AMOUNT.




$$





U.S. Dept. of Commerce
NOAA National Weather Service
1325 East West Highway
Silver Spring, MD 20910
E-mail: w-nws.webmaster@noaa.gov
Page last modified: May 16, 2007
NATIONAL WEATHER SERVICE: for Safety, for Work, for Fun - FOR LIFE