814
CDUS43 KAPX 220537
CLITVC


CLIMATE REPORT
NATIONAL WEATHER SERVICE GAYLORD MI
1236 AM EST SAT NOV 22 2014


...................................

...THE TRAVERSE CITY MI CLIMATE SUMMARY FOR NOVEMBER 21 2014...

CLIMATE NORMAL PERIOD 1981 TO 2010
CLIMATE RECORD PERIOD 1896 TO 2014


WEATHER ITEM   OBSERVED TIME   RECORD YEAR NORMAL DEPARTURE LAST
                VALUE   (LST)  VALUE       VALUE  FROM      YEAR
                                                  NORMAL
..................................................................
TEMPERATURE (F)
 YESTERDAY
  MAXIMUM         30        MM  68    1913  42    -12       45
  MINIMUM         16        MM  11    1969  29    -13       36
  AVERAGE         23                        35    -12       41

PRECIPITATION (IN)
  YESTERDAY        T             0.90 1995   0.09  -0.09     0.01
  MONTH TO DATE    1.94                      1.93   0.01     4.28
  SINCE SEP 1     13.57                      8.68   4.89    14.14
  SINCE JAN 1     30.37                     29.79   0.58    34.71

DEGREE DAYS
 HEATING
  YESTERDAY       42                        30     12       24
  MONTH TO DATE  674                       545    129      497
  SINCE SEP 1   1315                      1263     52     1087
  SINCE JUL 1   1394                      1332     62     1137
..................................................................


WIND (MPH)
  HIGHEST WIND SPEED     9   HIGHEST WIND DIRECTION    SW (210)
  HIGHEST GUST SPEED    21   HIGHEST GUST DIRECTION    SW (210)
  AVERAGE WIND SPEED     6.6




RELATIVE HUMIDITY (PERCENT)
 HIGHEST    80
 LOWEST     50
 AVERAGE    65

..........................................................


THE TRAVERSE CITY MI CLIMATE NORMALS FOR TODAY
                         NORMAL    RECORD    YEAR
 MAXIMUM TEMPERATURE (F)   41        65      2012
 MINIMUM TEMPERATURE (F)   29        11      1946


SUNRISE AND SUNSET
NOVEMBER 22 2014......SUNRISE   748 AM EST   SUNSET   508 PM EST
NOVEMBER 23 2014......SUNRISE   750 AM EST   SUNSET   507 PM EST


-  INDICATES NEGATIVE NUMBERS.
R  INDICATES RECORD WAS SET OR TIED.
MM INDICATES DATA IS MISSING.
T  INDICATES TRACE AMOUNT.




$$





U.S. Dept. of Commerce
NOAA National Weather Service
1325 East West Highway
Silver Spring, MD 20910
E-mail: w-nws.webmaster@noaa.gov
Page last modified: May 16, 2007
NATIONAL WEATHER SERVICE: for Safety, for Work, for Fun - FOR LIFE