322
CDUS43 KAPX 300528
CLITVC


CLIMATE REPORT
NATIONAL WEATHER SERVICE GAYLORD MI
127 AM EDT TUE SEP 30 2014


...................................

...THE TRAVERSE CITY MI CLIMATE SUMMARY FOR SEPTEMBER 29 2014...

CLIMATE NORMAL PERIOD 1981 TO 2010
CLIMATE RECORD PERIOD 1896 TO 2014


WEATHER ITEM   OBSERVED TIME   RECORD YEAR NORMAL DEPARTURE LAST
                VALUE   (LST)  VALUE       VALUE  FROM      YEAR
                                                  NORMAL
..................................................................
TEMPERATURE (F)
 YESTERDAY
  MAXIMUM         71   1105 AM  90    1898  64      7       72
  MINIMUM         50   1159 PM  28    1942  45      5       45
  AVERAGE         61                        55      6       59

PRECIPITATION (IN)
  YESTERDAY        0.23          1.01 1967   0.11   0.12     0.09
  MONTH TO DATE    6.16                      3.42   2.74     2.92
  SINCE SEP 1      6.16                      3.42   2.74     2.92
  SINCE JAN 1     22.96                     24.53  -1.57    23.49

DEGREE DAYS
 HEATING
  YESTERDAY        4                        11     -7        6
  MONTH TO DATE  139                       183    -44      157
  SINCE SEP 1    139                       183    -44      157
  SINCE JUL 1    218                       252    -34      207

 COOLING
  YESTERDAY        0                         0      0        0
  MONTH TO DATE   42                        40      2       53
  SINCE SEP 1     42                        40      2       53
  SINCE JAN 1    374                       409    -35      530
..................................................................


WIND (MPH)
  HIGHEST WIND SPEED    16   HIGHEST WIND DIRECTION    NW (320)
  HIGHEST GUST SPEED    22   HIGHEST GUST DIRECTION    NW (320)
  AVERAGE WIND SPEED     7.4




RELATIVE HUMIDITY (PERCENT)
 HIGHEST    93
 LOWEST     63
 AVERAGE    78

..........................................................


THE TRAVERSE CITY MI CLIMATE NORMALS FOR TODAY
                         NORMAL    RECORD    YEAR
 MAXIMUM TEMPERATURE (F)   64        89      1922
 MINIMUM TEMPERATURE (F)   44        26      1945


SUNRISE AND SUNSET
SEPTEMBER 30 2014.....SUNRISE   739 AM EDT   SUNSET   725 PM EDT
OCTOBER  1 2014.......SUNRISE   740 AM EDT   SUNSET   723 PM EDT


-  INDICATES NEGATIVE NUMBERS.
R  INDICATES RECORD WAS SET OR TIED.
MM INDICATES DATA IS MISSING.
T  INDICATES TRACE AMOUNT.




$$





U.S. Dept. of Commerce
NOAA National Weather Service
1325 East West Highway
Silver Spring, MD 20910
E-mail: w-nws.webmaster@noaa.gov
Page last modified: May 16, 2007
NATIONAL WEATHER SERVICE: for Safety, for Work, for Fun - FOR LIFE