811
CDUS45 KTWC 230740
CLITUS

CLIMATE REPORT
NATIONAL WEATHER SERVICE TUCSON AZ
1239 AM MST THU OCT 23 2014


...................................

...THE TUCSON AZ CLIMATE SUMMARY FOR OCTOBER 22 2014...

CLIMATE NORMAL PERIOD 1981 TO 2010
CLIMATE RECORD PERIOD 1895 TO 2014


WEATHER ITEM   OBSERVED TIME   RECORD YEAR NORMAL DEPARTURE LAST
                VALUE   (LST)  VALUE       VALUE  FROM      YEAR
                                                  NORMAL
..................................................................
TEMPERATURE (F)
 YESTERDAY
  MAXIMUM         89    353 PM  95    2003  83      6       90
  MINIMUM         60    658 AM  29    1908  55      5       52
  AVERAGE         75                        69      6       71

PRECIPITATION (IN)
  YESTERDAY        0.00          1.24 2000   0.03  -0.03     0.00
  MONTH TO DATE    1.33                      0.69   0.64     0.00
  SINCE OCT 1      1.33                      0.69   0.64     0.00
  SINCE JAN 1      8.02                      9.89  -1.87     5.48

DEGREE DAYS
 HEATING
  YESTERDAY        0                         1     -1        0
  MONTH TO DATE    0                         8     -8        2
  SINCE SEP 1      0                         8     -8        2
  SINCE JUL 1      0                         8     -8        2

 COOLING
  YESTERDAY       10                         5      5        6
  MONTH TO DATE  242                       177     65      133
  SINCE SEP 1    784                       674    110      680
  SINCE JAN 1   3475                      3084    391     3554
..................................................................


WIND (MPH)
  HIGHEST WIND SPEED    13   HIGHEST WIND DIRECTION    SE (150)
  HIGHEST GUST SPEED    15   HIGHEST GUST DIRECTION    SE (150)
  AVERAGE WIND SPEED     6.3


SKY COVER
  POSSIBLE SUNSHINE  MM
  AVERAGE SKY COVER 0.0


WEATHER CONDITIONS
 THE FOLLOWING WEATHER WAS RECORDED YESTERDAY.
  NO SIGNIFICANT WEATHER WAS OBSERVED.


RELATIVE HUMIDITY (PERCENT)
 HIGHEST    65
 LOWEST     19
 AVERAGE    42

..........................................................


THE TUCSON AZ CLIMATE NORMALS FOR TODAY
                         NORMAL    RECORD    YEAR
 MAXIMUM TEMPERATURE (F)   83        94      1933
 MINIMUM TEMPERATURE (F)   55        29      1906


SUNRISE AND SUNSET
OCTOBER 23 2014.......SUNRISE   633 AM MST   SUNSET   542 PM MST
OCTOBER 24 2014.......SUNRISE   634 AM MST   SUNSET   541 PM MST


-  INDICATES NEGATIVE NUMBERS.
R  INDICATES RECORD WAS SET OR TIED.
MM INDICATES DATA IS MISSING.
T  INDICATES TRACE AMOUNT.




$$








U.S. Dept. of Commerce
NOAA National Weather Service
1325 East West Highway
Silver Spring, MD 20910
E-mail: w-nws.webmaster@noaa.gov
Page last modified: May 16, 2007
NATIONAL WEATHER SERVICE: for Safety, for Work, for Fun - FOR LIFE