122
CDUS45 KTWC 200730
CLITUS

CLIMATE REPORT
NATIONAL WEATHER SERVICE TUCSON AZ
1229 AM MST MON OCT 20 2014


...................................

...THE TUCSON AZ CLIMATE SUMMARY FOR OCTOBER 19 2014...

CLIMATE NORMAL PERIOD 1981 TO 2010
CLIMATE RECORD PERIOD 1895 TO 2014


WEATHER ITEM   OBSERVED TIME   RECORD YEAR NORMAL DEPARTURE LAST
                VALUE   (LST)  VALUE       VALUE  FROM      YEAR
                                                  NORMAL
..................................................................
TEMPERATURE (F)
 YESTERDAY
  MAXIMUM         87    155 PM  99    1921  84      3       86
  MINIMUM         62    724 AM  33    1908  56      6       50
  AVERAGE         75                        70      5       68

PRECIPITATION (IN)
  YESTERDAY        0.30          1.75 1972   0.02   0.28     0.00
  MONTH TO DATE    1.33                      0.61   0.72     0.00
  SINCE OCT 1      1.33                      0.61   0.72     0.00
  SINCE JAN 1      8.02                      9.81  -1.79     5.48

DEGREE DAYS
 HEATING
  YESTERDAY        0                         1     -1        0
  MONTH TO DATE    0                         5     -5        2
  SINCE SEP 1      0                         5     -5        2
  SINCE JUL 1      0                         5     -5        2

 COOLING
  YESTERDAY       10                         6      4        3
  MONTH TO DATE  215                       162     53      120
  SINCE SEP 1    757                       659     98      667
  SINCE JAN 1   3448                      3069    379     3541
..................................................................


WIND (MPH)
  HIGHEST WIND SPEED    17   HIGHEST WIND DIRECTION     E (90)
  HIGHEST GUST SPEED    24   HIGHEST GUST DIRECTION     N (360)
  AVERAGE WIND SPEED     7.3


SKY COVER
  POSSIBLE SUNSHINE  MM
  AVERAGE SKY COVER 0.1


WEATHER CONDITIONS
 THE FOLLOWING WEATHER WAS RECORDED YESTERDAY.
  THUNDERSTORM
  HEAVY RAIN
  LIGHT RAIN


RELATIVE HUMIDITY (PERCENT)
 HIGHEST    67
 LOWEST     22
 AVERAGE    45

..........................................................


THE TUCSON AZ CLIMATE NORMALS FOR TODAY
                         NORMAL    RECORD    YEAR
 MAXIMUM TEMPERATURE (F)   84        97      2003
 MINIMUM TEMPERATURE (F)   56        35      1908


SUNRISE AND SUNSET
OCTOBER 20 2014.......SUNRISE   631 AM MST   SUNSET   546 PM MST
OCTOBER 21 2014.......SUNRISE   632 AM MST   SUNSET   544 PM MST


-  INDICATES NEGATIVE NUMBERS.
R  INDICATES RECORD WAS SET OR TIED.
MM INDICATES DATA IS MISSING.
T  INDICATES TRACE AMOUNT.




$$








U.S. Dept. of Commerce
NOAA National Weather Service
1325 East West Highway
Silver Spring, MD 20910
E-mail: w-nws.webmaster@noaa.gov
Page last modified: May 16, 2007
NATIONAL WEATHER SERVICE: for Safety, for Work, for Fun - FOR LIFE