928
CDUS45 KTWC 300732
CLITUS

CLIMATE REPORT
NATIONAL WEATHER SERVICE TUCSON AZ
1230 AM MST WED JUL 30 2014


...................................

...THE TUCSON AZ CLIMATE SUMMARY FOR JULY 29 2014...

CLIMATE NORMAL PERIOD 1981 TO 2010
CLIMATE RECORD PERIOD 1895 TO 2014


WEATHER ITEM   OBSERVED TIME   RECORD YEAR NORMAL DEPARTURE LAST
                VALUE   (LST)  VALUE       VALUE  FROM      YEAR
                                                  NORMAL
..................................................................
TEMPERATURE (F)
 YESTERDAY
  MAXIMUM        103    556 PM 110    1995  98      5      100
  MINIMUM         77    626 AM  62    1913  74      3       77
  AVERAGE         90                        86      4       89

PRECIPITATION (IN)
  YESTERDAY        0.00          3.93 1958   0.09  -0.09     0.00
  MONTH TO DATE    1.43                      2.05  -0.62     2.60
  SINCE OCT 1      5.09                      7.71  -2.62     5.58
  SINCE JAN 1      2.04                      5.32  -3.28     4.37

DEGREE DAYS
 HEATING
  YESTERDAY        0                         0      0        0
  MONTH TO DATE    0                         0      0        0
  SINCE JUN 1      0                         0      0        0
  SINCE JUL 1      0                         0      0        0

 COOLING
  YESTERDAY       25                        21      4       24
  MONTH TO DATE  677                       644     33      668
  SINCE JUN 1   1402                      1238    164     1409
  SINCE JAN 1   2005                      1740    265     2120
..................................................................


WIND (MPH)
  HIGHEST WIND SPEED    13   HIGHEST WIND DIRECTION     W (270)
  HIGHEST GUST SPEED    19   HIGHEST GUST DIRECTION     W (270)
  AVERAGE WIND SPEED     4.5


SKY COVER
  POSSIBLE SUNSHINE  MM
  AVERAGE SKY COVER 0.0


WEATHER CONDITIONS
 THE FOLLOWING WEATHER WAS RECORDED YESTERDAY.
  NO SIGNIFICANT WEATHER WAS OBSERVED.


RELATIVE HUMIDITY (PERCENT)
 HIGHEST    67
 LOWEST     17
 AVERAGE    42

..........................................................


THE TUCSON AZ CLIMATE NORMALS FOR TODAY
                         NORMAL    RECORD    YEAR
 MAXIMUM TEMPERATURE (F)   98       109      1986
                                             1957
                                             1943
 MINIMUM TEMPERATURE (F)   74        64      1919
                                             1903


SUNRISE AND SUNSET
JULY 30 2014..........SUNRISE   538 AM MST   SUNSET   722 PM MST
JULY 31 2014..........SUNRISE   538 AM MST   SUNSET   722 PM MST


-  INDICATES NEGATIVE NUMBERS.
R  INDICATES RECORD WAS SET OR TIED.
MM INDICATES DATA IS MISSING.
T  INDICATES TRACE AMOUNT.




$$








U.S. Dept. of Commerce
NOAA National Weather Service
1325 East West Highway
Silver Spring, MD 20910
E-mail: w-nws.webmaster@noaa.gov
Page last modified: May 16, 2007
NATIONAL WEATHER SERVICE: for Safety, for Work, for Fun - FOR LIFE