307
CDUS45 KTWC 191426
CLITUS

CLIMATE REPORT
NATIONAL WEATHER SERVICE TUCSON AZ
725 AM MST SAT APR 19 2014


...................................

...THE TUCSON AZ CLIMATE SUMMARY FOR APRIL 19 2014...
VALID AS OF 0700 AM LOCAL TIME.

CLIMATE NORMAL PERIOD 1981 TO 2010
CLIMATE RECORD PERIOD 1895 TO 2014


WEATHER ITEM   OBSERVED TIME   RECORD YEAR NORMAL DEPARTURE LAST
                VALUE   (LST)  VALUE       VALUE  FROM      YEAR
                                                  NORMAL
..................................................................
TEMPERATURE (F)
 TODAY
  MINIMUM         60    646 AM  33    1933  53      7       42
                                      1896

PRECIPITATION (IN)
  TODAY            T             0.44 1987   0.01  -0.01     0.00
  MONTH TO DATE    T                         0.24  -0.24     0.12
  SINCE OCT 1      3.64                      5.16  -1.52     2.94
  SINCE JAN 1      0.59                      2.77  -2.18     1.73

DEGREE DAYS
 HEATING
  TODAY            1                         2     -1        3

 COOLING
  TODAY            0                         4     -4        0
..................................................................


WIND (MPH)
  HIGHEST WIND SPEED     9   HIGHEST WIND DIRECTION    SE (130)
  HIGHEST GUST SPEED    12   HIGHEST GUST DIRECTION     E (110)
  AVERAGE WIND SPEED     4.0


SKY COVER
  POSSIBLE SUNSHINE  MM
  AVERAGE SKY COVER 0.2


WEATHER CONDITIONS
 THE FOLLOWING WEATHER WAS RECORDED TODAY.
  NO SIGNIFICANT WEATHER WAS OBSERVED.


RELATIVE HUMIDITY (PERCENT)
 HIGHEST    55           600 AM

..........................................................


THE TUCSON AZ CLIMATE NORMALS FOR TOMORROW
                         NORMAL    RECORD    YEAR
 MAXIMUM TEMPERATURE (F)   83       104      1989
 MINIMUM TEMPERATURE (F)   53        34      1933


SUNRISE AND SUNSET
APRIL 19 2014.........SUNRISE   550 AM MST   SUNSET   656 PM MST
APRIL 20 2014.........SUNRISE   549 AM MST   SUNSET   657 PM MST


-  INDICATES NEGATIVE NUMBERS.
R  INDICATES RECORD WAS SET OR TIED.
MM INDICATES DATA IS MISSING.
T  INDICATES TRACE AMOUNT.




$$








U.S. Dept. of Commerce
NOAA National Weather Service
1325 East West Highway
Silver Spring, MD 20910
E-mail: w-nws.webmaster@noaa.gov
Page last modified: May 16, 2007
NATIONAL WEATHER SERVICE: for Safety, for Work, for Fun - FOR LIFE