315
CDUS44 KMEG 230635
CLITUP


CLIMATE REPORT
NATIONAL WEATHER SERVICE MEMPHIS TN
135 AM CDT WED APR 23 2014


...................................

...THE TUPELO CLIMATE SUMMARY FOR APRIL 22 2014...

CLIMATE NORMAL PERIOD 1981 TO 2010
CLIMATE RECORD PERIOD 1930 TO 2014


WEATHER ITEM   OBSERVED TIME   RECORD YEAR NORMAL DEPARTURE LAST
                VALUE   (LST)  VALUE       VALUE  FROM      YEAR
                                                  NORMAL
..................................................................
TEMPERATURE (F)
 YESTERDAY
  MAXIMUM         79    406 PM  88    1989  76      3       76
                                      1980
                                      1963
  MINIMUM         56   1149 PM  32    1978  52      4       45
  AVERAGE         68                        64      4       61

PRECIPITATION (IN)
  YESTERDAY        0.05          1.82 1996   0.16  -0.11     0.00
  MONTH TO DATE    4.91                      3.40   1.51     4.49
  SINCE MAR 1      7.99                      8.22  -0.23     8.82
  SINCE JAN 1     14.08                     17.66  -3.58    21.25

SNOWFALL (IN)
  YESTERDAY        0.0           T    1934   0.0    0.0      0.0
  MONTH TO DATE    0.0                       0.0    0.0      0.0
  SINCE MAR 1      T                         0.3   -0.3       T
  SINCE JUL 1      0.5                       2.1   -1.6       T
  SNOW DEPTH       0

DEGREE DAYS
 HEATING
  YESTERDAY        0                         4     -4        4
  MONTH TO DATE  136                       125     11      132
  SINCE MAR 1    596                       480    116      647
  SINCE JUL 1   3426                      2911    515     2873

 COOLING
  YESTERDAY        3                         2      1        0
  MONTH TO DATE   26                        35     -9       48
  SINCE MAR 1     26                        49    -23       49
  SINCE JAN 1     26                        51    -25       55
..................................................................


WIND (MPH)
  HIGHEST WIND SPEED    14   HIGHEST WIND DIRECTION    NE (30)
  HIGHEST GUST SPEED    18   HIGHEST GUST DIRECTION    NE (30)
  AVERAGE WIND SPEED     4.8


SKY COVER
  POSSIBLE SUNSHINE  MM
  AVERAGE SKY COVER 0.7


WEATHER CONDITIONS
 THE FOLLOWING WEATHER WAS RECORDED YESTERDAY.
  LIGHT RAIN
  FOG


RELATIVE HUMIDITY (PERCENT)
 HIGHEST    93           500 AM
 LOWEST     48           400 PM
 AVERAGE    71

..........................................................


THE TUPELO CLIMATE NORMALS FOR TODAY
                         NORMAL    RECORD    YEAR
 MAXIMUM TEMPERATURE (F)   76        90      1965
                                             1961
 MINIMUM TEMPERATURE (F)   52        31      1982


SUNRISE AND SUNSET
APRIL 23 2014.........SUNRISE   614 AM CDT   SUNSET   733 PM CDT
APRIL 24 2014.........SUNRISE   613 AM CDT   SUNSET   734 PM CDT


-  INDICATES NEGATIVE NUMBERS.
R  INDICATES RECORD WAS SET OR TIED.
MM INDICATES DATA IS MISSING.
T  INDICATES TRACE AMOUNT.




$$





U.S. Dept. of Commerce
NOAA National Weather Service
1325 East West Highway
Silver Spring, MD 20910
E-mail: w-nws.webmaster@noaa.gov
Page last modified: May 16, 2007
NATIONAL WEATHER SERVICE: for Safety, for Work, for Fun - FOR LIFE