643
CDUS44 KMEG 232148
CLITUP


CLIMATE REPORT
NATIONAL WEATHER SERVICE MEMPHIS TN
447 PM CDT TUE SEP 23 2014


...................................

...THE TUPELO CLIMATE SUMMARY FOR SEPTEMBER 23 2014...
VALID TODAY AS OF 0400 PM LOCAL TIME.

CLIMATE NORMAL PERIOD 1981 TO 2010
CLIMATE RECORD PERIOD 1930 TO 2014


WEATHER ITEM   OBSERVED TIME   RECORD YEAR NORMAL DEPARTURE LAST
                VALUE   (LST)  VALUE       VALUE  FROM      YEAR
                                                  NORMAL
..................................................................
TEMPERATURE (F)
 TODAY
  MAXIMUM         80    337 PM  99    1935  83     -3       84
  MINIMUM         50    606 AM  42    1974  60    -10       54
  AVERAGE         65                        72     -7       69

PRECIPITATION (IN)
  TODAY            0.00          1.81 2006   0.12  -0.12     0.00
  MONTH TO DATE    3.23                      2.51   0.72     2.41
  SINCE SEP 1      3.23                      2.51   0.72     2.41
  SINCE JAN 1     39.16                     38.98   0.18    39.69

SNOWFALL (IN)
  TODAY            0.0

DEGREE DAYS
 HEATING
  TODAY            0                         1     -1        0
  MONTH TO DATE    1                         3     -2        0
  SINCE SEP 1      1                         3     -2        0
  SINCE JUL 1      1                         3     -2        0

 COOLING
  TODAY            0                         7     -7        4
  MONTH TO DATE  276                       244     32      284
  SINCE SEP 1    276                       244     32      284
  SINCE JAN 1   1823                      1916    -93     1879
..................................................................


WIND (MPH)
  HIGHEST WIND SPEED    13   HIGHEST WIND DIRECTION    NE (60)
  HIGHEST GUST SPEED    16   HIGHEST GUST DIRECTION     E (70)
  AVERAGE WIND SPEED     7.7


SKY COVER
  POSSIBLE SUNSHINE  MM
  AVERAGE SKY COVER 0.0


WEATHER CONDITIONS
 THE FOLLOWING WEATHER WAS RECORDED TODAY.
  NO SIGNIFICANT WEATHER WAS OBSERVED.


RELATIVE HUMIDITY (PERCENT)
 HIGHEST    89           100 AM
 LOWEST     39           300 PM
 AVERAGE    64

..........................................................


THE TUPELO CLIMATE NORMALS FOR TOMORROW
                         NORMAL    RECORD    YEAR
 MAXIMUM TEMPERATURE (F)   83        97      1935
 MINIMUM TEMPERATURE (F)   59        43      1983


SUNRISE AND SUNSET
SEPTEMBER 23 2014.....SUNRISE   644 AM CDT   SUNSET   650 PM CDT
SEPTEMBER 24 2014.....SUNRISE   644 AM CDT   SUNSET   649 PM CDT


-  INDICATES NEGATIVE NUMBERS.
R  INDICATES RECORD WAS SET OR TIED.
MM INDICATES DATA IS MISSING.
T  INDICATES TRACE AMOUNT.




$$





U.S. Dept. of Commerce
NOAA National Weather Service
1325 East West Highway
Silver Spring, MD 20910
E-mail: w-nws.webmaster@noaa.gov
Page last modified: May 16, 2007
NATIONAL WEATHER SERVICE: for Safety, for Work, for Fun - FOR LIFE