855
CDUS44 KMEG 010733
CLITUP


CLIMATE REPORT
NATIONAL WEATHER SERVICE MEMPHIS TN
132 AM CST SUN FEB 1 2015


...................................

...THE TUPELO CLIMATE SUMMARY FOR JANUARY 31 2015...

CLIMATE NORMAL PERIOD 1981 TO 2010
CLIMATE RECORD PERIOD 1930 TO 2015


WEATHER ITEM   OBSERVED TIME   RECORD YEAR NORMAL DEPARTURE LAST
                VALUE   (LST)  VALUE       VALUE  FROM      YEAR
                                                  NORMAL
..................................................................
TEMPERATURE (F)
 YESTERDAY
  MAXIMUM         54    455 PM  77    2002  53      1       61
  MINIMUM         29    110 AM -10    1936  32     -3       33
  AVERAGE         42                        43     -1       47

PRECIPITATION (IN)
  YESTERDAY        0.00          4.20 1951   0.15  -0.15     0.00
  MONTH TO DATE    4.24                      4.48  -0.24     1.77
  SINCE DEC 1      9.32                     10.76  -1.44     7.95
  SINCE JAN 1      4.24                      4.48  -0.24     1.77

SNOWFALL (IN)
  YESTERDAY        0.0           2.0  1951   0.0    0.0      0.0
  MONTH TO DATE    T                         0.9   -0.9       T
  SINCE DEC 1      T                         1.2   -1.2       T
  SINCE JUL 1      T                         1.2   -1.2       T
  SNOW DEPTH       0

DEGREE DAYS
 HEATING
  YESTERDAY       23                        22      1       18
  MONTH TO DATE  740                       725     15      914
  SINCE DEC 1   1300                      1374    -74     1584
  SINCE JUL 1   1937                      1896     41     2207

 COOLING
  YESTERDAY        0                         0      0        0
  MONTH TO DATE    0                         1     -1        0
  SINCE DEC 1      0                         3     -3        9
  SINCE JAN 1      0                         1     -1        0
..................................................................


WIND (MPH)
  HIGHEST WIND SPEED    12   HIGHEST WIND DIRECTION     S (200)
  HIGHEST GUST SPEED    15   HIGHEST GUST DIRECTION     S (200)
  AVERAGE WIND SPEED     4.5


SKY COVER
  POSSIBLE SUNSHINE  MM
  AVERAGE SKY COVER 0.0


WEATHER CONDITIONS
 THE FOLLOWING WEATHER WAS RECORDED YESTERDAY.
  NO SIGNIFICANT WEATHER WAS OBSERVED.


RELATIVE HUMIDITY (PERCENT)
 HIGHEST    78          1200 AM
 LOWEST     24           500 PM
 AVERAGE    51

..........................................................


THE TUPELO CLIMATE NORMALS FOR TODAY
                         NORMAL    RECORD    YEAR
 MAXIMUM TEMPERATURE (F)   53        79      1989
 MINIMUM TEMPERATURE (F)   33        -3      1936


SUNRISE AND SUNSET
FEBRUARY  1 2015......SUNRISE   653 AM CST   SUNSET   525 PM CST
FEBRUARY  2 2015......SUNRISE   652 AM CST   SUNSET   526 PM CST


-  INDICATES NEGATIVE NUMBERS.
R  INDICATES RECORD WAS SET OR TIED.
MM INDICATES DATA IS MISSING.
T  INDICATES TRACE AMOUNT.




$$





U.S. Dept. of Commerce
NOAA National Weather Service
1325 East West Highway
Silver Spring, MD 20910
E-mail: w-nws.webmaster@noaa.gov
Page last modified: May 16, 2007
NATIONAL WEATHER SERVICE: for Safety, for Work, for Fun - FOR LIFE