571
CDUS44 KMEG 180638
CLITUP


CLIMATE REPORT
NATIONAL WEATHER SERVICE MEMPHIS TN
137 AM CDT FRI APR 18 2014


...................................

...THE TUPELO CLIMATE SUMMARY FOR APRIL 17 2014...

CLIMATE NORMAL PERIOD 1981 TO 2010
CLIMATE RECORD PERIOD 1930 TO 2014


WEATHER ITEM   OBSERVED TIME   RECORD YEAR NORMAL DEPARTURE LAST
                VALUE   (LST)  VALUE       VALUE  FROM      YEAR
                                                  NORMAL
..................................................................
TEMPERATURE (F)
 YESTERDAY
  MAXIMUM         69    258 PM  89    2006  75     -6       88
                                      1937
  MINIMUM         40    516 AM  34    1983  51    -11       66
  AVERAGE         55                        62     -7       77

PRECIPITATION (IN)
  YESTERDAY        0.00          2.18 1970   0.15  -0.15     0.00
  MONTH TO DATE    4.86                      2.60   2.26     3.53
  SINCE MAR 1      7.94                      7.42   0.52     7.86
  SINCE JAN 1     14.03                     16.86  -2.83    20.29

SNOWFALL (IN)
  YESTERDAY        0.0          MM      MM   0.0    0.0      0.0
  MONTH TO DATE    0.0                       0.0    0.0      0.0
  SINCE MAR 1      T                         0.3   -0.3       T
  SINCE JUL 1      0.5                       2.1   -1.6       T
  SNOW DEPTH       0

DEGREE DAYS
 HEATING
  YESTERDAY       10                         4      6        0
  MONTH TO DATE  127                       105     22       94
  SINCE MAR 1    587                       460    127      609
  SINCE JUL 1   3417                      2891    526     2835

 COOLING
  YESTERDAY        0                         2     -2       12
  MONTH TO DATE   21                        25     -4       47
  SINCE MAR 1     21                        39    -18       48
  SINCE JAN 1     21                        41    -20       54
..................................................................


WIND (MPH)
  HIGHEST WIND SPEED    15   HIGHEST WIND DIRECTION    SW (220)
  HIGHEST GUST SPEED    20   HIGHEST GUST DIRECTION     S (170)
  AVERAGE WIND SPEED     4.5


SKY COVER
  POSSIBLE SUNSHINE  MM
  AVERAGE SKY COVER 0.2


WEATHER CONDITIONS
 THE FOLLOWING WEATHER WAS RECORDED YESTERDAY.
  NO SIGNIFICANT WEATHER WAS OBSERVED.


RELATIVE HUMIDITY (PERCENT)
 HIGHEST    89          1200 AM
 LOWEST     39           200 PM
 AVERAGE    64

..........................................................


THE TUPELO CLIMATE NORMALS FOR TODAY
                         NORMAL    RECORD    YEAR
 MAXIMUM TEMPERATURE (F)   75        93      2006
 MINIMUM TEMPERATURE (F)   51        33      1997


SUNRISE AND SUNSET
APRIL 18 2014.........SUNRISE   620 AM CDT   SUNSET   729 PM CDT
APRIL 19 2014.........SUNRISE   619 AM CDT   SUNSET   730 PM CDT


-  INDICATES NEGATIVE NUMBERS.
R  INDICATES RECORD WAS SET OR TIED.
MM INDICATES DATA IS MISSING.
T  INDICATES TRACE AMOUNT.




$$






U.S. Dept. of Commerce
NOAA National Weather Service
1325 East West Highway
Silver Spring, MD 20910
E-mail: w-nws.webmaster@noaa.gov
Page last modified: May 16, 2007
NATIONAL WEATHER SERVICE: for Safety, for Work, for Fun - FOR LIFE