215
CDUS44 KTSA 271412
CLITUL

CLIMATE REPORT
NATIONAL WEATHER SERVICE TULSA OK
912 AM CDT WED AUG 27 2014


...................................

...THE TULSA OKLAHOMA CLIMATE SUMMARY FOR AUGUST 27 2014...
VALID AS OF 0900 AM LOCAL TIME.

CLIMATE NORMAL PERIOD 1981 TO 2010
CLIMATE RECORD PERIOD 1882 TO 2014


WEATHER ITEM   OBSERVED TIME   RECORD YEAR NORMAL DEPARTURE LAST
                VALUE   (LST)  VALUE       VALUE  FROM      YEAR
                                                  NORMAL
..................................................................
TEMPERATURE (F)
 TODAY
  MAXIMUM         84   1208 AM 105    2000  91     -7       92
                                      1913
  MINIMUM         74    545 AM  50    1910  70      4       70
  AVERAGE         79                        80     -1       81

PRECIPITATION (IN)
  TODAY            0.00          1.42 1927   0.11  -0.11     0.00
  MONTH TO DATE    0.97                      2.47  -1.50     2.88
  SINCE JUN 1     10.06                     10.55  -0.49     9.50
  SINCE JAN 1     18.51                     27.05  -8.54    23.38

DEGREE DAYS
 COOLING
  TODAY           14                        15     -1       16
  MONTH TO DATE  474                       474      0      407
  SINCE JUN 1   1295                      1408   -113     1348
  SINCE JAN 1   1566                      1642    -76     1540
..................................................................


WIND (MPH)
  HIGHEST WIND SPEED     9   HIGHEST WIND DIRECTION     S (180)
  HIGHEST GUST SPEED    10   HIGHEST GUST DIRECTION     S (180)
  AVERAGE WIND SPEED     3.7


SKY COVER
  POSSIBLE SUNSHINE  MM
  AVERAGE SKY COVER 0.4


WEATHER CONDITIONS
 THE FOLLOWING WEATHER WAS RECORDED TODAY.
  NO SIGNIFICANT WEATHER WAS OBSERVED.


RELATIVE HUMIDITY (PERCENT)
 HIGHEST    82           500 AM
 LOWEST     55          1200 AM
 AVERAGE    69

..........................................................


THE TULSA OKLAHOMA CLIMATE NORMALS FOR TOMORROW
                         NORMAL    RECORD    YEAR
 MAXIMUM TEMPERATURE (F)   91       104      1963
                                             1912
 MINIMUM TEMPERATURE (F)   69        53      1967


SUNRISE AND SUNSET
AUGUST 27 2014........SUNRISE   651 AM CDT   SUNSET   758 PM CDT
AUGUST 28 2014........SUNRISE   652 AM CDT   SUNSET   757 PM CDT


-  INDICATES NEGATIVE NUMBERS.
R  INDICATES RECORD WAS SET OR TIED.
MM INDICATES DATA IS MISSING.
T  INDICATES TRACE AMOUNT.




$$

&&
...........................................................

HOURLY TEMPERATURE DATA
 YESTERDAY
11AM NOON  1PM  2PM  3PM  4PM  5PM  6PM  7PM  8PM  9PM 10PM 11PM
  89   91   94   96   97   98   98   96   94   92   89   86   85

 TODAY
 MID  1AM  2AM  3AM  4AM  5AM  6AM  7AM  8AM  9AM
  84   84   83   81   80   79   75   75   79   83
...........................................................
ALL DATA MEASURED AT THE TULSA INTERNATIONAL AIRPORT...
EXCEPT SNOWFALL...WHICH IS MEASURED AT THE NWS OFFICE.







U.S. Dept. of Commerce
NOAA National Weather Service
1325 East West Highway
Silver Spring, MD 20910
E-mail: w-nws.webmaster@noaa.gov
Page last modified: May 16, 2007
NATIONAL WEATHER SERVICE: for Safety, for Work, for Fun - FOR LIFE