501
CDUS44 KTSA 270700
CLITUL

CLIMATE REPORT
NATIONAL WEATHER SERVICE TULSA OK
1247 AM CST TUE JAN 27 2015


...................................

...THE TULSA OKLAHOMA CLIMATE SUMMARY FOR JANUARY 26 2015...

CLIMATE NORMAL PERIOD 1981 TO 2010
CLIMATE RECORD PERIOD 1882 TO 2015


WEATHER ITEM   OBSERVED TIME   RECORD YEAR NORMAL DEPARTURE LAST
                VALUE   (LST)  VALUE       VALUE  FROM      YEAR
                                                  NORMAL
..................................................................
TEMPERATURE (F)
 YESTERDAY
  MAXIMUM         71R   400 PM  71    1911  49     22       69
  MINIMUM         26    504 AM   7    1963  28     -2       36
  AVERAGE         49                        38     11       53

PRECIPITATION (IN)
  YESTERDAY        0.00          0.62 1967   0.06  -0.06     0.00
  MONTH TO DATE    0.41                      1.37  -0.96     0.13
  SINCE DEC 1      2.38                      3.86  -1.48     1.91
  SINCE JAN 1      0.41                      1.37  -0.96     0.13

SNOWFALL (IN)
  YESTERDAY        0.0                                       0.0
  MONTH TO DATE    T                                         1.1
  SINCE DEC 1      2.0                                       6.1
  SINCE JUL 1      2.4                                       6.1

DEGREE DAYS
 HEATING
  YESTERDAY       16                        27    -11       12
  MONTH TO DATE  740                       717     23      733
  SINCE DEC 1   1432                      1509    -77     1646
  SINCE JUL 1   2133                      2145    -12     2347
..................................................................


WIND (MPH)
  HIGHEST WIND SPEED    16   HIGHEST WIND DIRECTION    NW (300)
  HIGHEST GUST SPEED    19   HIGHEST GUST DIRECTION    NW (300)
  AVERAGE WIND SPEED     5.0


SKY COVER
  POSSIBLE SUNSHINE  MM
  AVERAGE SKY COVER 0.0


WEATHER CONDITIONS
 THE FOLLOWING WEATHER WAS RECORDED YESTERDAY.
  NO SIGNIFICANT WEATHER WAS OBSERVED.


RELATIVE HUMIDITY (PERCENT)
 HIGHEST    92           200 AM
 LOWEST     28           300 PM
 AVERAGE    60

..........................................................


THE TULSA OKLAHOMA CLIMATE NORMALS FOR TODAY
                         NORMAL    RECORD    YEAR
 MAXIMUM TEMPERATURE (F)   49        74      1914
 MINIMUM TEMPERATURE (F)   28         1      1963


SUNRISE AND SUNSET
JANUARY 27 2015.......SUNRISE   728 AM CST   SUNSET   545 PM CST
JANUARY 28 2015.......SUNRISE   728 AM CST   SUNSET   546 PM CST


-  INDICATES NEGATIVE NUMBERS.
R  INDICATES RECORD WAS SET OR TIED.
MM INDICATES DATA IS MISSING.
T  INDICATES TRACE AMOUNT.




$$

&&
...........................................................

THE TULSA PRECIPITATION NORMALS FOR TODAY
                       NORMAL    RECORD      YEAR
  TODAY                 0.06      1.01       1916
  MONTH TO DATE         1.43
  YEAR TO DATE          1.43
...........................................................
ALL DATA MEASURED AT THE TULSA INTERNATIONAL AIRPORT...
EXCEPT SNOWFALL...WHICH IS MEASURED AT THE NWS OFFICE.







U.S. Dept. of Commerce
NOAA National Weather Service
1325 East West Highway
Silver Spring, MD 20910
E-mail: w-nws.webmaster@noaa.gov
Page last modified: May 16, 2007
NATIONAL WEATHER SERVICE: for Safety, for Work, for Fun - FOR LIFE