265
CDUS44 KTSA 242139
CLITUL

CLIMATE REPORT
NATIONAL WEATHER SERVICE TULSA OK
418 PM CDT THU JUL 24 2014


...................................

...THE TULSA OKLAHOMA CLIMATE SUMMARY FOR JULY 24 2014...
VALID TODAY AS OF 0400 PM LOCAL TIME.

CLIMATE NORMAL PERIOD 1981 TO 2010
CLIMATE RECORD PERIOD 1882 TO 2014


WEATHER ITEM   OBSERVED TIME   RECORD YEAR NORMAL DEPARTURE LAST
                VALUE   (LST)  VALUE       VALUE  FROM      YEAR
                                                  NORMAL
..................................................................
TEMPERATURE (F)
 TODAY
  MAXIMUM         91    257 PM 110    1934  94     -3       90
  MINIMUM         67    453 AM  60    1927  73     -6       71
                                      1909
  AVERAGE         79                        84     -5       81

PRECIPITATION (IN)
  TODAY            0.00          1.95 1973   0.10  -0.10     0.04
  MONTH TO DATE    2.48                      2.70  -0.22     2.89
  SINCE JUN 1      7.15                      7.42  -0.27     4.58
  SINCE JAN 1     15.60                     23.92  -8.32    18.46

DEGREE DAYS
 COOLING
  TODAY           14                        19     -5       16
  MONTH TO DATE  315                       423   -108      415
  SINCE JUN 1    718                       802    -84      846
  SINCE JAN 1    989                      1036    -47     1038
..................................................................


WIND (MPH)
  HIGHEST WIND SPEED    13   HIGHEST WIND DIRECTION    SE (150)
  HIGHEST GUST SPEED    17   HIGHEST GUST DIRECTION    SE (120)
  AVERAGE WIND SPEED     4.9


SKY COVER
  POSSIBLE SUNSHINE  MM
  AVERAGE SKY COVER 0.3


WEATHER CONDITIONS
 THE FOLLOWING WEATHER WAS RECORDED TODAY.
  FOG


RELATIVE HUMIDITY (PERCENT)
 HIGHEST   100           300 AM
 LOWEST     56           300 PM
 AVERAGE    78

..........................................................


THE TULSA OKLAHOMA CLIMATE NORMALS FOR TOMORROW
                         NORMAL    RECORD    YEAR
 MAXIMUM TEMPERATURE (F)   94       108      1934
 MINIMUM TEMPERATURE (F)   73        54      1911


SUNRISE AND SUNSET
JULY 24 2014..........SUNRISE   624 AM CDT   SUNSET   835 PM CDT
JULY 25 2014..........SUNRISE   625 AM CDT   SUNSET   835 PM CDT


-  INDICATES NEGATIVE NUMBERS.
R  INDICATES RECORD WAS SET OR TIED.
MM INDICATES DATA IS MISSING.
T  INDICATES TRACE AMOUNT.




$$

&&
...........................................................

TULSA RECORD LOW MAX AND HIGH MIN TEMPERATURES FOR TOMORROW
                      RECORD        YEAR
  LOW MAXIMUM           80          *1950
  HIGH MINIMUM          82          *2001
...........................................................
ALL DATA MEASURED AT THE TULSA INTERNATIONAL AIRPORT...
EXCEPT SNOWFALL...WHICH IS MEASURED AT THE NWS OFFICE.







U.S. Dept. of Commerce
NOAA National Weather Service
1325 East West Highway
Silver Spring, MD 20910
E-mail: w-nws.webmaster@noaa.gov
Page last modified: May 16, 2007
NATIONAL WEATHER SERVICE: for Safety, for Work, for Fun - FOR LIFE