809
CDUS44 KTSA 010651
CLITUL

CLIMATE REPORT
NATIONAL WEATHER SERVICE TULSA OK
147 AM CDT FRI AUG 1 2014


...................................

...THE TULSA OKLAHOMA CLIMATE SUMMARY FOR JULY 31 2014...

CLIMATE NORMAL PERIOD 1981 TO 2010
CLIMATE RECORD PERIOD 1882 TO 2014


WEATHER ITEM   OBSERVED TIME   RECORD YEAR NORMAL DEPARTURE LAST
                VALUE   (LST)  VALUE       VALUE  FROM      YEAR
                                                  NORMAL
..................................................................
TEMPERATURE (F)
 YESTERDAY
  MAXIMUM         76    553 PM 112    2012  94    -18       91
  MINIMUM         67   1246 AM  51    1971  73     -6       75
  AVERAGE         72                        84    -12       83

PRECIPITATION (IN)
  YESTERDAY        0.17          3.60 1898   0.10   0.07     0.00
  MONTH TO DATE    4.42                      3.36   1.06     4.93
  SINCE JUN 1      9.09                      8.08   1.01     6.62
  SINCE JAN 1     17.54                     24.58  -7.04    20.50

DEGREE DAYS
 COOLING
  YESTERDAY        7                        19    -12       18
  MONTH TO DATE  418                       555   -137      510
  SINCE JUN 1    821                       934   -113      941
  SINCE JAN 1   1092                      1168    -76     1133
..................................................................


WIND (MPH)
  HIGHEST WIND SPEED    10   HIGHEST WIND DIRECTION     N (20)
  HIGHEST GUST SPEED    13   HIGHEST GUST DIRECTION    SE (140)
  AVERAGE WIND SPEED     4.2


SKY COVER
  POSSIBLE SUNSHINE  MM
  AVERAGE SKY COVER 0.8


WEATHER CONDITIONS
 THE FOLLOWING WEATHER WAS RECORDED YESTERDAY.
  LIGHT RAIN
  FOG


RELATIVE HUMIDITY (PERCENT)
 HIGHEST   100           900 AM
 LOWEST     74           600 PM
 AVERAGE    87

..........................................................


THE TULSA OKLAHOMA CLIMATE NORMALS FOR TODAY
                         NORMAL    RECORD    YEAR
 MAXIMUM TEMPERATURE (F)   94       112      2012
 MINIMUM TEMPERATURE (F)   73        59      1925


SUNRISE AND SUNSET
AUGUST  1 2014........SUNRISE   631 AM CDT   SUNSET   829 PM CDT
AUGUST  2 2014........SUNRISE   631 AM CDT   SUNSET   828 PM CDT


-  INDICATES NEGATIVE NUMBERS.
R  INDICATES RECORD WAS SET OR TIED.
MM INDICATES DATA IS MISSING.
T  INDICATES TRACE AMOUNT.




$$

&&
...........................................................

THE TULSA PRECIPITATION NORMALS FOR TODAY
                       NORMAL    RECORD      YEAR
  TODAY                 0.09      1.62       1915
  MONTH TO DATE         0.09
  YEAR TO DATE         24.67
...........................................................
ALL DATA MEASURED AT THE TULSA INTERNATIONAL AIRPORT...
EXCEPT SNOWFALL...WHICH IS MEASURED AT THE NWS OFFICE.







U.S. Dept. of Commerce
NOAA National Weather Service
1325 East West Highway
Silver Spring, MD 20910
E-mail: w-nws.webmaster@noaa.gov
Page last modified: May 16, 2007
NATIONAL WEATHER SERVICE: for Safety, for Work, for Fun - FOR LIFE