233
CDUS44 KTSA 212130
CLITUL

CLIMATE REPORT
NATIONAL WEATHER SERVICE TULSA OK
418 PM CDT THU AUG 21 2014


...................................

...THE TULSA OKLAHOMA CLIMATE SUMMARY FOR AUGUST 21 2014...
VALID TODAY AS OF 0400 PM LOCAL TIME.

CLIMATE NORMAL PERIOD 1981 TO 2010
CLIMATE RECORD PERIOD 1882 TO 2014


WEATHER ITEM   OBSERVED TIME   RECORD YEAR NORMAL DEPARTURE LAST
                VALUE   (LST)  VALUE       VALUE  FROM      YEAR
                                                  NORMAL
..................................................................
TEMPERATURE (F)
 TODAY
  MAXIMUM         97    208 PM 106    1936  93      4       93
                                      1916
  MINIMUM         78    625 AM  54    1950  71      7       67
  AVERAGE         88                        82      6       80

PRECIPITATION (IN)
  TODAY            0.00          3.21 1937   0.10  -0.10     0.00
  MONTH TO DATE    0.97                      1.88  -0.91     2.88
  SINCE JUN 1     10.06                      9.96   0.10     9.50
  SINCE JAN 1     18.51                     26.46  -7.95    23.38

DEGREE DAYS
 COOLING
  TODAY           23                        17      6       15
  MONTH TO DATE  340                       378    -38      299
  SINCE JUN 1   1161                      1312   -151     1240
  SINCE JAN 1   1432                      1546   -114     1432
..................................................................


WIND (MPH)
  HIGHEST WIND SPEED    20   HIGHEST WIND DIRECTION     S (170)
  HIGHEST GUST SPEED    25   HIGHEST GUST DIRECTION     S (170)
  AVERAGE WIND SPEED    14.0


SKY COVER
  POSSIBLE SUNSHINE  MM
  AVERAGE SKY COVER 0.1


WEATHER CONDITIONS
 THE FOLLOWING WEATHER WAS RECORDED TODAY.
  NO SIGNIFICANT WEATHER WAS OBSERVED.


RELATIVE HUMIDITY (PERCENT)
 HIGHEST    79           600 AM
 LOWEST     45           300 PM
 AVERAGE    62

..........................................................


THE TULSA OKLAHOMA CLIMATE NORMALS FOR TOMORROW
                         NORMAL    RECORD    YEAR
 MAXIMUM TEMPERATURE (F)   93       106      1936
 MINIMUM TEMPERATURE (F)   71        50      1920


SUNRISE AND SUNSET
AUGUST 21 2014........SUNRISE   647 AM CDT   SUNSET   806 PM CDT
AUGUST 22 2014........SUNRISE   647 AM CDT   SUNSET   805 PM CDT


-  INDICATES NEGATIVE NUMBERS.
R  INDICATES RECORD WAS SET OR TIED.
MM INDICATES DATA IS MISSING.
T  INDICATES TRACE AMOUNT.




$$

&&
...........................................................

TULSA RECORD LOW MAX AND HIGH MIN TEMPERATURES FOR TOMORROW
                      RECORD        YEAR
  LOW MAXIMUM           72          1961
  HIGH MINIMUM          80          *2001
...........................................................
ALL DATA MEASURED AT THE TULSA INTERNATIONAL AIRPORT...
EXCEPT SNOWFALL...WHICH IS MEASURED AT THE NWS OFFICE.







U.S. Dept. of Commerce
NOAA National Weather Service
1325 East West Highway
Silver Spring, MD 20910
E-mail: w-nws.webmaster@noaa.gov
Page last modified: May 16, 2007
NATIONAL WEATHER SERVICE: for Safety, for Work, for Fun - FOR LIFE