058
CDUS44 KTSA 240659
CLITUL

CLIMATE REPORT
NATIONAL WEATHER SERVICE TULSA OK
147 AM CDT FRI OCT 24 2014


...................................

...THE TULSA OKLAHOMA CLIMATE SUMMARY FOR OCTOBER 23 2014...

CLIMATE NORMAL PERIOD 1981 TO 2010
CLIMATE RECORD PERIOD 1882 TO 2014


WEATHER ITEM   OBSERVED TIME   RECORD YEAR NORMAL DEPARTURE LAST
                VALUE   (LST)  VALUE       VALUE  FROM      YEAR
                                                  NORMAL
..................................................................
TEMPERATURE (F)
 YESTERDAY
  MAXIMUM         68    332 PM  92    1939  71     -3       67
  MINIMUM         58    936 PM  26    1937  49      9       39
  AVERAGE         63                        60      3       53

PRECIPITATION (IN)
  YESTERDAY        0.50          2.40 1908   0.13   0.37     0.00
  MONTH TO DATE    4.72                      2.93   1.79     2.38
  SINCE SEP 1      6.91                      7.19  -0.28     4.88
  SINCE JAN 1     25.43                     34.67  -9.24    28.26

SNOWFALL (IN)
  YESTERDAY        0.0                                       0.0
  MONTH TO DATE    0.0                                       0.0
  SINCE SEP 1      0.0                                       0.0
  SINCE JUL 1      0.0                                       0.0

DEGREE DAYS
 HEATING
  YESTERDAY        2                         7     -5       12
  MONTH TO DATE   62                       100    -38      122
  SINCE SEP 1     74                       124    -50      123
  SINCE JUL 1     75                       124    -49      123

 COOLING
  YESTERDAY        0                         1     -1        0
  MONTH TO DATE   81                        54     27       66
  SINCE SEP 1    362                       318     44      414
  SINCE JAN 1   2015                      2019     -4     2043
..................................................................


WIND (MPH)
  HIGHEST WIND SPEED    15   HIGHEST WIND DIRECTION     S (180)
  HIGHEST GUST SPEED    19   HIGHEST GUST DIRECTION     S (170)
  AVERAGE WIND SPEED     7.1


SKY COVER
  POSSIBLE SUNSHINE  MM
  AVERAGE SKY COVER 0.8


WEATHER CONDITIONS
 THE FOLLOWING WEATHER WAS RECORDED YESTERDAY.
  RAIN
  LIGHT RAIN
  FOG


RELATIVE HUMIDITY (PERCENT)
 HIGHEST    97           500 AM
 LOWEST     78           100 PM
 AVERAGE    88

..........................................................


THE TULSA OKLAHOMA CLIMATE NORMALS FOR TODAY
                         NORMAL    RECORD    YEAR
 MAXIMUM TEMPERATURE (F)   71        89      2003
 MINIMUM TEMPERATURE (F)   48        24      1917


SUNRISE AND SUNSET
OCTOBER 24 2014.......SUNRISE   739 AM CDT   SUNSET   636 PM CDT
OCTOBER 25 2014.......SUNRISE   740 AM CDT   SUNSET   635 PM CDT


-  INDICATES NEGATIVE NUMBERS.
R  INDICATES RECORD WAS SET OR TIED.
MM INDICATES DATA IS MISSING.
T  INDICATES TRACE AMOUNT.




$$

&&
...........................................................

THE TULSA PRECIPITATION NORMALS FOR TODAY
                       NORMAL    RECORD      YEAR
  TODAY                 0.13      0.77       2002
  MONTH TO DATE         3.06
  YEAR TO DATE         34.80
...........................................................
ALL DATA MEASURED AT THE TULSA INTERNATIONAL AIRPORT...
EXCEPT SNOWFALL...WHICH IS MEASURED AT THE NWS OFFICE.







U.S. Dept. of Commerce
NOAA National Weather Service
1325 East West Highway
Silver Spring, MD 20910
E-mail: w-nws.webmaster@noaa.gov
Page last modified: May 16, 2007
NATIONAL WEATHER SERVICE: for Safety, for Work, for Fun - FOR LIFE