821
CDUS46 KPQR 211141
CLITTD


CLIMATE REPORT
NATIONAL WEATHER SERVICE PORTLAND OREGON
340 AM PST SUN DEC 21 2014


...................................

...THE TROUTDALE OR CLIMATE SUMMARY FOR DECEMBER 20 2014...

CLIMATE NORMAL PERIOD 1981 TO 2010
CLIMATE RECORD PERIOD 9999 TO 9999


WEATHER ITEM   OBSERVED TIME   NORMAL DEPARTURE LAST
                VALUE   (LST)  VALUE  FROM      YEAR
                                      NORMAL
......................................................
TEMPERATURE (F)
 YESTERDAY
  MAXIMUM         60   1151 PM  44     16       47
  MINIMUM         45    229 PM  33     12       33
  AVERAGE         53            38     15       40

PRECIPITATION (IN)
  YESTERDAY        0.65          0.24   0.41     0.17
  MONTH TO DATE    2.81          4.56  -1.75     1.58
  SINCE OCT 1     13.47         15.79  -2.32     6.80
  SINCE JAN 1     36.17         44.36  -8.19    27.72

DEGREE DAYS
 HEATING
  YESTERDAY       12            27    -15       25
  MONTH TO DATE  408           512   -104      591

 COOLING
  YESTERDAY        0             0      0        0
  MONTH TO DATE    0             0      0        0
......................................................


WIND (MPH)
  HIGHEST WIND SPEED    25   HIGHEST WIND DIRECTION    SW (220)
  HIGHEST GUST SPEED    35   HIGHEST GUST DIRECTION    SW (230)
  AVERAGE WIND SPEED    13.3


SKY COVER
  POSSIBLE SUNSHINE  MM
  AVERAGE SKY COVER 1.0


WEATHER CONDITIONS
 THE FOLLOWING WEATHER WAS RECORDED YESTERDAY.
  LIGHT RAIN
  FOG


RELATIVE HUMIDITY (PERCENT)
 HIGHEST    93           300 PM
 LOWEST     82           800 AM
 AVERAGE    88

..........................................................


THE TROUTDALE OR CLIMATE NORMALS FOR TODAY
                         NORMAL    RECORD    YEAR
 MAXIMUM TEMPERATURE (F)   44        64      1972
 MINIMUM TEMPERATURE (F)   32        10      1990


SUNRISE AND SUNSET
DECEMBER 21 2014......SUNRISE   747 AM PST   SUNSET   429 PM PST
DECEMBER 22 2014......SUNRISE   747 AM PST   SUNSET   429 PM PST


-  INDICATES NEGATIVE NUMBERS.
R  INDICATES RECORD WAS SET OR TIED.
MM INDICATES DATA IS MISSING.
T  INDICATES TRACE AMOUNT.




$$





U.S. Dept. of Commerce
NOAA National Weather Service
1325 East West Highway
Silver Spring, MD 20910
E-mail: w-nws.webmaster@noaa.gov
Page last modified: May 16, 2007
NATIONAL WEATHER SERVICE: for Safety, for Work, for Fun - FOR LIFE