937
CDUS46 KPQR 171141
CLITTD


CLIMATE REPORT
NATIONAL WEATHER SERVICE PORTLAND OREGON
440 AM PDT THU APR 17 2014


...................................

...THE TROUTDALE OR CLIMATE SUMMARY FOR APRIL 16 2014...

CLIMATE NORMAL PERIOD 1981 TO 2010
CLIMATE RECORD PERIOD 1948 TO 2014


WEATHER ITEM   OBSERVED TIME   RECORD YEAR NORMAL DEPARTURE LAST
                VALUE   (LST)  VALUE       VALUE  FROM      YEAR
                                                  NORMAL
..................................................................
TEMPERATURE (F)
 YESTERDAY
  MAXIMUM         60    259 PM  86    1990  62     -2       57
  MINIMUM         49    712 AM  33    1995  41      8       39
  AVERAGE         55                        51      4       48

PRECIPITATION (IN)
  YESTERDAY        0.10          0.54 1992   0.13  -0.03      T
  MONTH TO DATE    0.94                      2.14  -1.20     2.31
  SINCE OCT 1     20.15                     36.45 -16.30    28.79
  SINCE JAN 1     12.56                     18.05  -5.49     8.81

DEGREE DAYS
 HEATING
  YESTERDAY       10                        14     -4       17
  MONTH TO DATE  172                       232    -60      229

 COOLING
  YESTERDAY        0                         0      0        0
  MONTH TO DATE    0                         0      0        0
..................................................................


WIND (MPH)
  HIGHEST WIND SPEED    10   HIGHEST WIND DIRECTION     W (260)
  HIGHEST GUST SPEED    14   HIGHEST GUST DIRECTION     W (260)
  AVERAGE WIND SPEED     2.4


SKY COVER
  POSSIBLE SUNSHINE  MM
  AVERAGE SKY COVER 1.0


WEATHER CONDITIONS
 THE FOLLOWING WEATHER WAS RECORDED YESTERDAY.
  LIGHT RAIN
  FOG


RELATIVE HUMIDITY (PERCENT)
 HIGHEST    93           700 AM
 LOWEST     57           200 PM
 AVERAGE    75

..........................................................


THE TROUTDALE OR CLIMATE NORMALS FOR TODAY
                         NORMAL    RECORD    YEAR
 MAXIMUM TEMPERATURE (F)   62        77      1994
 MINIMUM TEMPERATURE (F)   41        31      2011
                                             1977


SUNRISE AND SUNSET
APRIL 17 2014.........SUNRISE   620 AM PDT   SUNSET   759 PM PDT
APRIL 18 2014.........SUNRISE   619 AM PDT   SUNSET   800 PM PDT


-  INDICATES NEGATIVE NUMBERS.
R  INDICATES RECORD WAS SET OR TIED.
MM INDICATES DATA IS MISSING.
T  INDICATES TRACE AMOUNT.




$$





U.S. Dept. of Commerce
NOAA National Weather Service
1325 East West Highway
Silver Spring, MD 20910
E-mail: w-nws.webmaster@noaa.gov
Page last modified: May 16, 2007
NATIONAL WEATHER SERVICE: for Safety, for Work, for Fun - FOR LIFE