397
CDUS46 KPQR 211141
CLITTD


CLIMATE REPORT
NATIONAL WEATHER SERVICE PORTLAND OREGON
440 AM PDT SUN SEP 21 2014


...................................

...THE TROUTDALE OR CLIMATE SUMMARY FOR SEPTEMBER 20 2014...

CLIMATE NORMAL PERIOD 1981 TO 2010
CLIMATE RECORD PERIOD 9999 TO 9999


WEATHER ITEM   OBSERVED TIME   NORMAL DEPARTURE LAST
                VALUE   (LST)  VALUE  FROM      YEAR
                                      NORMAL
......................................................
TEMPERATURE (F)
 YESTERDAY
  MAXIMUM         92    249 PM  75     17       75
  MINIMUM         52    610 AM  49      3       49
  AVERAGE         72            62     10       62

PRECIPITATION (IN)
  YESTERDAY        0.00          0.07  -0.07      T
  MONTH TO DATE    0.05          1.06  -1.01     0.04
  SINCE OCT 1     29.32         46.18 -16.86    36.84
  SINCE JAN 1     21.73         27.78  -6.05    16.86

DEGREE DAYS
 HEATING
  YESTERDAY        0             4     -4        3
  MONTH TO DATE    3            55    -52       12

 COOLING
  YESTERDAY        7             1      6        0
  MONTH TO DATE   91            34     57       84
......................................................


WIND (MPH)
  HIGHEST WIND SPEED    24   HIGHEST WIND DIRECTION     E (100)
  HIGHEST GUST SPEED    31   HIGHEST GUST DIRECTION     E (100)
  AVERAGE WIND SPEED     9.4


SKY COVER
  POSSIBLE SUNSHINE  MM
  AVERAGE SKY COVER 0.0


WEATHER CONDITIONS
 THE FOLLOWING WEATHER WAS RECORDED YESTERDAY.
  NO SIGNIFICANT WEATHER WAS OBSERVED.


RELATIVE HUMIDITY (PERCENT)
 HIGHEST    93           200 AM
 LOWEST     26           200 PM
 AVERAGE    60

..........................................................


THE TROUTDALE OR CLIMATE NORMALS FOR TODAY
                         NORMAL    RECORD    YEAR
 MAXIMUM TEMPERATURE (F)   75        94      1952
 MINIMUM TEMPERATURE (F)   49        38      1998


SUNRISE AND SUNSET
SEPTEMBER 21 2014.....SUNRISE   655 AM PDT   SUNSET   709 PM PDT
SEPTEMBER 22 2014.....SUNRISE   657 AM PDT   SUNSET   707 PM PDT


-  INDICATES NEGATIVE NUMBERS.
R  INDICATES RECORD WAS SET OR TIED.
MM INDICATES DATA IS MISSING.
T  INDICATES TRACE AMOUNT.




$$





U.S. Dept. of Commerce
NOAA National Weather Service
1325 East West Highway
Silver Spring, MD 20910
E-mail: w-nws.webmaster@noaa.gov
Page last modified: May 16, 2007
NATIONAL WEATHER SERVICE: for Safety, for Work, for Fun - FOR LIFE