524
CDUS46 KPQR 231243
CLITTD


CLIMATE REPORT
NATIONAL WEATHER SERVICE PORTLAND OREGON
442 AM PST SUN NOV 23 2014


...................................

...THE TROUTDALE OR CLIMATE SUMMARY FOR NOVEMBER 22 2014...

CLIMATE NORMAL PERIOD 1981 TO 2010
CLIMATE RECORD PERIOD 9999 TO 9999


WEATHER ITEM   OBSERVED TIME   NORMAL DEPARTURE LAST
                VALUE   (LST)  VALUE  FROM      YEAR
                                      NORMAL
......................................................
TEMPERATURE (F)
 YESTERDAY
  MAXIMUM         52    320 PM  50      2       44
  MINIMUM         41    500 AM  38      3       35
  AVERAGE         47            44      3       40

PRECIPITATION (IN)
  YESTERDAY        0.15          0.24  -0.09     0.00
  MONTH TO DATE    2.17          5.34  -3.17     3.41
  SINCE OCT 1      9.11          9.29  -0.18     5.02
  SINCE JAN 1     31.81         37.86  -6.05    25.94

DEGREE DAYS
 HEATING
  YESTERDAY       18            21     -3       25
  MONTH TO DATE  434           403     31      359

 COOLING
  YESTERDAY        0             0      0        0
  MONTH TO DATE    0             0      0        0
......................................................


WIND (MPH)
  HIGHEST WIND SPEED    18   HIGHEST WIND DIRECTION    SW (210)
  HIGHEST GUST SPEED    25   HIGHEST GUST DIRECTION     S (200)
  AVERAGE WIND SPEED     3.9


SKY COVER
  POSSIBLE SUNSHINE  MM
  AVERAGE SKY COVER 0.7


WEATHER CONDITIONS
 THE FOLLOWING WEATHER WAS RECORDED YESTERDAY.
  THUNDERSTORM
  RAIN
  LIGHT RAIN
  FOG


RELATIVE HUMIDITY (PERCENT)
 HIGHEST    93           100 AM
 LOWEST     77          1200 PM
 AVERAGE    85

..........................................................


THE TROUTDALE OR CLIMATE NORMALS FOR TODAY
                         NORMAL    RECORD    YEAR
 MAXIMUM TEMPERATURE (F)   50        63      1949
 MINIMUM TEMPERATURE (F)   37        15      1985


SUNRISE AND SUNSET
NOVEMBER 23 2014......SUNRISE   720 AM PST   SUNSET   432 PM PST
NOVEMBER 24 2014......SUNRISE   721 AM PST   SUNSET   431 PM PST


-  INDICATES NEGATIVE NUMBERS.
R  INDICATES RECORD WAS SET OR TIED.
MM INDICATES DATA IS MISSING.
T  INDICATES TRACE AMOUNT.




$$





U.S. Dept. of Commerce
NOAA National Weather Service
1325 East West Highway
Silver Spring, MD 20910
E-mail: w-nws.webmaster@noaa.gov
Page last modified: May 16, 2007
NATIONAL WEATHER SERVICE: for Safety, for Work, for Fun - FOR LIFE