389
CDUS46 KPQR 281146
CLITTD


CLIMATE REPORT
NATIONAL WEATHER SERVICE PORTLAND OREGON
345 AM PST FRI NOV 28 2014


...................................

...THE TROUTDALE OR CLIMATE SUMMARY FOR NOVEMBER 27 2014...

CLIMATE NORMAL PERIOD 1981 TO 2010
CLIMATE RECORD PERIOD 9999 TO 9999


WEATHER ITEM   OBSERVED TIME   NORMAL DEPARTURE LAST
                VALUE   (LST)  VALUE  FROM      YEAR
                                      NORMAL
......................................................
TEMPERATURE (F)
 YESTERDAY
  MAXIMUM         62    659 AM  49     13       49
  MINIMUM         53    131 AM  37     16       41
  AVERAGE         58            43     15       45

PRECIPITATION (IN)
  YESTERDAY        0.04          0.25  -0.21     0.00
  MONTH TO DATE    2.82          6.55  -3.73     3.41
  SINCE OCT 1      9.76         10.50  -0.74     5.02
  SINCE JAN 1     32.46         39.07  -6.61    25.94

DEGREE DAYS
 HEATING
  YESTERDAY        7            22    -15       20
  MONTH TO DATE  486           512    -26      464

 COOLING
  YESTERDAY        0             0      0        0
  MONTH TO DATE    0             0      0        0
......................................................


WIND (MPH)
  HIGHEST WIND SPEED    20   HIGHEST WIND DIRECTION    SW (210)
  HIGHEST GUST SPEED    29   HIGHEST GUST DIRECTION     S (200)
  AVERAGE WIND SPEED     7.7


SKY COVER
  POSSIBLE SUNSHINE  MM
  AVERAGE SKY COVER 1.0


WEATHER CONDITIONS
 THE FOLLOWING WEATHER WAS RECORDED YESTERDAY.
  LIGHT RAIN
  FOG


RELATIVE HUMIDITY (PERCENT)
 HIGHEST    89           100 AM
 LOWEST     55           500 AM
 AVERAGE    72

..........................................................


THE TROUTDALE OR CLIMATE NORMALS FOR TODAY
                         NORMAL    RECORD    YEAR
 MAXIMUM TEMPERATURE (F)   48        59      1973
 MINIMUM TEMPERATURE (F)   36        19      1985


SUNRISE AND SUNSET
NOVEMBER 28 2014......SUNRISE   726 AM PST   SUNSET   429 PM PST
NOVEMBER 29 2014......SUNRISE   727 AM PST   SUNSET   428 PM PST


-  INDICATES NEGATIVE NUMBERS.
R  INDICATES RECORD WAS SET OR TIED.
MM INDICATES DATA IS MISSING.
T  INDICATES TRACE AMOUNT.




$$





U.S. Dept. of Commerce
NOAA National Weather Service
1325 East West Highway
Silver Spring, MD 20910
E-mail: w-nws.webmaster@noaa.gov
Page last modified: May 16, 2007
NATIONAL WEATHER SERVICE: for Safety, for Work, for Fun - FOR LIFE