646
CDUS46 KSGX 261422
CLITRM


CLIMATE REPORT
NATIONAL WEATHER SERVICE SAN DIEGO, CA
622 AM PST WED NOV 26 2014


...................................

...THE THERMAL AIRPORT CA CLIMATE SUMMARY FOR NOVEMBER 25 2014...

CLIMATE NORMAL PERIOD 1981 TO 2010
CLIMATE RECORD PERIOD 1950 TO 2014


WEATHER ITEM   OBSERVED TIME   RECORD YEAR NORMAL DEPARTURE LAST
                VALUE   (LST)  VALUE       VALUE  FROM      YEAR
                                                  NORMAL
..................................................................
TEMPERATURE (F)
 YESTERDAY
  MAXIMUM         74    154 PM  90    1950  75     -1       74
  MINIMUM         35    513 AM  27    2010  39     -4       39
                                      1993
  AVERAGE         55                        57     -2       57

PRECIPITATION (IN)
  YESTERDAY        0.00          1.33 1985   0.02  -0.02     0.00
  MONTH TO DATE    T                         0.18  -0.18     0.07
  SINCE JUL 1      0.45                      0.98  -0.53     1.46
  SINCE JAN 1      0.53                      2.80  -2.27     1.90

SNOWFALL (IN)
  YESTERDAY        0.0
  MONTH TO DATE    0.0
  SINCE JAN 1      0.0
  SINCE JUL 1      0.0
  SNOW DEPTH       0

DEGREE DAYS
 HEATING
  YESTERDAY       10                         8      2        8
  MONTH TO DATE   76                       110    -34       68
  SINCE SEP 1     76                       121    -45       77
  SINCE JUL 1     76                       121    -45       77

 COOLING
  YESTERDAY        0                         0      0        0
  MONTH TO DATE   19                        33    -14       20
  SINCE SEP 1   1061                       853    208      788
  SINCE JAN 1   4258                      3686    572     4072
..................................................................


WIND (MPH)
  RESULTANT WIND SPEED   1   RESULTANT WIND DIRECTION   N (20)
  HIGHEST WIND SPEED    10   HIGHEST WIND DIRECTION    NW (330)
  HIGHEST GUST SPEED    13   HIGHEST GUST DIRECTION    SE (130)
  AVERAGE WIND SPEED     4.4


SKY COVER
  POSSIBLE SUNSHINE  MM
  AVERAGE SKY COVER 0.0


WEATHER CONDITIONS
 THE FOLLOWING WEATHER WAS RECORDED YESTERDAY.
  NO SIGNIFICANT WEATHER WAS OBSERVED.


RELATIVE HUMIDITY (PERCENT)
 HIGHEST    56           800 PM
 LOWEST     12           100 PM
 AVERAGE    34

..........................................................


THE THERMAL AIRPORT CA CLIMATE NORMALS FOR TODAY
                         NORMAL    RECORD    YEAR
 MAXIMUM TEMPERATURE (F)   74        93      1954
 MINIMUM TEMPERATURE (F)   39        20      2010


SUNRISE AND SUNSET
NOVEMBER 26 2014......SUNRISE   627 AM PST   SUNSET   437 PM PST
NOVEMBER 27 2014......SUNRISE   628 AM PST   SUNSET   437 PM PST


-  INDICATES NEGATIVE NUMBERS.
R  INDICATES RECORD WAS SET OR TIED.
MM INDICATES DATA IS MISSING.
T  INDICATES TRACE AMOUNT.




$$





U.S. Dept. of Commerce
NOAA National Weather Service
1325 East West Highway
Silver Spring, MD 20910
E-mail: w-nws.webmaster@noaa.gov
Page last modified: May 16, 2007
NATIONAL WEATHER SERVICE: for Safety, for Work, for Fun - FOR LIFE