859
CDUS44 KMRX 192216
CLITRI

CLIMATE REPORT NATIONAL WEATHER SERVICE MORRISTOWN TN
516 PM EST FRI DEC 19 2014

...................................

...THE TRI-CITIES CLIMATE SUMMARY FOR DECEMBER 19 2014... VALID
TODAY AS OF 500 PM LOCAL TIME.

CLIMATE NORMAL PERIOD 1981 TO 2010
CLIMATE RECORD PERIOD 1934 TO 2014


WEATHER ITEM   OBSERVED TIME   RECORD YEAR NORMAL DEPARTURE LAST
                VALUE   (LST)  VALUE       VALUE  FROM      YEAR
                                                  NORMAL
..................................................................
TEMPERATURE (F)
 TODAY
  MAXIMUM         46    252 PM  68    1939  47     -1       55
  MINIMUM         35    519 AM   4    1963  27      8       21
  AVERAGE         41                        37      4       38

PRECIPITATION (IN)
  TODAY            0.00          0.79 1967   0.10  -0.10     0.00
  MONTH TO DATE    1.40                      2.12  -0.72     3.18
  SINCE DEC 1      1.40                      2.12  -0.72     3.18
  SINCE JAN 1     36.50                     39.76  -3.26    54.52

SNOWFALL (IN)
  TODAY            0.0                       0.1   -0.1      0.0
  MONTH TO DATE    0.0                       1.2   -1.2       T
  SINCE DEC 1      0.0                       1.2   -1.2       T
  SINCE JUL 1      1.2                       1.5   -0.3      1.4
  SNOW DEPTH       0

DEGREE DAYS
 HEATING
  TODAY           24                        28     -4       27
  MONTH TO DATE  456                       496    -40      443
  SINCE DEC 1    456                       496    -40      443
  SINCE JUL 1   1439                      1382     57     1334

 COOLING
  TODAY            0                         0      0        0
  MONTH TO DATE    0                         0      0        0
  SINCE DEC 1      0                         0      0        0
  SINCE JAN 1   1141                       981    160     1003
..................................................................


WIND (MPH)
  HIGHEST WIND SPEED     6   HIGHEST WIND DIRECTION    NW (310)
  HIGHEST GUST SPEED     8   HIGHEST GUST DIRECTION    NW (330)
  AVERAGE WIND SPEED     1.3


SKY COVER
  POSSIBLE SUNSHINE  MM
  AVERAGE SKY COVER  MM


WEATHER CONDITIONS
 THE FOLLOWING WEATHER WAS RECORDED TODAY.
  NO SIGNIFICANT WEATHER WAS OBSERVED.


RELATIVE HUMIDITY (PERCENT)
 HIGHEST    70           100 AM
 LOWEST     40           300 PM
 AVERAGE    55

..........................................................


THE TRI-CITIES      ASOS CLIMATE NORMALS FOR TOMORROW
                         NORMAL    RECORD    YEAR
 MAXIMUM TEMPERATURE (F)   47        66      1987
                                             1978
 MINIMUM TEMPERATURE (F)   27         5      2004


SUNRISE AND SUNSET
DECEMBER 19 2014......SUNRISE   737 AM EST   SUNSET   517 PM EST
DECEMBER 20 2014......SUNRISE   737 AM EST   SUNSET   517 PM EST


-  INDICATES NEGATIVE NUMBERS.
R  INDICATES RECORD WAS SET OR TIED.
MM INDICATES DATA IS MISSING.
T  INDICATES TRACE AMOUNT.




$$




U.S. Dept. of Commerce
NOAA National Weather Service
1325 East West Highway
Silver Spring, MD 20910
E-mail: w-nws.webmaster@noaa.gov
Page last modified: May 16, 2007
NATIONAL WEATHER SERVICE: for Safety, for Work, for Fun - FOR LIFE