871
CDUS44 KMRX 011254
CLITRI

CLIMATE REPORT
NATIONAL WEATHER SERVICE MORRISTOWN TN
853 AM EDT WED OCT 1 2014


...................................

...THE TRI-CITIES CLIMATE SUMMARY FOR SEPTEMBER 30 2014...

CLIMATE NORMAL PERIOD 1981 TO 2010
CLIMATE RECORD PERIOD 1934 TO 2014


WEATHER ITEM   OBSERVED TIME   RECORD YEAR NORMAL DEPARTURE LAST
                VALUE   (LST)  VALUE       VALUE  FROM      YEAR
                                                  NORMAL
..................................................................
TEMPERATURE (F)
 YESTERDAY
  MAXIMUM         82    403 PM  90    1941  74      8       76
  MINIMUM         53    516 AM  34    1967  49      4       54
  AVERAGE         68                        62      6       65

PRECIPITATION (IN)
  YESTERDAY        0.00          1.28 1954   0.09  -0.09     0.00
  MONTH TO DATE    1.42                      2.99  -1.57     1.85
  SINCE SEP 1      1.42                      2.99  -1.57     1.85
  SINCE JAN 1     26.46                     32.44  -5.98    46.72

SNOWFALL (IN)
  YESTERDAY        0.0                       0.0    0.0      0.0
  MONTH TO DATE    0.0                       0.0    0.0      0.0
  SINCE SEP 1      0.0                       0.0    0.0      0.0
  SINCE JUL 1      0.0                       0.0    0.0      0.0
  SNOW DEPTH       0

DEGREE DAYS
 HEATING
  YESTERDAY        0                         5     -5        0
  MONTH TO DATE   11                        50    -39       19
  SINCE SEP 1     11                        52    -41       19
  SINCE JUL 1     11                        53    -42       19

 COOLING
  YESTERDAY        3                         1      2        0
  MONTH TO DATE  175                       116     59      120
  SINCE SEP 1    175                       116     59      120
  SINCE JAN 1   1132                       968    164      978
..................................................................


WIND (MPH)
  HIGHEST WIND SPEED    12   HIGHEST WIND DIRECTION     W (250)
  HIGHEST GUST SPEED    14   HIGHEST GUST DIRECTION     W (270)
  AVERAGE WIND SPEED     1.7


SKY COVER
  POSSIBLE SUNSHINE  MM
  AVERAGE SKY COVER  MM


WEATHER CONDITIONS
 THE FOLLOWING WEATHER WAS RECORDED YESTERDAY.
  FOG
  FOG W/VISIBILITY <= 1/4 MILE


RELATIVE HUMIDITY (PERCENT)
 HIGHEST   100           800 AM
 LOWEST     39           200 PM
 AVERAGE    70

..........................................................


THE TRI-CITIES CLIMATE NORMALS FOR TODAY
                         NORMAL    RECORD    YEAR
 MAXIMUM TEMPERATURE (F)   74        90      1953
 MINIMUM TEMPERATURE (F)   49        31      1947


SUNRISE AND SUNSET
OCTOBER  1 2014.......SUNRISE   725 AM EDT   SUNSET   713 PM EDT
OCTOBER  2 2014.......SUNRISE   726 AM EDT   SUNSET   712 PM EDT


-  INDICATES NEGATIVE NUMBERS.
R  INDICATES RECORD WAS SET OR TIED.
MM INDICATES DATA IS MISSING.
T  INDICATES TRACE AMOUNT.

&&
THE LOW TEMPERATURE SINCE MIDNIGHT HAS BEEN 50.
THERE HAS BEEN NO PRECIPITATION SINCE MIDNIGHT.

THIS IS A SUPPLEMENTAL ISSUANCE OF THE CLIMATE PRODUCT THAT MAY BE DISCONTINUED
IN THE NEAR FUTURE. WE WILL CONTINUE TO ISSUE CLIMATE PRODUCTS TWICE DAILY...BY
5 AM...AND BY 6 PM. IF YOU ARE A USER OF THIS ISSUANCE PLEASE LET US KNOW VIA
EMAIL AT SR-MRX.WEBMASTER@NOAA.GOV

$$




U.S. Dept. of Commerce
NOAA National Weather Service
1325 East West Highway
Silver Spring, MD 20910
E-mail: w-nws.webmaster@noaa.gov
Page last modified: May 16, 2007
NATIONAL WEATHER SERVICE: for Safety, for Work, for Fun - FOR LIFE