096
CDUS44 KMRX 211252 RRB
CLITRI

CLIMATE REPORT
NATIONAL WEATHER SERVICE MORRISTOWN TN
852 AM EDT SUN SEP 21 2014


...................................

...THE TRI-CITIES CLIMATE SUMMARY FOR SEPTEMBER 20 2014...

CLIMATE NORMAL PERIOD 1981 TO 2010
CLIMATE RECORD PERIOD 1934 TO 2014


WEATHER ITEM   OBSERVED TIME   RECORD YEAR NORMAL DEPARTURE LAST
                VALUE   (LST)  VALUE       VALUE  FROM      YEAR
                                                  NORMAL
..................................................................
TEMPERATURE (F)
 YESTERDAY
  MAXIMUM         84    441 PM  91    1965  78      6       83
                                      1955
  MINIMUM         54    620 AM  42    1981  54      0       61
  AVERAGE         69                        66      3       72

PRECIPITATION (IN)
  YESTERDAY        0.00          1.45 1957   0.10  -0.10     0.00
  MONTH TO DATE    1.01                      2.08  -1.07     0.96
  SINCE SEP 1      1.01                      2.08  -1.07     0.96
  SINCE JAN 1     26.05                     31.53  -5.48    45.83

SNOWFALL (IN)
  YESTERDAY        0.0                       0.0    0.0      0.0
  MONTH TO DATE    0.0                       0.0    0.0      0.0
  SINCE SEP 1      0.0                       0.0    0.0      0.0
  SINCE JUL 1      0.0                       0.0    0.0      0.0
  SNOW DEPTH       0

DEGREE DAYS
 HEATING
  YESTERDAY        0                         2     -2        0
  MONTH TO DATE    0                        15    -15        7
  SINCE SEP 1      0                        15    -15        7
  SINCE JUL 1      0                        16    -16        7

 COOLING
  YESTERDAY        4                         3      1        7
  MONTH TO DATE  156                        97     59      119
  SINCE SEP 1    156                        97     59      119
  SINCE JAN 1   1113                       949    164      977
..................................................................


WIND (MPH)
  HIGHEST WIND SPEED     8   HIGHEST WIND DIRECTION    SE (130)
  HIGHEST GUST SPEED    12   HIGHEST GUST DIRECTION    NE (60)
  AVERAGE WIND SPEED     1.5


SKY COVER
  POSSIBLE SUNSHINE  MM
  AVERAGE SKY COVER  MM


WEATHER CONDITIONS
 THE FOLLOWING WEATHER WAS RECORDED YESTERDAY.
  FOG


RELATIVE HUMIDITY (PERCENT)
 HIGHEST    93           400 AM
 LOWEST     31           300 PM
 AVERAGE    62

..........................................................


THE TRI-CITIES CLIMATE NORMALS FOR TODAY
                         NORMAL    RECORD    YEAR
 MAXIMUM TEMPERATURE (F)   77        93      1955
 MINIMUM TEMPERATURE (F)   53        39      2006
                                             1956
                                             1938


SUNRISE AND SUNSET
SEPTEMBER 21 2014.....SUNRISE   717 AM EDT   SUNSET   728 PM EDT
SEPTEMBER 22 2014.....SUNRISE   717 AM EDT   SUNSET   726 PM EDT


-  INDICATES NEGATIVE NUMBERS.
R  INDICATES RECORD WAS SET OR TIED.
MM INDICATES DATA IS MISSING.
T  INDICATES TRACE AMOUNT.

&&

THE LOW TEMPERATURE SINCE MIDNIGHT HAS BEEN 55 DEGREES.
THERE HAS BEEN NO PRECIPITATION SINCE MIDNIGHT.



$$




U.S. Dept. of Commerce
NOAA National Weather Service
1325 East West Highway
Silver Spring, MD 20910
E-mail: w-nws.webmaster@noaa.gov
Page last modified: May 16, 2007
NATIONAL WEATHER SERVICE: for Safety, for Work, for Fun - FOR LIFE