132
CDUS44 KMRX 011220
CLITRI

CLIMATE REPORT NATIONAL WEATHER SERVICE MORRISTOWN TN
820 AM EDT MON SEP 1 2014

...................................

...THE TRI-CITIES   CLIMATE SUMMARY FOR AUGUST 31 2014...

CLIMATE NORMAL PERIOD 1981 TO 2010
CLIMATE RECORD PERIOD 1934 TO 2014


WEATHER ITEM   OBSERVED TIME   RECORD YEAR NORMAL DEPARTURE LAST
                VALUE   (LST)  VALUE       VALUE  FROM      YEAR
                                                  NORMAL
..................................................................
TEMPERATURE (F)
 YESTERDAY
  MAXIMUM         85    331 PM  98    1953  84      1       85
  MINIMUM         67    633 AM  47    1946  60      7       68
  AVERAGE         76                        72      4       77

PRECIPITATION (IN)
  YESTERDAY        0.61          2.07 2006   0.10   0.51     0.11
  MONTH TO DATE    4.21                      3.47   0.74     4.70
  SINCE JUN 1     13.04                     12.06   0.98    20.18
  SINCE JAN 1     25.04                     29.45  -4.41    44.87

SNOWFALL (IN)
  YESTERDAY        0.0                       0.0    0.0      0.0
  MONTH TO DATE    0.0                       0.0    0.0      0.0
  SINCE JUN 1      0.0                       0.0    0.0      0.0
  SINCE JUL 1      0.0                       0.0    0.0      0.0
  SNOW DEPTH       0

DEGREE DAYS
 HEATING
  YESTERDAY        0                         0      0        0
  MONTH TO DATE    0                         0      0        0
  SINCE JUN 1      0                        12    -12        0
  SINCE JUL 1      0                         1     -1        0

 COOLING
  YESTERDAY       11                         7      4       12
  MONTH TO DATE  269                       274     -5      268
  SINCE JUN 1    823                       779     44      786
  SINCE JAN 1    957                       852    105      858
..................................................................


WIND (MPH)
  HIGHEST WIND SPEED    26   HIGHEST WIND DIRECTION     W (250)
  HIGHEST GUST SPEED    33   HIGHEST GUST DIRECTION     W (260)
  AVERAGE WIND SPEED     3.5


SKY COVER
  POSSIBLE SUNSHINE  MM
  AVERAGE SKY COVER  MM


WEATHER CONDITIONS
 THE FOLLOWING WEATHER WAS RECORDED YESTERDAY.
  HEAVY RAIN
  RAIN
  LIGHT RAIN
  FOG


RELATIVE HUMIDITY (PERCENT)
 HIGHEST    93           600 AM
 LOWEST     55           100 PM
 AVERAGE    74

..........................................................


THE TRI-CITIES      ASOS CLIMATE NORMALS FOR TODAY
                         NORMAL    RECORD    YEAR
 MAXIMUM TEMPERATURE (F)   84        98      1953
 MINIMUM TEMPERATURE (F)   60        47      1999


SUNRISE AND SUNSET
SEPTEMBER  1 2014.....SUNRISE   701 AM EDT   SUNSET   758 PM EDT
SEPTEMBER  2 2014.....SUNRISE   702 AM EDT   SUNSET   756 PM EDT


-  INDICATES NEGATIVE NUMBERS.
R  INDICATES RECORD WAS SET OR TIED.
MM INDICATES DATA IS MISSING.
T  INDICATES TRACE AMOUNT.

&&

THE LOW TEMPERATURE THIS MORNING WAS 68.
THERE HAS BEEN A TRACE OF A PRECIPITATION SINCE MIDNIGHT.


$$




U.S. Dept. of Commerce
NOAA National Weather Service
1325 East West Highway
Silver Spring, MD 20910
E-mail: w-nws.webmaster@noaa.gov
Page last modified: May 16, 2007
NATIONAL WEATHER SERVICE: for Safety, for Work, for Fun - FOR LIFE