359
CDUS44 KMRX 311246 RRB
CLITRI

CLIMATE REPORT
NATIONAL WEATHER SERVICE MORRISTOWN TN
845 AM EDT FRI OCT 31 2014


...................................

...THE TRI-CITIES CLIMATE SUMMARY FOR OCTOBER 30 2014...

CLIMATE NORMAL PERIOD 1981 TO 2010
CLIMATE RECORD PERIOD 1934 TO 2014


WEATHER ITEM   OBSERVED TIME   RECORD YEAR NORMAL DEPARTURE LAST
                VALUE   (LST)  VALUE       VALUE  FROM      YEAR
                                                  NORMAL
..................................................................
TEMPERATURE (F)
 YESTERDAY
  MAXIMUM         59    354 PM  79    1974  65     -6       75
                                      1971
  MINIMUM         38   1156 PM  21    1952  39     -1       52
  AVERAGE         49                        52     -3       64

PRECIPITATION (IN)
  YESTERDAY        0.00          1.54 1949   0.07  -0.07     0.04
  MONTH TO DATE    5.88                      2.02   3.86     0.68
  SINCE SEP 1      7.30                      5.01   2.29     2.53
  SINCE JAN 1     32.34                     34.46  -2.12    47.40

SNOWFALL (IN)
  YESTERDAY        0.0                       0.0    0.0      0.0
  MONTH TO DATE    0.0                       0.1   -0.1       T
  SINCE SEP 1      0.0                       0.1   -0.1       T
  SINCE JUL 1      0.0                       0.1   -0.1       T
  SNOW DEPTH       0

DEGREE DAYS
 HEATING
  YESTERDAY       16                        13      3        1
  MONTH TO DATE  228                       269    -41      219
  SINCE SEP 1    239                       321    -82      238
  SINCE JUL 1    239                       322    -83      238

 COOLING
  YESTERDAY        0                         0      0        0
  MONTH TO DATE    9                         9      0       25
  SINCE SEP 1    184                       125     59      145
  SINCE JAN 1   1141                       977    164     1003
..................................................................


WIND (MPH)
  HIGHEST WIND SPEED     7   HIGHEST WIND DIRECTION     W (290)
  HIGHEST GUST SPEED    10   HIGHEST GUST DIRECTION    NW (330)
  AVERAGE WIND SPEED     1.6


SKY COVER
  POSSIBLE SUNSHINE  MM
  AVERAGE SKY COVER  MM


WEATHER CONDITIONS
 THE FOLLOWING WEATHER WAS RECORDED YESTERDAY.
  FOG
  FOG W/VISIBILITY <= 1/4 MILE


RELATIVE HUMIDITY (PERCENT)
 HIGHEST   100          1200 AM
 LOWEST     44           400 PM
 AVERAGE    72

..........................................................


THE TRI-CITIES      ASOS CLIMATE NORMALS FOR TODAY
                         NORMAL    RECORD    YEAR
 MAXIMUM TEMPERATURE (F)   65        80      1984
                                             1974
 MINIMUM TEMPERATURE (F)   39        24      1952


SUNRISE AND SUNSET
OCTOBER 31 2014.......SUNRISE   752 AM EDT   SUNSET   634 PM EDT
NOVEMBER  1 2014......SUNRISE   753 AM EDT   SUNSET   633 PM EDT


-  INDICATES NEGATIVE NUMBERS.
R  INDICATES RECORD WAS SET OR TIED.
MM INDICATES DATA IS MISSING.
T  INDICATES TRACE AMOUNT.

&&

THE LOW TEMPERATURE THIS MORNING WAS 33 DEGREES.
THERE WAS HAS BEEN NO PRECIPITATION SINCE MIDNIGHT.


$$




U.S. Dept. of Commerce
NOAA National Weather Service
1325 East West Highway
Silver Spring, MD 20910
E-mail: w-nws.webmaster@noaa.gov
Page last modified: May 16, 2007
NATIONAL WEATHER SERVICE: for Safety, for Work, for Fun - FOR LIFE