472
CDUS45 KLKN 240934
CLITPH


CLIMATE REPORT
NATIONAL WEATHER SERVICE ELKO NV
134 AM PST MON NOV 24 2014


...................................

...THE TONOPAH AIRPORT NV CLIMATE SUMMARY FOR NOVEMBER 23 2014...

CLIMATE NORMAL PERIOD 1981 TO 2010
CLIMATE RECORD PERIOD 1954 TO 2014


WEATHER ITEM   OBSERVED TIME   RECORD YEAR NORMAL DEPARTURE LAST
                VALUE   (LST)  VALUE       VALUE  FROM      YEAR
                                                  NORMAL
..................................................................
TEMPERATURE (F)
 YESTERDAY
  MAXIMUM         47    256 PM  68    1954  50     -3       43
  MINIMUM         29   1144 PM  11    1994  24      5       34
  AVERAGE         38                        37      1       39

PRECIPITATION (IN)
  YESTERDAY        0.00          0.72 1983   0.02  -0.02      T
  MONTH TO DATE    0.13                      0.34  -0.21     0.27
  SINCE OCT 1      0.13                      0.68  -0.55     0.42
  SINCE JAN 1      3.84                      4.83  -0.99     4.45

DEGREE DAYS
 HEATING
  YESTERDAY       27                        28     -1       26
  MONTH TO DATE  478                       539    -61      492
  SINCE SEP 1    754                      1005   -251     1054
  SINCE JUL 1    754                      1011   -257     1054

 COOLING
  YESTERDAY        0                         0      0        0
  MONTH TO DATE    0                         0      0        0
  SINCE SEP 1    141                        70     71      121
  SINCE JAN 1   1004                       783    221     1042
..................................................................


WIND (MPH)
  HIGHEST WIND SPEED    24   HIGHEST WIND DIRECTION     N (360)
  HIGHEST GUST SPEED    28   HIGHEST GUST DIRECTION    NW (330)
  AVERAGE WIND SPEED    12.7



WEATHER CONDITIONS
 THE FOLLOWING WEATHER WAS RECORDED YESTERDAY.
  NO SIGNIFICANT WEATHER WAS OBSERVED.


RELATIVE HUMIDITY (PERCENT)
 HIGHEST    59           500 AM
 LOWEST     23           200 PM
 AVERAGE    41

..........................................................


THE TONOPAH AIRPORT NV CLIMATE NORMALS FOR TODAY
                         NORMAL    RECORD    YEAR
 MAXIMUM TEMPERATURE (F)   50        68      1954
 MINIMUM TEMPERATURE (F)   24        13      2010
                                             1999
                                             1992


SUNRISE AND SUNSET
NOVEMBER 24 2014......SUNRISE   639 AM PST   SUNSET   431 PM PST
NOVEMBER 25 2014......SUNRISE   640 AM PST   SUNSET   431 PM PST


-  INDICATES NEGATIVE NUMBERS.
R  INDICATES RECORD WAS SET OR TIED.
MM INDICATES DATA IS MISSING.
T  INDICATES TRACE AMOUNT.




$$





U.S. Dept. of Commerce
NOAA National Weather Service
1325 East West Highway
Silver Spring, MD 20910
E-mail: w-nws.webmaster@noaa.gov
Page last modified: May 16, 2007
NATIONAL WEATHER SERVICE: for Safety, for Work, for Fun - FOR LIFE