017
CDUS45 KLKN 220932
CLITPH


CLIMATE REPORT
NATIONAL WEATHER SERVICE ELKO NV
231 AM PDT TUE JUL 22 2014


...................................

...THE TONOPAH AIRPORT NV CLIMATE SUMMARY FOR JULY 21 2014...

CLIMATE NORMAL PERIOD 1981 TO 2010
CLIMATE RECORD PERIOD 1954 TO 2014


WEATHER ITEM   OBSERVED TIME   RECORD YEAR NORMAL DEPARTURE LAST
                VALUE   (LST)  VALUE       VALUE  FROM      YEAR
                                                  NORMAL
..................................................................
TEMPERATURE (F)
 YESTERDAY
  MAXIMUM         89    303 PM 103    1988  93     -4       98
  MINIMUM         60    500 AM  43    1983  58      2       65
  AVERAGE         75                        75      0       82

PRECIPITATION (IN)
  YESTERDAY        0.00          1.11 1979   0.01  -0.01      T
  MONTH TO DATE    1.08                      0.26   0.82     0.14
  SINCE OCT 1      2.46                      4.16  -1.70     2.31
  SINCE JAN 1      2.00                      3.07  -1.07     1.09

DEGREE DAYS
 HEATING
  YESTERDAY        0                         0      0        0
  MONTH TO DATE    0                         0      0        0
  SINCE JUN 1     15                        50    -35        3
  SINCE JUL 1      0                         0      0        0

 COOLING
  YESTERDAY       10                        10      0       17
  MONTH TO DATE  284                       198     86      294
  SINCE JUN 1    500                       343    157      546
  SINCE JAN 1    534                       370    164      569
..................................................................


WIND (MPH)
  HIGHEST WIND SPEED    24   HIGHEST WIND DIRECTION     S (190)
  HIGHEST GUST SPEED    33   HIGHEST GUST DIRECTION    NW (330)
  AVERAGE WIND SPEED    10.9



WEATHER CONDITIONS
 THE FOLLOWING WEATHER WAS RECORDED YESTERDAY.
  NO SIGNIFICANT WEATHER WAS OBSERVED.


RELATIVE HUMIDITY (PERCENT)
 HIGHEST    60           300 AM
 LOWEST      7           400 PM
 AVERAGE    34

..........................................................


THE TONOPAH AIRPORT NV CLIMATE NORMALS FOR TODAY
                         NORMAL    RECORD    YEAR
 MAXIMUM TEMPERATURE (F)   93       101      1996
 MINIMUM TEMPERATURE (F)   58        40      1987


SUNRISE AND SUNSET
JULY 22 2014..........SUNRISE   543 AM PDT   SUNSET   806 PM PDT
JULY 23 2014..........SUNRISE   544 AM PDT   SUNSET   805 PM PDT


-  INDICATES NEGATIVE NUMBERS.
R  INDICATES RECORD WAS SET OR TIED.
MM INDICATES DATA IS MISSING.
T  INDICATES TRACE AMOUNT.




$$






U.S. Dept. of Commerce
NOAA National Weather Service
1325 East West Highway
Silver Spring, MD 20910
E-mail: w-nws.webmaster@noaa.gov
Page last modified: May 16, 2007
NATIONAL WEATHER SERVICE: for Safety, for Work, for Fun - FOR LIFE