874
CDUS45 KLKN 160931
CLITPH


CLIMATE REPORT
NATIONAL WEATHER SERVICE ELKO NV
228 AM PDT WED APR 16 2014


...................................

...THE TONOPAH AIRPORT NV CLIMATE SUMMARY FOR APRIL 15 2014...

CLIMATE NORMAL PERIOD 1981 TO 2010
CLIMATE RECORD PERIOD 1954 TO 2014


WEATHER ITEM   OBSERVED TIME   RECORD YEAR NORMAL DEPARTURE LAST
                VALUE   (LST)  VALUE       VALUE  FROM      YEAR
                                                  NORMAL
..................................................................
TEMPERATURE (F)
 YESTERDAY
  MAXIMUM         74    326 PM  80    1987  64     10       63
  MINIMUM         37    153 AM  21    1970  34      3       32
  AVERAGE         56                        49      7       48

PRECIPITATION (IN)
  YESTERDAY        0.00          0.66 1988   0.01  -0.01     0.00
  MONTH TO DATE    0.01                      0.22  -0.21     0.15
  SINCE OCT 1      1.16                      2.89  -1.73     1.98
  SINCE JAN 1      0.70                      1.80  -1.10     0.76

DEGREE DAYS
 HEATING
  YESTERDAY        9                        16     -7       17
  MONTH TO DATE  219                       264    -45      205
  SINCE MAR 1    833                       949   -116      731
  SINCE JUL 1   4606                      4991   -385     4565

 COOLING
  YESTERDAY        0                         0      0        0
  MONTH TO DATE    0                         0      0        0
  SINCE MAR 1      0                         0      0        0
  SINCE JAN 1      0                         0      0        0
..................................................................


WIND (MPH)
  HIGHEST WIND SPEED    25   HIGHEST WIND DIRECTION     N (350)
  HIGHEST GUST SPEED    34   HIGHEST GUST DIRECTION    NW (320)
  AVERAGE WIND SPEED    10.4



WEATHER CONDITIONS
 THE FOLLOWING WEATHER WAS RECORDED YESTERDAY.
  NO SIGNIFICANT WEATHER WAS OBSERVED.


RELATIVE HUMIDITY (PERCENT)
 HIGHEST    22          1100 PM
 LOWEST      6           300 PM
 AVERAGE    14

..........................................................


THE TONOPAH AIRPORT NV CLIMATE NORMALS FOR TODAY
                         NORMAL    RECORD    YEAR
 MAXIMUM TEMPERATURE (F)   64        85      1987
 MINIMUM TEMPERATURE (F)   35        21      1976


SUNRISE AND SUNSET
APRIL 16 2014.........SUNRISE   611 AM PDT   SUNSET   725 PM PDT
APRIL 17 2014.........SUNRISE   610 AM PDT   SUNSET   726 PM PDT


-  INDICATES NEGATIVE NUMBERS.
R  INDICATES RECORD WAS SET OR TIED.
MM INDICATES DATA IS MISSING.
T  INDICATES TRACE AMOUNT.




$$






U.S. Dept. of Commerce
NOAA National Weather Service
1325 East West Highway
Silver Spring, MD 20910
E-mail: w-nws.webmaster@noaa.gov
Page last modified: May 16, 2007
NATIONAL WEATHER SERVICE: for Safety, for Work, for Fun - FOR LIFE