784
CDUS45 KLKN 020933
CLITPH


CLIMATE REPORT
NATIONAL WEATHER SERVICE ELKO NV
233 AM PDT TUE SEP 2 2014


...................................

...THE TONOPAH AIRPORT NV CLIMATE SUMMARY FOR SEPTEMBER 1 2014...

CLIMATE NORMAL PERIOD 1981 TO 2010
CLIMATE RECORD PERIOD 1954 TO 2014


WEATHER ITEM   OBSERVED TIME   RECORD YEAR NORMAL DEPARTURE LAST
                VALUE   (LST)  VALUE       VALUE  FROM      YEAR
                                                  NORMAL
..................................................................
TEMPERATURE (F)
 YESTERDAY
  MAXIMUM         91    308 PM  95    1955  86      5       86
  MINIMUM         56    550 AM  39    1999  52      4       59
  AVERAGE         74                        69      5       73

PRECIPITATION (IN)
  YESTERDAY        0.00          1.30 2013   0.02  -0.02     1.30
  MONTH TO DATE    0.00                      0.02  -0.02     1.30
  SINCE OCT 1      3.48                      4.88  -1.40     5.17
  SINCE JAN 1      3.02                      3.79  -0.77     3.95

DEGREE DAYS
 HEATING
  YESTERDAY        0                         1     -1        0
  MONTH TO DATE    0                         1     -1        0
  SINCE SEP 1      0                         1     -1        0
  SINCE JUL 1      0                         7     -7        0

 COOLING
  YESTERDAY        9                         5      4        8
  MONTH TO DATE    9                         5      4        8
  SINCE SEP 1      9                         5      4        8
  SINCE JAN 1    872                       718    154      929
..................................................................


WIND (MPH)
  HIGHEST WIND SPEED    15   HIGHEST WIND DIRECTION     N (20)
  HIGHEST GUST SPEED    19   HIGHEST GUST DIRECTION     N (10)
  AVERAGE WIND SPEED     6.1



WEATHER CONDITIONS
 THE FOLLOWING WEATHER WAS RECORDED YESTERDAY.
  NO SIGNIFICANT WEATHER WAS OBSERVED.


RELATIVE HUMIDITY (PERCENT)
 HIGHEST    30           600 AM
 LOWEST      9           500 PM
 AVERAGE    20

..........................................................


THE TONOPAH AIRPORT NV CLIMATE NORMALS FOR TODAY
                         NORMAL    RECORD    YEAR
 MAXIMUM TEMPERATURE (F)   86        96      1959
 MINIMUM TEMPERATURE (F)   52        38      1964


SUNRISE AND SUNSET
SEPTEMBER  2 2014.....SUNRISE   619 AM PDT   SUNSET   716 PM PDT
SEPTEMBER  3 2014.....SUNRISE   620 AM PDT   SUNSET   715 PM PDT


-  INDICATES NEGATIVE NUMBERS.
R  INDICATES RECORD WAS SET OR TIED.
MM INDICATES DATA IS MISSING.
T  INDICATES TRACE AMOUNT.




$$





U.S. Dept. of Commerce
NOAA National Weather Service
1325 East West Highway
Silver Spring, MD 20910
E-mail: w-nws.webmaster@noaa.gov
Page last modified: May 16, 2007
NATIONAL WEATHER SERVICE: for Safety, for Work, for Fun - FOR LIFE