642
CDUS42 KTBW 152128
CLITPA


CLIMATE REPORT
NATIONAL WEATHER SERVICE TAMPA BAY FL
526 PM EDT TUE APR 15 2014


...................................

...THE TAMPA CLIMATE SUMMARY FOR APRIL 15 2014...
VALID TODAY AS OF 0500 PM LOCAL TIME.

CLIMATE NORMAL PERIOD 1981 TO 2010
CLIMATE RECORD PERIOD 1890 TO 2014


WEATHER ITEM   OBSERVED TIME   RECORD YEAR NORMAL DEPARTURE LAST
                VALUE   (LST)  VALUE       VALUE  FROM      YEAR
                                                  NORMAL
..................................................................
TEMPERATURE (F)
 TODAY
  MAXIMUM         82   1033 AM  89    2013  81      1       89
                                      1994
  MINIMUM         72    603 AM  46    1950  63      9       67
                                      1907
  AVERAGE         77                        72      5       78

PRECIPITATION (IN)
  TODAY            0.04          2.97 1931   0.06  -0.02      T
  MONTH TO DATE    0.28                      1.10  -0.82     1.16
  SINCE MAR 1      5.23                      4.13   1.10     3.22
  SINCE JAN 1     10.18                      9.17   1.01     4.78

DEGREE DAYS
 HEATING
  TODAY            0                         0      0        0
  MONTH TO DATE    0                         9     -9        0
  SINCE MAR 1     48                        65    -17      143
  SINCE JUL 1    444                       536    -92      400

 COOLING
  TODAY           12                         7      5       13
  MONTH TO DATE  116                        92     24      139
  SINCE MAR 1    194                       218    -24      184
  SINCE JAN 1    298                       331    -33      398
..................................................................


WIND (MPH)
  RESULTANT WIND SPEED  11   RESULTANT WIND DIRECTION   S (190)
  HIGHEST WIND SPEED    26   HIGHEST WIND DIRECTION     S (200)
  HIGHEST GUST SPEED    34   HIGHEST GUST DIRECTION    SW (210)
  AVERAGE WIND SPEED    11.8


SKY COVER
  POSSIBLE SUNSHINE  MM
  AVERAGE SKY COVER 0.8


WEATHER CONDITIONS
 THE FOLLOWING WEATHER WAS RECORDED TODAY.
  THUNDERSTORM
  RAIN
  LIGHT RAIN
  FOG


RELATIVE HUMIDITY (PERCENT)
 HIGHEST    93           400 AM
 LOWEST     79           900 AM

..........................................................


THE TAMPA CLIMATE NORMALS FOR TOMORROW
                         NORMAL    RECORD    YEAR
 MAXIMUM TEMPERATURE (F)   81        92      2013
 MINIMUM TEMPERATURE (F)   63        43      1950


SUNRISE AND SUNSET
APRIL 15 2014.........SUNRISE   705 AM EDT   SUNSET   755 PM EDT
APRIL 16 2014.........SUNRISE   704 AM EDT   SUNSET   756 PM EDT


-  INDICATES NEGATIVE NUMBERS.
R  INDICATES RECORD WAS SET OR TIED.
MM INDICATES DATA IS MISSING.
T  INDICATES TRACE AMOUNT.




$$


&&
------------------------------------------------------------------
******************** SUPPLEMENTAL DATA ***************************

...RUSKIN                HIGH 83    LOW 69    PCPN 0.00
...SARASOTA/BRADENTON    HIGH 83    LOW 70    PCPN T
...LAKELAND              HIGH 87    LOW 66    PCPN 0.15
...ST. PETERSBURG        HIGH 82    LOW 74    PCPN 0.02

...GULF WATER TEMPERATURE AT CLEARWATER BEACH 75





U.S. Dept. of Commerce
NOAA National Weather Service
1325 East West Highway
Silver Spring, MD 20910
E-mail: w-nws.webmaster@noaa.gov
Page last modified: May 16, 2007
NATIONAL WEATHER SERVICE: for Safety, for Work, for Fun - FOR LIFE