084
CDUS42 KTBW 260954
CLITPA


CLIMATE REPORT
NATIONAL WEATHER SERVICE TAMPA BAY FL
451 AM EST WED NOV 26 2014


...................................

...THE TAMPA CLIMATE SUMMARY FOR NOVEMBER 25 2014...

CLIMATE NORMAL PERIOD 1981 TO 2010
CLIMATE RECORD PERIOD 1890 TO 2014


WEATHER ITEM   OBSERVED TIME   RECORD YEAR NORMAL DEPARTURE LAST
                VALUE   (LST)  VALUE       VALUE  FROM      YEAR
                                                  NORMAL
..................................................................
TEMPERATURE (F)
 YESTERDAY
  MAXIMUM         76    100 PM  87    1958  76      0       76
  MINIMUM         71   1103 PM  23    1970  58     13       58
  AVERAGE         74                        67      7       67

PRECIPITATION (IN)
  YESTERDAY        3.63R         1.65 2000   0.05   3.58     0.00
  MONTH TO DATE    5.11                      1.24   3.87     0.77
  SINCE SEP 1     16.20                      9.80   6.40     8.96
  SINCE JAN 1     56.15                     43.52  12.63    51.48

DEGREE DAYS
 HEATING
  YESTERDAY        0                         2     -2        0
  MONTH TO DATE   63                        30     33        6
  SINCE SEP 1     63                        34     29        6
  SINCE JUL 1     63                        34     29        6

 COOLING
  YESTERDAY        9                         4      5        2
  MONTH TO DATE   73                       145    -72      185
  SINCE SEP 1    906                       996    -90     1089
  SINCE JAN 1   3423                      3511    -88     3726
..................................................................


WIND (MPH)
  RESULTANT WIND SPEED   5   RESULTANT WIND DIRECTION   S (170)
  HIGHEST WIND SPEED    16   HIGHEST WIND DIRECTION     W (290)
  HIGHEST GUST SPEED    27   HIGHEST GUST DIRECTION     W (280)
  AVERAGE WIND SPEED     5.9


SKY COVER
  POSSIBLE SUNSHINE  MM
  AVERAGE SKY COVER 0.9


WEATHER CONDITIONS
 THE FOLLOWING WEATHER WAS RECORDED YESTERDAY.
  THUNDERSTORM
  HEAVY RAIN
  RAIN
  LIGHT RAIN
  FOG
  FOG W/VISIBILITY <= 1/4 MILE


RELATIVE HUMIDITY (PERCENT)
 HIGHEST    93          1200 AM
 LOWEST     87           300 AM
 AVERAGE    90

..........................................................


THE TAMPA CLIMATE NORMALS FOR TODAY
                         NORMAL    RECORD    YEAR
 MAXIMUM TEMPERATURE (F)   76        85      1990
                                             1946
 MINIMUM TEMPERATURE (F)   58        31      1950


SUNRISE AND SUNSET
NOVEMBER 26 2014......SUNRISE   700 AM EST   SUNSET   534 PM EST
NOVEMBER 27 2014......SUNRISE   701 AM EST   SUNSET   534 PM EST


-  INDICATES NEGATIVE NUMBERS.
R  INDICATES RECORD WAS SET OR TIED.
MM INDICATES DATA IS MISSING.
T  INDICATES TRACE AMOUNT.




$$


&&
------------------------------------------------------------------
******************** SUPPLEMENTAL DATA ***************************

...RUSKIN                HIGH 80    LOW 71    PCPN 2.38
...SARASOTA/BRADENTON    HIGH 80    LOW 68    PCPN 1.75
...ST. PETERSBURG        HIGH 77    LOW 68    PCPN 2.24
...GULF WATER TEMPERATURE AT CLEARWATER BEACH 66





U.S. Dept. of Commerce
NOAA National Weather Service
1325 East West Highway
Silver Spring, MD 20910
E-mail: w-nws.webmaster@noaa.gov
Page last modified: May 16, 2007
NATIONAL WEATHER SERVICE: for Safety, for Work, for Fun - FOR LIFE