799
CDUS42 KTBW 232117
CLITPA


CLIMATE REPORT
NATIONAL WEATHER SERVICE TAMPA BAY FL
515 PM EDT WED APR 23 2014


...................................

...THE TAMPA CLIMATE SUMMARY FOR APRIL 23 2014...
VALID TODAY AS OF 0500 PM LOCAL TIME.

CLIMATE NORMAL PERIOD 1981 TO 2010
CLIMATE RECORD PERIOD 1890 TO 2014


WEATHER ITEM   OBSERVED TIME   RECORD YEAR NORMAL DEPARTURE LAST
                VALUE   (LST)  VALUE       VALUE  FROM      YEAR
                                                  NORMAL
..................................................................
TEMPERATURE (F)
 TODAY
  MAXIMUM         77    349 PM  91    1964  82     -5       86
  MINIMUM         65    625 AM  45    1993  64      1       66
  AVERAGE         71                        73     -2       76

PRECIPITATION (IN)
  TODAY            0.00          1.96 1921   0.07  -0.07     0.00
  MONTH TO DATE    0.89                      1.63  -0.74     1.60
  SINCE MAR 1      5.84                      4.66   1.18     3.66
  SINCE JAN 1     10.79                      9.70   1.09     5.22

DEGREE DAYS
 HEATING
  TODAY            0                         0      0        0
  MONTH TO DATE    0                         9     -9        0
  SINCE MAR 1     48                        65    -17      143
  SINCE JUL 1    444                       536    -92      400

 COOLING
  TODAY            6                         9     -3       11
  MONTH TO DATE  143                       155    -12      233
  SINCE MAR 1    221                       281    -60      278
  SINCE JAN 1    325                       394    -69      492
..................................................................


WIND (MPH)
  RESULTANT WIND SPEED   7   RESULTANT WIND DIRECTION   W (260)
  HIGHEST WIND SPEED    14   HIGHEST WIND DIRECTION     W (250)
  HIGHEST GUST SPEED    20   HIGHEST GUST DIRECTION     W (280)
  AVERAGE WIND SPEED     7.3


SKY COVER
  POSSIBLE SUNSHINE  MM
  AVERAGE SKY COVER 0.4


WEATHER CONDITIONS
 THE FOLLOWING WEATHER WAS RECORDED TODAY.
  NO SIGNIFICANT WEATHER WAS OBSERVED.


RELATIVE HUMIDITY (PERCENT)
 HIGHEST    87           100 AM
 LOWEST     64          1200 PM

..........................................................


THE TAMPA CLIMATE NORMALS FOR TOMORROW
                         NORMAL    RECORD    YEAR
 MAXIMUM TEMPERATURE (F)   83        90      2002
                                             1999
 MINIMUM TEMPERATURE (F)   65        48      1903


SUNRISE AND SUNSET
APRIL 23 2014.........SUNRISE   657 AM EDT   SUNSET   800 PM EDT
APRIL 24 2014.........SUNRISE   656 AM EDT   SUNSET   800 PM EDT


-  INDICATES NEGATIVE NUMBERS.
R  INDICATES RECORD WAS SET OR TIED.
MM INDICATES DATA IS MISSING.
T  INDICATES TRACE AMOUNT.




$$


&&
------------------------------------------------------------------
******************** SUPPLEMENTAL DATA ***************************

...RUSKIN                HIGH 78    LOW 60    PCPN 0.00
...SARASOTA/BRADENTON    HIGH 77    LOW 64    PCPN 0.00
...LAKELAND              HIGH 84    LOW 58    PCPN 0.00
...ST. PETERSBURG        HIGH 77    LOW 68    PCPN 0.00
...GULF WATER TEMPERATURE AT CLEARWATER BEACH 73





U.S. Dept. of Commerce
NOAA National Weather Service
1325 East West Highway
Silver Spring, MD 20910
E-mail: w-nws.webmaster@noaa.gov
Page last modified: May 16, 2007
NATIONAL WEATHER SERVICE: for Safety, for Work, for Fun - FOR LIFE