686
CDUS45 KCYS 220735
CLITOR


CLIMATE REPORT
NATIONAL WEATHER SERVICE CHEYENNE WY
135 AM MDT FRI AUG 22 2014


...................................

...THE TORRINGTON WY AIRPORT CLIMATE SUMMARY FOR AUGUST 21 2014...

CLIMATE NORMAL PERIOD 1981 TO 2010
CLIMATE RECORD PERIOD 1998 TO 2014


WEATHER ITEM   OBSERVED TIME   RECORD YEAR NORMAL DEPARTURE LAST
                VALUE   (LST)  VALUE       VALUE  FROM      YEAR
                                                  NORMAL
..................................................................
TEMPERATURE (F)
 YESTERDAY
  MAXIMUM         89    428 PM  96    2010  87      2       90
  MINIMUM         54    459 AM  44    2009  54      0       62
  AVERAGE         72                        71      1       76

PRECIPITATION (IN)
  YESTERDAY        0.03          0.09 2013   0.02   0.01     0.09
  MONTH TO DATE    0.62                      1.00  -0.38     0.83
  SINCE JAN 1     12.08                     10.69   1.39     6.76

DEGREE DAYS
 HEATING
  YESTERDAY        0                         0      0        0
  MONTH TO DATE    0                         0      0        0
  SINCE JUN 1     85                        81      4       36
  SINCE JUL 1      7                         6      1        2

 COOLING
  YESTERDAY        7                         6      1       11
  MONTH TO DATE  179                       167     12      161
  SINCE JUN 1    499                       565    -66      609
  SINCE JAN 1    515                       583    -68      648
..................................................................


WIND (MPH)
  HIGHEST WIND SPEED    24   HIGHEST WIND DIRECTION    SW (240)
  HIGHEST GUST SPEED    31   HIGHEST GUST DIRECTION    SW (230)
  AVERAGE WIND SPEED     5.2


SKY COVER
  AVERAGE SKY COVER 0.1


WEATHER CONDITIONS
 THE FOLLOWING WEATHER WAS RECORDED YESTERDAY.
  LIGHT RAIN


RELATIVE HUMIDITY (PERCENT)
 HIGHEST    77           500 AM
 LOWEST     20           300 PM
 AVERAGE    49

..........................................................


THE TORRINGTON WY AIRPORT CLIMATE NORMALS FOR TODAY
                         NORMAL    RECORD    YEAR
 MAXIMUM TEMPERATURE (F)   87       100      2010
 MINIMUM TEMPERATURE (F)   54        48      1998


SUNRISE AND SUNSET
AUGUST 22 2014........SUNRISE   612 AM MDT   SUNSET   746 PM MDT
AUGUST 23 2014........SUNRISE   613 AM MDT   SUNSET   745 PM MDT


-  INDICATES NEGATIVE NUMBERS.
R  INDICATES RECORD WAS SET OR TIED.
MM INDICATES DATA IS MISSING.
T  INDICATES TRACE AMOUNT.




$$





U.S. Dept. of Commerce
NOAA National Weather Service
1325 East West Highway
Silver Spring, MD 20910
E-mail: w-nws.webmaster@noaa.gov
Page last modified: May 16, 2007
NATIONAL WEATHER SERVICE: for Safety, for Work, for Fun - FOR LIFE