507
CDUS43 KTOP 220644
CLITOP


CLIMATE REPORT
NATIONAL WEATHER SERVICE TOPEKA KS
1243 AM CST SAT NOV 22 2014


...................................

...THE TOPEKA KS CLIMATE SUMMARY FOR NOVEMBER 21 2014...

CLIMATE NORMAL PERIOD 1981 TO 2010
CLIMATE RECORD PERIOD 1887 TO 2014


WEATHER ITEM   OBSERVED TIME   RECORD YEAR NORMAL DEPARTURE LAST
                VALUE   (LST)  VALUE       VALUE  FROM      YEAR
                                                  NORMAL
..................................................................
TEMPERATURE (F)
 YESTERDAY
  MAXIMUM         44   1159 PM  75    2012  52     -8       50
  MINIMUM         23    518 AM   7    1937  30     -7       28
  AVERAGE         34                        41     -7       39

PRECIPITATION (IN)
  YESTERDAY        0.03          1.02 1934   0.05  -0.02     0.08
  MONTH TO DATE    0.10                      1.36  -1.26     0.88
  SINCE SEP 1      8.70                      8.05   0.65     8.98
  SINCE JAN 1     28.54                     34.62  -6.08    33.45

SNOWFALL (IN)
  YESTERDAY       MM             4.0  1898   0.0   MM         T
  MONTH TO DATE    0.4                       0.4    0.0       T
  SINCE JAN 1     23.5                      12.0   11.5     24.2
  SINCE JUL 1      0.4                       0.7   -0.3       T
  SNOW DEPTH       0

DEGREE DAYS
 HEATING
  YESTERDAY       31                        24      7       26
  MONTH TO DATE  574                       397    177      371
  SINCE SEP 1    828                       751     77      688
  SINCE JUL 1    828                       753     75      688

 COOLING
  YESTERDAY        0                         0      0        0
  MONTH TO DATE    0                         0      0        0
  SINCE SEP 1    201                       192      9      292
  SINCE JAN 1   1611                      1420    191     1586
..................................................................


WIND (MPH)
  HIGHEST WIND SPEED    14   HIGHEST WIND DIRECTION    SE (130)
  HIGHEST GUST SPEED    17   HIGHEST GUST DIRECTION    SE (130)
  AVERAGE WIND SPEED     5.0


SKY COVER
  AVERAGE SKY COVER 0.6


WEATHER CONDITIONS
 THE FOLLOWING WEATHER WAS RECORDED YESTERDAY.
  LIGHT RAIN
  FOG
  HAZE


RELATIVE HUMIDITY (PERCENT)
 HIGHEST    93           800 PM
 LOWEST     56          1000 AM
 AVERAGE    75

..........................................................


THE TOPEKA KS CLIMATE NORMALS FOR TODAY
                         NORMAL    RECORD    YEAR
 MAXIMUM TEMPERATURE (F)   51        76      1966
                                             1904
 MINIMUM TEMPERATURE (F)   30         7      1898


SUNRISE AND SUNSET
NOVEMBER 22 2014......SUNRISE   713 AM CST   SUNSET   504 PM CST
NOVEMBER 23 2014......SUNRISE   714 AM CST   SUNSET   503 PM CST


-  INDICATES NEGATIVE NUMBERS.
R  INDICATES RECORD WAS SET OR TIED.
MM INDICATES DATA IS MISSING.
T  INDICATES TRACE AMOUNT.




$$





U.S. Dept. of Commerce
NOAA National Weather Service
1325 East West Highway
Silver Spring, MD 20910
E-mail: w-nws.webmaster@noaa.gov
Page last modified: May 16, 2007
NATIONAL WEATHER SERVICE: for Safety, for Work, for Fun - FOR LIFE