302
CDUS43 KTOP 210631
CLITOP


CLIMATE REPORT
NATIONAL WEATHER SERVICE TOPEKA KS
131 AM CDT TUE OCT 21 2014


...................................

...THE TOPEKA KS CLIMATE SUMMARY FOR OCTOBER 20 2014...

CLIMATE NORMAL PERIOD 1981 TO 2010
CLIMATE RECORD PERIOD 1887 TO 2014


WEATHER ITEM   OBSERVED TIME   RECORD YEAR NORMAL DEPARTURE LAST
                VALUE   (LST)  VALUE       VALUE  FROM      YEAR
                                                  NORMAL
..................................................................
TEMPERATURE (F)
 YESTERDAY
  MAXIMUM         76    352 PM  90    2003  67      9       72
  MINIMUM         44    514 AM  20    1989  44      0       42
  AVERAGE         60                        55      5       57

PRECIPITATION (IN)
  YESTERDAY        0.00          1.64 1941   0.10  -0.10      T
  MONTH TO DATE    3.21                      2.07   1.14     2.01
  SINCE SEP 1      7.35                      5.73   1.62     5.28
  SINCE JAN 1     27.19                     32.30  -5.11    29.75

SNOWFALL (IN)
  YESTERDAY        0.0           0.2  1930   0.0    0.0      0.0
  MONTH TO DATE    0.0                       0.1   -0.1       T
  SINCE JAN 1     23.1                      11.4   11.7     24.2
  SINCE JUL 1      T                         0.1   -0.1       T
  SNOW DEPTH       0

DEGREE DAYS
 HEATING
  YESTERDAY        5                        10     -5        8
  MONTH TO DATE  136                       155    -19      138
  SINCE SEP 1    185                       220    -35      152
  SINCE JUL 1    185                       222    -37      152

 COOLING
  YESTERDAY        0                         0      0        0
  MONTH TO DATE   12                        25    -13       37
  SINCE SEP 1    185                       190     -5      292
  SINCE JAN 1   1595                      1418    177     1586
..................................................................


WIND (MPH)
  HIGHEST WIND SPEED    12   HIGHEST WIND DIRECTION     N (10)
  HIGHEST GUST SPEED    14   HIGHEST GUST DIRECTION     N (350)
  AVERAGE WIND SPEED     2.8


SKY COVER
  AVERAGE SKY COVER 0.0


WEATHER CONDITIONS
 THE FOLLOWING WEATHER WAS RECORDED YESTERDAY.
  FOG
  FOG W/VISIBILITY <= 1/4 MILE


RELATIVE HUMIDITY (PERCENT)
 HIGHEST   100           300 AM
 LOWEST     33           400 PM
 AVERAGE    67

..........................................................


THE TOPEKA KS CLIMATE NORMALS FOR TODAY
                         NORMAL    RECORD    YEAR
 MAXIMUM TEMPERATURE (F)   67        91      1940
 MINIMUM TEMPERATURE (F)   43        24      1987


SUNRISE AND SUNSET
OCTOBER 21 2014.......SUNRISE   738 AM CDT   SUNSET   635 PM CDT
OCTOBER 22 2014.......SUNRISE   739 AM CDT   SUNSET   634 PM CDT


-  INDICATES NEGATIVE NUMBERS.
R  INDICATES RECORD WAS SET OR TIED.
MM INDICATES DATA IS MISSING.
T  INDICATES TRACE AMOUNT.




$$





U.S. Dept. of Commerce
NOAA National Weather Service
1325 East West Highway
Silver Spring, MD 20910
E-mail: w-nws.webmaster@noaa.gov
Page last modified: May 16, 2007
NATIONAL WEATHER SERVICE: for Safety, for Work, for Fun - FOR LIFE