293
CDUS43 KTOP 170633
CLITOP


CLIMATE REPORT
NATIONAL WEATHER SERVICE TOPEKA KS
133 AM CDT WED SEP 17 2014


...................................

...THE TOPEKA KS CLIMATE SUMMARY FOR SEPTEMBER 16 2014...

CLIMATE NORMAL PERIOD 1981 TO 2010
CLIMATE RECORD PERIOD 1887 TO 2014


WEATHER ITEM   OBSERVED TIME   RECORD YEAR NORMAL DEPARTURE LAST
                VALUE   (LST)  VALUE       VALUE  FROM      YEAR
                                                  NORMAL
..................................................................
TEMPERATURE (F)
 YESTERDAY
  MAXIMUM         74    501 PM 101    1978  80     -6       63
  MINIMUM         44    458 AM  40    1889  56    -12       60
  AVERAGE         59                        68     -9       62

PRECIPITATION (IN)
  YESTERDAY        0.00          1.26 1905   0.11  -0.11     0.18
  MONTH TO DATE    3.97                      1.95   2.02     1.79
  SINCE SEP 1      3.97                      1.95   2.02     1.79
  SINCE JAN 1     23.81                     28.52  -4.71    26.26

SNOWFALL (IN)
  YESTERDAY        0.0           0.0    MM   0.0    0.0      0.0
  MONTH TO DATE    0.0                       0.0    0.0      0.0
  SINCE JAN 1     23.1                      11.3   11.8     24.2
  SINCE JUL 1      T                         0.0    0.0      0.0
  SNOW DEPTH       0

DEGREE DAYS
 HEATING
  YESTERDAY        6                         2      4        3
  MONTH TO DATE   46                        14     32        3
  SINCE SEP 1     46                        14     32        3
  SINCE JUL 1     46                        16     30        3

 COOLING
  YESTERDAY        0                         5     -5        0
  MONTH TO DATE  101                       115    -14      189
  SINCE SEP 1    101                       115    -14      189
  SINCE JAN 1   1511                      1343    168     1483
..................................................................


WIND (MPH)
  HIGHEST WIND SPEED    12   HIGHEST WIND DIRECTION    SE (140)
  HIGHEST GUST SPEED    14   HIGHEST GUST DIRECTION    SE (150)
  AVERAGE WIND SPEED     3.9


SKY COVER
  AVERAGE SKY COVER 0.1


WEATHER CONDITIONS
 THE FOLLOWING WEATHER WAS RECORDED YESTERDAY.
  FOG


RELATIVE HUMIDITY (PERCENT)
 HIGHEST   100           200 AM
 LOWEST     46           400 PM
 AVERAGE    73

..........................................................


THE TOPEKA KS CLIMATE NORMALS FOR TODAY
                         NORMAL    RECORD    YEAR
 MAXIMUM TEMPERATURE (F)   80       103      1953
 MINIMUM TEMPERATURE (F)   56        39      1981


SUNRISE AND SUNSET
SEPTEMBER 17 2014.....SUNRISE   706 AM CDT   SUNSET   728 PM CDT
SEPTEMBER 18 2014.....SUNRISE   707 AM CDT   SUNSET   726 PM CDT


-  INDICATES NEGATIVE NUMBERS.
R  INDICATES RECORD WAS SET OR TIED.
MM INDICATES DATA IS MISSING.
T  INDICATES TRACE AMOUNT.




$$





U.S. Dept. of Commerce
NOAA National Weather Service
1325 East West Highway
Silver Spring, MD 20910
E-mail: w-nws.webmaster@noaa.gov
Page last modified: May 16, 2007
NATIONAL WEATHER SERVICE: for Safety, for Work, for Fun - FOR LIFE