348
CDUS41 KCLE 240525
CLITOL


CLIMATE REPORT
NATIONAL WEATHER SERVICE CLEVELAND OH
1225 AM EST MON NOV 24 2014


...................................

...THE TOLEDO OH CLIMATE SUMMARY FOR NOVEMBER 23 2014...

CLIMATE NORMAL PERIOD 1981 TO 2010
CLIMATE RECORD PERIOD 1873 TO 2014


WEATHER ITEM   OBSERVED TIME   RECORD YEAR NORMAL DEPARTURE LAST
                VALUE   (LST)  VALUE       VALUE  FROM      YEAR
                                                  NORMAL
..................................................................
TEMPERATURE (F)
 YESTERDAY
  MAXIMUM         58    258 PM  71    1999  46     12       33
                                      1931
  MINIMUM         44    756 AM   5    1971  31     13       17
  AVERAGE         51                        38     13       25

PRECIPITATION (IN)
  YESTERDAY        0.78                      0.10   0.68      T
  MONTH TO DATE    1.57                      2.17  -0.60     1.36
  SINCE SEP 1      9.16                      7.55   1.61     6.97
  SINCE JAN 1     30.35                     30.87  -0.52    33.76

SNOWFALL (IN)
  YESTERDAY        0.0                       0.1   -0.1       T
  MONTH TO DATE    2.6                       1.1    1.5      0.5
  SINCE SEP 1      2.6                       1.3    1.3      0.5
  SINCE JUL 1      2.6                       1.3    1.3      0.5
  SNOW DEPTH       0

DEGREE DAYS
 HEATING
  YESTERDAY       14                        27    -13       40
  MONTH TO DATE  683                       508    175      546
  SINCE SEP 1   1220                      1020    200     1054
  SINCE JUL 1   1234                      1034    200     1083

 COOLING
  YESTERDAY        0                         0      0        0
  MONTH TO DATE    0                         0      0        0
  SINCE SEP 1     56                        91    -35      111
  SINCE JAN 1    654                       793   -139      793
..................................................................


WIND (MPH)
  HIGHEST WIND SPEED    18   HIGHEST WIND DIRECTION     S (160)
  HIGHEST GUST SPEED    28   HIGHEST GUST DIRECTION     S (160)
  AVERAGE WIND SPEED     7.8


SKY COVER
  POSSIBLE SUNSHINE  MM
  AVERAGE SKY COVER 0.9


WEATHER CONDITIONS
 THE FOLLOWING WEATHER WAS RECORDED YESTERDAY.
  RAIN
  LIGHT RAIN
  FOG


RELATIVE HUMIDITY (PERCENT)
 HIGHEST   100          1100 PM
 LOWEST     63          1200 AM
 AVERAGE    82

..........................................................


THE TOLEDO OH CLIMATE NORMALS FOR TODAY
                         NORMAL    RECORD    YEAR
 MAXIMUM TEMPERATURE (F)   45        67      2001
 MINIMUM TEMPERATURE (F)   30         3      1950


SUNRISE AND SUNSET
NOVEMBER 24 2014......SUNRISE   735 AM EST   SUNSET   509 PM EST
NOVEMBER 25 2014......SUNRISE   736 AM EST   SUNSET   508 PM EST


-  INDICATES NEGATIVE NUMBERS.
R  INDICATES RECORD WAS SET OR TIED.
MM INDICATES DATA IS MISSING.
T  INDICATES TRACE AMOUNT.




$$





U.S. Dept. of Commerce
NOAA National Weather Service
1325 East West Highway
Silver Spring, MD 20910
E-mail: w-nws.webmaster@noaa.gov
Page last modified: May 16, 2007
NATIONAL WEATHER SERVICE: for Safety, for Work, for Fun - FOR LIFE