629
CDUS42 KTAE 240631
CLITLH


CLIMATE REPORT
NATIONAL WEATHER SERVICE TALLAHASSEE FL
231 AM EDT THU APR 24 2014


...................................

...THE TALLAHASSEE CLIMATE SUMMARY FOR APRIL 23 2014...

CLIMATE NORMAL PERIOD 1981 TO 2010
CLIMATE RECORD PERIOD 1896 TO 2014


WEATHER ITEM   OBSERVED TIME   RECORD YEAR NORMAL DEPARTURE LAST
                VALUE   (LST)  VALUE       VALUE  FROM      YEAR
                                                  NORMAL
..................................................................
TEMPERATURE (F)
 YESTERDAY
  MAXIMUM         87    447 PM  91    1999  82      5
                                      1968
                                      1967
  MINIMUM         59    304 AM  31    1993  54      5
  AVERAGE         73                        68      5

PRECIPITATION (IN)
  YESTERDAY        0.00          2.23 1977   0.09  -0.09     0.00
  MONTH TO DATE    8.42                      2.49   5.93     2.94
  SINCE MAR 1     18.65                      8.43  10.22     7.29
  SINCE JAN 1     26.70                     17.62   9.08    20.50

SNOWFALL (IN)
  YESTERDAY        0.0                       0.0    0.0

DEGREE DAYS
 HEATING
  YESTERDAY        0                               -1
  MONTH TO DATE   42                              -18
  SINCE MAR 1    216                              -25
  SINCE JUL 1   1359                             -225

 COOLING
  YESTERDAY        8                                4
  MONTH TO DATE   73                                8
  SINCE MAR 1     85                              -20
  SINCE JAN 1     97                              -22
..................................................................


WIND (MPH)
  HIGHEST WIND SPEED    12   HIGHEST WIND DIRECTION    NW (300)
  HIGHEST GUST SPEED    16   HIGHEST GUST DIRECTION     N (340)
  AVERAGE WIND SPEED     3.2




RELATIVE HUMIDITY (PERCENT)
 HIGHEST    90
 LOWEST     35
 AVERAGE    63

..........................................................


THE TALLAHASSEE CLIMATE NORMALS FOR TODAY
                         NORMAL    RECORD    YEAR
 MAXIMUM TEMPERATURE (F)   82        95      1999
 MINIMUM TEMPERATURE (F)   54        33      1986


SUNRISE AND SUNSET
APRIL 24 2014.........SUNRISE   701 AM EDT   SUNSET   811 PM EDT
APRIL 25 2014.........SUNRISE   700 AM EDT   SUNSET   812 PM EDT


-  INDICATES NEGATIVE NUMBERS.
R  INDICATES RECORD WAS SET OR TIED.
MM INDICATES DATA IS MISSING.
T  INDICATES TRACE AMOUNT.




$$





U.S. Dept. of Commerce
NOAA National Weather Service
1325 East West Highway
Silver Spring, MD 20910
E-mail: w-nws.webmaster@noaa.gov
Page last modified: May 16, 2007
NATIONAL WEATHER SERVICE: for Safety, for Work, for Fun - FOR LIFE