367
CDUS42 KTAE 011057 CCA
CLITLH

CLIMATE REPORT...CORRECTED
NATIONAL WEATHER SERVICE TALLAHASSEE FL
653 AM EDT MON SEP 1 2014


CORRECTED TO REMOVE ERRONEOUS WIND GUST.

...................................

...THE TALLAHASSEE CLIMATE SUMMARY FOR AUGUST 31 2014...

CLIMATE NORMAL PERIOD 1981 TO 2010
CLIMATE RECORD PERIOD 1896 TO 2014


WEATHER ITEM   OBSERVED TIME   RECORD YEAR NORMAL DEPARTURE LAST
                VALUE   (LST)  VALUE       VALUE  FROM      YEAR
                                                  NORMAL
..................................................................
TEMPERATURE (F)
 YESTERDAY
  MAXIMUM         97R   241 PM  97    2014  91      6
                                      1998
                                      1954
  MINIMUM         75    645 AM  58    1992  71      4
  AVERAGE         86                        81      5

PRECIPITATION (IN)
  YESTERDAY        0.01          7.07 1950   0.18  -0.17      T
  MONTH TO DATE    2.26                      7.35  -5.09     8.62
  SINCE JUN 1      8.99                     22.25 -13.26    30.90
  SINCE JAN 1     41.08                     43.91  -2.83    53.29

SNOWFALL (IN)
  YESTERDAY        0.0                       0.0    0.0

DEGREE DAYS
 HEATING
  YESTERDAY        0                                0
  MONTH TO DATE    0                                0
  SINCE JUN 1      0                                0
  SINCE JUL 1      0                                0

 COOLING
  YESTERDAY       21                                5
  MONTH TO DATE  616                               95
  SINCE JUN 1   1682                              175
  SINCE JAN 1   2171                              218
..................................................................


WIND (MPH)
  HIGHEST WIND SPEED    20   HIGHEST WIND DIRECTION     W (260)
  HIGHEST GUST SPEED    MM   HIGHEST GUST DIRECTION    MM
  AVERAGE WIND SPEED     4.2




RELATIVE HUMIDITY (PERCENT)
 HIGHEST    94
 LOWEST     40
 AVERAGE    67

..........................................................


THE TALLAHASSEE CLIMATE NORMALS FOR TODAY
                         NORMAL    RECORD    YEAR
 MAXIMUM TEMPERATURE (F)   91        97      1951
                                             1947
 MINIMUM TEMPERATURE (F)   71        61      1934


SUNRISE AND SUNSET
SEPTEMBER  1 2014.....SUNRISE   714 AM EDT   SUNSET   800 PM EDT
SEPTEMBER  2 2014.....SUNRISE   715 AM EDT   SUNSET   759 PM EDT


-  INDICATES NEGATIVE NUMBERS.
R  INDICATES RECORD WAS SET OR TIED.
MM INDICATES DATA IS MISSING.
T  INDICATES TRACE AMOUNT.

$$








U.S. Dept. of Commerce
NOAA National Weather Service
1325 East West Highway
Silver Spring, MD 20910
E-mail: w-nws.webmaster@noaa.gov
Page last modified: May 16, 2007
NATIONAL WEATHER SERVICE: for Safety, for Work, for Fun - FOR LIFE