676
CDUS44 KBMX 232109
CLITCL


CLIMATE REPORT
NATIONAL WEATHER SERVICE BIRMINGHAM, AL
409 PM CDT WED APR 23 2014


...................................

...THE TUSCALOOSA CLIMATE SUMMARY FOR APRIL 23 2014...
VALID AS OF 0400 PM LOCAL TIME.

CLIMATE NORMAL PERIOD 1981 TO 2010
CLIMATE RECORD PERIOD 1948 TO 2014


WEATHER ITEM   OBSERVED TIME   RECORD YEAR NORMAL DEPARTURE LAST
                VALUE   (LST)  VALUE       VALUE  FROM      YEAR
                                                  NORMAL
..................................................................
TEMPERATURE (F)
 TODAY
  MAXIMUM         80    244 PM  90    1960  78      2       78
  MINIMUM         54    322 AM  35    1986  52      2       55
  AVERAGE         67                        65      2       67

PRECIPITATION (IN)
  TODAY            0.00          0.98 1967   0.13  -0.13     0.00
  MONTH TO DATE    7.05                      3.27   3.78     3.23
  SINCE MAR 1     12.33                      7.81   4.52     7.98
  SINCE JAN 1     20.05                     18.48   1.57    18.75

SNOWFALL (IN)
  TODAY            0.0                       0.0    0.0
  MONTH TO DATE    0.0                       0.0    0.0
  SINCE MAR 1      0.0                       0.3   -0.3
  SINCE JUL 1      0.8                       0.7    0.1
  SNOW DEPTH       0

DEGREE DAYS

 COOLING
  TODAY            2                         3     -1
  MONTH TO DATE   18                        42    -24
  SINCE MAR 1     19                        60    -41
  SINCE JAN 1     26                        65    -39
..................................................................


WIND (MPH)
  HIGHEST WIND SPEED    10   HIGHEST WIND DIRECTION     N (360)
  HIGHEST GUST SPEED    16   HIGHEST GUST DIRECTION     E (70)
  AVERAGE WIND SPEED     3.1


SKY COVER
  AVERAGE SKY COVER 0.3


WEATHER CONDITIONS
 THE FOLLOWING WEATHER WAS RECORDED TODAY.
  FOG
  FOG W/VISIBILITY <= 1/4 MILE


RELATIVE HUMIDITY (PERCENT)
 HIGHEST   100           100 AM
 LOWEST     24           200 PM
 AVERAGE    62

..........................................................


THE TUSCALOOSA CLIMATE NORMALS FOR TOMORROW
                         NORMAL    RECORD    YEAR
 MAXIMUM TEMPERATURE (F)   78        89      1960
                                             1949
 MINIMUM TEMPERATURE (F)   53        36      1986


SUNRISE AND SUNSET
APRIL 23 2014.........SUNRISE   611 AM CDT   SUNSET   727 PM CDT
APRIL 24 2014.........SUNRISE   610 AM CDT   SUNSET   728 PM CDT


-  INDICATES NEGATIVE NUMBERS.
R  INDICATES RECORD WAS SET OR TIED.
MM INDICATES DATA IS MISSING.
T  INDICATES TRACE AMOUNT.




$$





U.S. Dept. of Commerce
NOAA National Weather Service
1325 East West Highway
Silver Spring, MD 20910
E-mail: w-nws.webmaster@noaa.gov
Page last modified: May 16, 2007
NATIONAL WEATHER SERVICE: for Safety, for Work, for Fun - FOR LIFE