736
CDUS44 KBMX 270821
CLITCL


CLIMATE REPORT
NATIONAL WEATHER SERVICE BIRMINGHAM, AL
218 AM CST THU NOV 27 2014


...................................

...THE TUSCALOOSA CLIMATE SUMMARY FOR NOVEMBER 26 2014...

CLIMATE NORMAL PERIOD 1981 TO 2010
CLIMATE RECORD PERIOD 1948 TO 2014


WEATHER ITEM   OBSERVED TIME   RECORD YEAR NORMAL DEPARTURE LAST
                VALUE   (LST)  VALUE       VALUE  FROM      YEAR
                                                  NORMAL
..................................................................
TEMPERATURE (F)
 YESTERDAY
  MAXIMUM         60    324 PM  82    1973  63     -3       50
  MINIMUM         28    628 AM  19    1950  40    -12       39
  AVERAGE         44                        52     -8       45

PRECIPITATION (IN)
  YESTERDAY        0.00          1.69 1988   0.19  -0.19     0.92
  MONTH TO DATE    4.23                      4.23   0.00     2.69
  SINCE SEP 1      9.21                     11.26  -2.05     4.98
  SINCE JAN 1     42.87                     47.13  -4.26    43.80

SNOWFALL (IN)
  YESTERDAY        0.0                       0.0    0.0
  MONTH TO DATE    0.0                       0.0    0.0
  SINCE SEP 1      0.0                       0.0    0.0
  SINCE JUL 1      0.0                       0.0    0.0

DEGREE DAYS
 HEATING
  YESTERDAY       21                        14      7
  MONTH TO DATE  400                       261    139
  SINCE SEP 1    476                       378     98
  SINCE JUL 1    476                       378     98
..................................................................


WIND (MPH)
  HIGHEST WIND SPEED    20   HIGHEST WIND DIRECTION    NW (320)
  HIGHEST GUST SPEED    25   HIGHEST GUST DIRECTION    NW (320)
  AVERAGE WIND SPEED     4.8


SKY COVER
  AVERAGE SKY COVER 0.1


WEATHER CONDITIONS
 THE FOLLOWING WEATHER WAS RECORDED YESTERDAY.
  NO SIGNIFICANT WEATHER WAS OBSERVED.


RELATIVE HUMIDITY (PERCENT)
 HIGHEST    92           600 AM
 LOWEST     28           100 PM
 AVERAGE    60

..........................................................


THE TUSCALOOSA CLIMATE NORMALS FOR TODAY
                         NORMAL    RECORD    YEAR
 MAXIMUM TEMPERATURE (F)   63        84      1973
 MINIMUM TEMPERATURE (F)   40        23      1950


SUNRISE AND SUNSET
NOVEMBER 27 2014......SUNRISE   632 AM CST   SUNSET   444 PM CST
NOVEMBER 28 2014......SUNRISE   633 AM CST   SUNSET   443 PM CST


-  INDICATES NEGATIVE NUMBERS.
R  INDICATES RECORD WAS SET OR TIED.
MM INDICATES DATA IS MISSING.
T  INDICATES TRACE AMOUNT.




$$





U.S. Dept. of Commerce
NOAA National Weather Service
1325 East West Highway
Silver Spring, MD 20910
E-mail: w-nws.webmaster@noaa.gov
Page last modified: May 16, 2007
NATIONAL WEATHER SERVICE: for Safety, for Work, for Fun - FOR LIFE