278
CDKA40 PTYA 240700
CLIT11
DAILY CLIMATE REPORT
NATIONAL WEATHER SERVICE YAP FM
5PM LST THU APR 24 2013
THE YAP FM CLIMATE SUMMARY FOR APRIL 24 2014
CLIMATE NORMAL PERIOD  1981  TO 2010
CLIMATE RECORD PERIOD  1951  TO 2014
WEATHER ITEM OBSERVED TIME  RECORD YEAR NORMAL DEPARTURE LAST
              VALUE   (LST) VALUE       VALUE    FROM    YEAR
                                                NORMAL
TEMPERATURE   (F)
TODAY
MAXIMUM       89   1250 PM   96   2011   89       0       89
MINIMUM       78   0452 AM   63   1999   79      -1       78
AVERAGE       84                         84       0       84
PRECIPITATION (INCHES)
TODAY           0.20      164.24 1996   0.21   -0.01     0.18
MONTH TO DATE  11.68                    4.46    7.22     1.87
SINCE 01 MAR   18.67                    9.80    8.87     7.01
SINCE JAN 01   45.13                   23.09   22.04    18.67




U.S. Dept. of Commerce
NOAA National Weather Service
1325 East West Highway
Silver Spring, MD 20910
E-mail: w-nws.webmaster@noaa.gov
Page last modified: May 16, 2007
NATIONAL WEATHER SERVICE: for Safety, for Work, for Fun - FOR LIFE