237
CDKA40 PTYA 200700
CLIT11
DAILY CLIMATE REPORT
NATIONAL WEATHER SERVICE YAP FM
5PM LST WED AUG 20 2014
THE YAP FM CLIMATE SUMMARY FOR AUGUST 20 2014
CLIMATE NORMAL PERIOD  1981  TO 2010
CLIMATE RECORD PERIOD  1951  TO 2014
WEATHER ITEM OBSERVED TIME  RECORD YEAR NORMAL DEPARTURE LAST
              VALUE   (LST) VALUE       VALUE    FROM    YEAR
                                                NORMAL
TEMPERATURE   (F)
TODAY
MAXIMUM       88   1449 PM 97  2014      87       1       90
MINIMUM       76   0248 AM 63  1999      78      -2       77
AVERAGE       82                         83      -1       84
PRECIPITATION INCHS
TODAY          0.37     164.24  1996    0.51    0.14     0.02
MONTH TO DATE  6.11                     9.70   -3.59     7.60
SINCE 01 JUL  32.48                    37.94   -5.46    31.76
SINCE JAN 01  81.72                    70.79   10.93    56.78




U.S. Dept. of Commerce
NOAA National Weather Service
1325 East West Highway
Silver Spring, MD 20910
E-mail: w-nws.webmaster@noaa.gov
Page last modified: May 16, 2007
NATIONAL WEATHER SERVICE: for Safety, for Work, for Fun - FOR LIFE