959
CDKA40 PTYA 010700
CLIT11
DAILY CLIMATE REPORT
NATIONAL WEATHER SERVICE YAP FM
5PM LST WED OCT 01 2014
THE YAP FM CLIMATE SUMMARY FOR OCTOBER 01 2014
CLIMATE NORMAL PERIOD  1981  TO 2010
CLIMATE RECORD PERIOD  1951  TO 2014
WEATHER ITEM OBSERVED TIME  RECORD YEAR NORMAL DEPARTURE LAST
              VALUE   (LST) VALUE       VALUE    FROM    YEAR
                                                NORMAL
TEMPERATURE   (F)
TODAY
MAXIMUM       87   1448 PM 97  2014      88      -1      91
MINIMUM       79   0245 AM 63  1999      78       1      80
AVERAGE       83                         83       0      86
PRECIPITATION INCHS
TODAY          0.14       164.24  1996  0.42   -0.28    0.21
MONTH TO DATE  0.14                     0.42   -0.28    0.21
SINCE 01 OCT   0.14                     0.42   -0.28    0.21
SINCE JAN 01   102.22                   90.73   11.49   86.47




U.S. Dept. of Commerce
NOAA National Weather Service
1325 East West Highway
Silver Spring, MD 20910
E-mail: w-nws.webmaster@noaa.gov
Page last modified: May 16, 2007
NATIONAL WEATHER SERVICE: for Safety, for Work, for Fun - FOR LIFE