639
CDKA40 PTYA 180700
CLIT11
DAILY CLIMATE REPORT
NATIONAL WEATHER SERVICE YAP FM
5PM LST THU SEP 18 2014
THE YAP FM CLIMATE SUMMARY FOR SEPTEMBER 18 2014
CLIMATE NORMAL PERIOD  1981  TO 2010
CLIMATE RECORD PERIOD  1951  TO 2014
WEATHER ITEM OBSERVED TIME  RECORD YEAR NORMAL DEPARTURE LAST
              VALUE   (LST) VALUE       VALUE    FROM    YEAR
                                                NORMAL
TEMPERATURE   (F)
TODAY
MAXIMUM       88   0950 AM 97  2014      88       0      90
MINIMUM       79   0553 AM 63  1999      78       1      77
AVERAGE       84                         83       1      84
PRECIPITATION INCHS
TODAY          0.05       164.24  1996  0.46   -0.41    0.25
MONTH TO DATE  9.06                     8.44    0.62   10.62
SINCE 01 SEP   9.06                     8.44    0.62   10.62
SINCE JAN 01  94.25                    84.99    9.26   72.49




U.S. Dept. of Commerce
NOAA National Weather Service
1325 East West Highway
Silver Spring, MD 20910
E-mail: w-nws.webmaster@noaa.gov
Page last modified: May 16, 2007
NATIONAL WEATHER SERVICE: for Safety, for Work, for Fun - FOR LIFE