268
CDKA40 PTYA 140700
CLIT11
DAILY CLIMATE REPORT
NATIONAL WEATHER SERVICE YAP FM
5PM LST TUE OCT 14 2014
THE YAP FM CLIMATE SUMMARY FOR OCTOBER 14 2014
CLIMATE NORMAL PERIOD  1981  TO 2010
CLIMATE RECORD PERIOD  1951  TO 2014
WEATHER ITEM OBSERVED TIME  RECORD YEAR NORMAL DEPARTURE LAST
              VALUE   (LST) VALUE       VALUE    FROM    YEAR
                                                NORMAL
TEMPERATURE   (F)
TODAY
MAXIMUM       86   1056 AM 97  2014      88       2      92
MINIMUM       76   0252 AM 63  1999      78       2      78
AVERAGE       81                         83       2      85
PRECIPITATION INCHS
TODAY          0.51       164.24  1996  0.39    0.12    0.00
MONTH TO DATE  6.37                     5.79    0.58   15.71
SINCE 01 SEP  23.26                    19.55    3.71   40.10
SINCE JAN 01 108.45                    96.10   12.35  101.97




U.S. Dept. of Commerce
NOAA National Weather Service
1325 East West Highway
Silver Spring, MD 20910
E-mail: w-nws.webmaster@noaa.gov
Page last modified: May 16, 2007
NATIONAL WEATHER SERVICE: for Safety, for Work, for Fun - FOR LIFE