911
CDUS41 KBGM 300535
CLISYR


CLIMATE REPORT
NATIONAL WEATHER SERVICE BINGHAMTON NY
135 AM EDT SAT AUG 30 2014


...................................

...THE SYRACUSE NY CLIMATE SUMMARY FOR AUGUST 29 2014...

CLIMATE NORMAL PERIOD 1981 TO 2010
CLIMATE RECORD PERIOD 1902 TO 2014


WEATHER ITEM   OBSERVED TIME   RECORD YEAR NORMAL DEPARTURE LAST
                VALUE   (LST)  VALUE       VALUE  FROM      YEAR
                                                  NORMAL
..................................................................
TEMPERATURE (F)
 YESTERDAY
  MAXIMUM         76    224 PM  93    1953  78     -2       86
  MINIMUM         52    558 AM  42    1986  58     -6       64
  AVERAGE         64                        68     -4       75

PRECIPITATION (IN)
  YESTERDAY        0.00          1.73 1975   0.12  -0.12     0.00
  MONTH TO DATE    3.49                      3.34   0.15     2.19
  SINCE JUN 1     11.41                     10.43   0.98    12.25
  SINCE JAN 1     28.79                     24.36   4.43    26.19

SNOWFALL (IN)
  YESTERDAY        0.0           0.0  2002   0.0    0.0      0.0
  MONTH TO DATE    0.0                       0.0    0.0      0.0
  SINCE JUN 1      0.0                       0.0    0.0      0.0
  SINCE JUL 1      0.0                       0.0    0.0      0.0
  SNOW DEPTH       0

DEGREE DAYS
 HEATING
  YESTERDAY        1                         1      0        0
  MONTH TO DATE    9                        16     -7        3
  SINCE JUN 1     34                        85    -51       67
  SINCE JUL 1     11                        24    -13        6

 COOLING
  YESTERDAY        0                         4     -4       10
  MONTH TO DATE  130                       157    -27      142
  SINCE JUN 1    487                       473     14      569
  SINCE JAN 1    543                       503     40      621
..................................................................


WIND (MPH)
  HIGHEST WIND SPEED    10   HIGHEST WIND DIRECTION    NE (60)
  HIGHEST GUST SPEED    13   HIGHEST GUST DIRECTION    NE (40)
  AVERAGE WIND SPEED     2.7


SKY COVER
  POSSIBLE SUNSHINE  MM
  AVERAGE SKY COVER 0.4


WEATHER CONDITIONS
 THE FOLLOWING WEATHER WAS RECORDED YESTERDAY.
  NO SIGNIFICANT WEATHER WAS OBSERVED.


RELATIVE HUMIDITY (PERCENT)
 HIGHEST    96           500 AM
 LOWEST     47          1200 PM
 AVERAGE    72

..........................................................


THE SYRACUSE NY CLIMATE NORMALS FOR TODAY
                         NORMAL    RECORD    YEAR
 MAXIMUM TEMPERATURE (F)   78        96      1953
 MINIMUM TEMPERATURE (F)   57        40      1965


SUNRISE AND SUNSET
AUGUST 30 2014........SUNRISE   627 AM EDT   SUNSET   743 PM EDT
AUGUST 31 2014........SUNRISE   628 AM EDT   SUNSET   741 PM EDT


-  INDICATES NEGATIVE NUMBERS.
R  INDICATES RECORD WAS SET OR TIED.
MM INDICATES DATA IS MISSING.
T  INDICATES TRACE AMOUNT.




$$






U.S. Dept. of Commerce
NOAA National Weather Service
1325 East West Highway
Silver Spring, MD 20910
E-mail: w-nws.webmaster@noaa.gov
Page last modified: May 16, 2007
NATIONAL WEATHER SERVICE: for Safety, for Work, for Fun - FOR LIFE