039
CDUS43 KFSD 240642
CLISUX


CLIMATE REPORT
NATIONAL WEATHER SERVICE SIOUX FALLS SD
140 AM CDT THU APR 24 2014


...................................

...THE SIOUX CITY IA CLIMATE SUMMARY FOR APRIL 23 2014...

CLIMATE NORMAL PERIOD 1981 TO 2010
CLIMATE RECORD PERIOD 1889 TO 2014


WEATHER ITEM   OBSERVED TIME   RECORD YEAR NORMAL DEPARTURE LAST
                VALUE   (LST)  VALUE       VALUE  FROM      YEAR
                                                  NORMAL
..................................................................
TEMPERATURE (F)
 YESTERDAY
  MAXIMUM         65    159 PM  92    2009  66     -1       36
  MINIMUM         49    747 AM  25    1996  40      9       26
                                      1910
  AVERAGE         57                        53      4       31

PRECIPITATION (IN)
  YESTERDAY        0.17          1.71 1935   0.11   0.06     0.00
  MONTH TO DATE    1.05                      2.21  -1.16     4.72
  SINCE MAR 1      1.43                      4.21  -2.78     6.72
  SINCE JAN 1      2.20                      5.50  -3.30     7.92

SNOWFALL (IN)
  YESTERDAY        0.0           0.2  2001   0.0    0.0      0.0
                                      1968
  MONTH TO DATE    5.3                       1.6    3.7     11.2
  SINCE MAR 1     10.0                       8.1    1.9     22.9
  SINCE JUL 1     23.8                      34.6  -10.8     43.7
  SNOW DEPTH       0

DEGREE DAYS
 HEATING
  YESTERDAY        8                        13     -5       34
  MONTH TO DATE  386                       395     -9      572
  SINCE MAR 1   1366                      1279     87     1619
  SINCE JUL 1   6970                      6573    397     6768

 COOLING
  YESTERDAY        0                         1     -1        0
  MONTH TO DATE    9                         3      6        0
  SINCE MAR 1      9                         3      6        0
  SINCE JAN 1      9                         3      6        0
..................................................................


WIND (MPH)
  HIGHEST WIND SPEED    38   HIGHEST WIND DIRECTION     S (160)
  HIGHEST GUST SPEED    49   HIGHEST GUST DIRECTION     S (160)
  AVERAGE WIND SPEED    21.2


SKY COVER
  POSSIBLE SUNSHINE  MM
  AVERAGE SKY COVER 0.3


WEATHER CONDITIONS
 THE FOLLOWING WEATHER WAS RECORDED YESTERDAY.
  THUNDERSTORM
  RAIN
  LIGHT RAIN


RELATIVE HUMIDITY (PERCENT)
 HIGHEST    89          1000 PM
 LOWEST     40          1200 AM
 AVERAGE    65

..........................................................


THE SIOUX CITY IA CLIMATE NORMALS FOR TODAY
                         NORMAL    RECORD    YEAR
 MAXIMUM TEMPERATURE (F)   66        89      2012
 MINIMUM TEMPERATURE (F)   40        23      1956


SUNRISE AND SUNSET
APRIL 24 2014.........SUNRISE   631 AM CDT   SUNSET   817 PM CDT
APRIL 25 2014.........SUNRISE   629 AM CDT   SUNSET   819 PM CDT


-  INDICATES NEGATIVE NUMBERS.
R  INDICATES RECORD WAS SET OR TIED.
MM INDICATES DATA IS MISSING.
T  INDICATES TRACE AMOUNT.




$$






U.S. Dept. of Commerce
NOAA National Weather Service
1325 East West Highway
Silver Spring, MD 20910
E-mail: w-nws.webmaster@noaa.gov
Page last modified: May 16, 2007
NATIONAL WEATHER SERVICE: for Safety, for Work, for Fun - FOR LIFE