396
CDUS46 KMTR 270845
CLISTS


CLIMATE REPORT
NATIONAL WEATHER SERVICE SAN FRANCISCO BAY AREA
1245 AM PST THU NOV 27 2014


...................................

...THE SANTA ROSA AIRPORT CLIMATE SUMMARY FOR NOVEMBER 26 2014...

CLIMATE NORMAL PERIOD 1981 TO 2010
CLIMATE RECORD PERIOD 1998 TO 2014


WEATHER ITEM   OBSERVED TIME   RECORD YEAR NORMAL DEPARTURE LAST
                VALUE   (LST)  VALUE       VALUE  FROM      YEAR
                                                  NORMAL
..................................................................
TEMPERATURE (F)
 YESTERDAY
  MAXIMUM         68    400 PM  76    2002  60      8       62
  MINIMUM         37    722 AM  29    2010  39     -2       35
  AVERAGE         53                        49      4       49

PRECIPITATION (IN)
  YESTERDAY        0.00          0.84 2006   0.17  -0.17     0.00
  MONTH TO DATE    0.86                      3.96  -3.10     1.08
  SINCE JUL 1      2.20                      6.43  -4.23     1.61
  SINCE JAN 1     14.77                     28.52 -13.75     8.13

DEGREE DAYS
 HEATING
  YESTERDAY       12                                        16
  MONTH TO DATE  232                                       271
  SINCE SEP 1    314                                       477
  SINCE JUL 1    319                                       514

 COOLING
  YESTERDAY        0                                         0
  MONTH TO DATE    0                                         0
  SINCE SEP 1    150                                        72
  SINCE JAN 1    499                                       415
..................................................................


WIND (MPH)
  RESULTANT WIND SPEED   1   RESULTANT WIND DIRECTION  NW (320)
  HIGHEST WIND SPEED     7   HIGHEST WIND DIRECTION     N (350)
  HIGHEST GUST SPEED     8   HIGHEST GUST DIRECTION     S (180)
  AVERAGE WIND SPEED     1.3


SKY COVER
  POSSIBLE SUNSHINE  MM
  AVERAGE SKY COVER 0.3


WEATHER CONDITIONS
 THE FOLLOWING WEATHER WAS RECORDED YESTERDAY.
  FOG
  FOG W/VISIBILITY <= 1/4 MILE


RELATIVE HUMIDITY (PERCENT)
 HIGHEST   100           100 AM
 LOWEST     52           100 PM
 AVERAGE    76

..........................................................


THE SANTA ROSA AIRPORT CLIMATE NORMALS FOR TODAY
                         NORMAL    RECORD    YEAR
 MAXIMUM TEMPERATURE (F)   60        70      2002
 MINIMUM TEMPERATURE (F)   38        29      2005


SUNRISE AND SUNSET
NOVEMBER 27 2014......SUNRISE   706 AM PST   SUNSET   452 PM PST
NOVEMBER 28 2014......SUNRISE   707 AM PST   SUNSET   451 PM PST


-  INDICATES NEGATIVE NUMBERS.
R  INDICATES RECORD WAS SET OR TIED.
MM INDICATES DATA IS MISSING.
T  INDICATES TRACE AMOUNT.




$$





U.S. Dept. of Commerce
NOAA National Weather Service
1325 East West Highway
Silver Spring, MD 20910
E-mail: w-nws.webmaster@noaa.gov
Page last modified: May 16, 2007
NATIONAL WEATHER SERVICE: for Safety, for Work, for Fun - FOR LIFE