977
CDUS46 KMTR 230036
CLISTS


CLIMATE REPORT
NATIONAL WEATHER SERVICE SAN FRANCISCO BAY AREA
536 PM PDT MON SEP 22 2014


...................................

...THE SANTA ROSA AIRPORT CLIMATE SUMMARY FOR SEPTEMBER 22 2014...
VALID TODAY AS OF 0500 PM LOCAL TIME.

CLIMATE NORMAL PERIOD 1981 TO 2010
CLIMATE RECORD PERIOD 1998 TO 2014


WEATHER ITEM   OBSERVED TIME   RECORD YEAR NORMAL DEPARTURE LAST
                VALUE   (LST)  VALUE       VALUE  FROM      YEAR
                                                  NORMAL
..................................................................
TEMPERATURE (F)
 TODAY
  MAXIMUM         82    241 PM 103    2003  83     -1       78
  MINIMUM         55    259 AM  41    2012  49      6       45
  AVERAGE         69                        66      3       62

PRECIPITATION (IN)
  TODAY            0.00          0.07 1999   0.01  -0.01     0.00
  MONTH TO DATE    0.11                      0.16  -0.05     0.41
  SINCE JUL 1      0.11                      0.25  -0.14     0.44
  SINCE JAN 1     12.68                     22.34  -9.66     6.96

DEGREE DAYS
 HEATING
  TODAY            0                                         3
  MONTH TO DATE    5                                        13
  SINCE SEP 1      5                                        13
  SINCE JUL 1     10                                        50

 COOLING
  TODAY            4                                         0
  MONTH TO DATE   79                                        64
  SINCE SEP 1     79                                        64
  SINCE JAN 1    428                                       407
..................................................................


WIND (MPH)
  RESULTANT WIND SPEED   2   RESULTANT WIND DIRECTION   S (170)
  HIGHEST WIND SPEED    13   HIGHEST WIND DIRECTION     S (170)
  HIGHEST GUST SPEED    15   HIGHEST GUST DIRECTION     S (170)
  AVERAGE WIND SPEED     2.5


SKY COVER
  POSSIBLE SUNSHINE  MM
  AVERAGE SKY COVER 0.5


WEATHER CONDITIONS
 THE FOLLOWING WEATHER WAS RECORDED TODAY.
  FOG


RELATIVE HUMIDITY (PERCENT)
 HIGHEST   100           200 AM
 LOWEST     39           300 PM
 AVERAGE    70

..........................................................


THE SANTA ROSA AIRPORT CLIMATE NORMALS FOR TOMORROW
                         NORMAL    RECORD    YEAR
 MAXIMUM TEMPERATURE (F)   82        97      2011
 MINIMUM TEMPERATURE (F)   48        42      2010
                                             2008


SUNRISE AND SUNSET
SEPTEMBER 22 2014.....SUNRISE   659 AM PDT   SUNSET   708 PM PDT
SEPTEMBER 23 2014.....SUNRISE   700 AM PDT   SUNSET   706 PM PDT


-  INDICATES NEGATIVE NUMBERS.
R  INDICATES RECORD WAS SET OR TIED.
MM INDICATES DATA IS MISSING.
T  INDICATES TRACE AMOUNT.




$$





U.S. Dept. of Commerce
NOAA National Weather Service
1325 East West Highway
Silver Spring, MD 20910
E-mail: w-nws.webmaster@noaa.gov
Page last modified: May 16, 2007
NATIONAL WEATHER SERVICE: for Safety, for Work, for Fun - FOR LIFE