807
CDUS43 KLSX 250728
CLISTL


CLIMATE REPORT
NATIONAL WEATHER SERVICE ST LOUIS MO
227 AM CDT SAT OCT 25 2014


...................................

...THE ST. LOUIS CLIMATE SUMMARY FOR OCTOBER 24 2014...

CLIMATE NORMAL PERIOD 1981 TO 2010
CLIMATE RECORD PERIOD 1874 TO 2014


WEATHER ITEM   OBSERVED TIME   RECORD YEAR NORMAL DEPARTURE LAST
                VALUE   (LST)  VALUE       VALUE  FROM      YEAR
                                                  NORMAL
..................................................................
TEMPERATURE (F)
 YESTERDAY
  MAXIMUM         75    217 PM  85    1940  66      9       49
  MINIMUM         51    314 AM  25    1981  47      4       32
  AVERAGE         63                        56      7       41

PRECIPITATION (IN)
  YESTERDAY        0.00          1.11 1918   0.11  -0.11      T
  MONTH TO DATE    4.59                      2.59   2.00     1.46
  SINCE SEP 1      8.79                      5.72   3.07     4.20
  SINCE JAN 1     37.76                     33.47   4.29    38.81

SNOWFALL (IN)
  YESTERDAY        0.0           0.0  2013   0.0    0.0      0.0
  MONTH TO DATE    0.0                       0.0    0.0      0.0
  SINCE SEP 1      0.0                       0.0    0.0      0.0
  SINCE JUL 1      0.0                       0.0    0.0      0.0
  SNOW DEPTH       0

DEGREE DAYS
 HEATING
  YESTERDAY        2                        10     -8       24
  MONTH TO DATE  142                       159    -17      157
  SINCE SEP 1    181                       199    -18      160
  SINCE JUL 1    181                       200    -19      160

 COOLING
  YESTERDAY        0                         1     -1        0
  MONTH TO DATE   20                        38    -18       63
  SINCE SEP 1    213                       240    -27      342
  SINCE JAN 1   1718                      1639     79     1728
..................................................................


WIND (MPH)
  HIGHEST WIND SPEED    12   HIGHEST WIND DIRECTION    NW (310)
  HIGHEST GUST SPEED    28   HIGHEST GUST DIRECTION    SW (210)
  AVERAGE WIND SPEED     4.6


SKY COVER
  AVERAGE SKY COVER 0.7


WEATHER CONDITIONS
 THE FOLLOWING WEATHER WAS RECORDED YESTERDAY.
  NO SIGNIFICANT WEATHER WAS OBSERVED.


RELATIVE HUMIDITY (PERCENT)
 HIGHEST    84           900 AM
 LOWEST     35           400 PM
 AVERAGE    60

..........................................................


THE ST. LOUIS CLIMATE NORMALS FOR TODAY
                         NORMAL    RECORD    YEAR
 MAXIMUM TEMPERATURE (F)   65        87      1940
 MINIMUM TEMPERATURE (F)   46        24      1887


SUNRISE AND SUNSET
OCTOBER 25 2014.......SUNRISE   721 AM CDT   SUNSET   610 PM CDT
OCTOBER 26 2014.......SUNRISE   722 AM CDT   SUNSET   608 PM CDT


-  INDICATES NEGATIVE NUMBERS.
R  INDICATES RECORD WAS SET OR TIED.
MM INDICATES DATA IS MISSING.
T  INDICATES TRACE AMOUNT.




$$





U.S. Dept. of Commerce
NOAA National Weather Service
1325 East West Highway
Silver Spring, MD 20910
E-mail: w-nws.webmaster@noaa.gov
Page last modified: May 16, 2007
NATIONAL WEATHER SERVICE: for Safety, for Work, for Fun - FOR LIFE