154
CDUS43 KLSX 020752
CLISTL


CLIMATE REPORT
NATIONAL WEATHER SERVICE ST LOUIS MO
251 AM CDT TUE SEP 2 2014


...................................

...THE ST. LOUIS CLIMATE SUMMARY FOR SEPTEMBER 1 2014...

CLIMATE NORMAL PERIOD 1981 TO 2010
CLIMATE RECORD PERIOD 1874 TO 2014


WEATHER ITEM   OBSERVED TIME   RECORD YEAR NORMAL DEPARTURE LAST
                VALUE   (LST)  VALUE       VALUE  FROM      YEAR
                                                  NORMAL
..................................................................
TEMPERATURE (F)
 YESTERDAY
  MAXIMUM         87    350 PM 104    2011  86      1       91
                                      1984
  MINIMUM         69   1127 PM  49    1967  67      2       72
                                      1949
  AVERAGE         78                        76      2       82

PRECIPITATION (IN)
  YESTERDAY        2.15          4.70 1931   0.10   2.05     1.81
  MONTH TO DATE    2.15                      0.10   2.05     1.81
  SINCE SEP 1      2.15                      0.10   2.05     1.81
  SINCE JAN 1     31.12                     27.85   3.27    36.42

SNOWFALL (IN)
  YESTERDAY        0.0           0.0  2013   0.0    0.0      0.0
  MONTH TO DATE    0.0                       0.0    0.0      0.0
  SINCE SEP 1      0.0                       0.0    0.0      0.0
  SINCE JUL 1      0.0                       0.0    0.0      0.0
  SNOW DEPTH       0

DEGREE DAYS
 HEATING
  YESTERDAY        0                         0      0        0
  MONTH TO DATE    0                         0      0        0
  SINCE SEP 1      0                         0      0        0
  SINCE JUL 1      0                         1     -1        0

 COOLING
  YESTERDAY       13                        11      2       17
  MONTH TO DATE   13                        11      2       17
  SINCE SEP 1     13                        11      2       17
  SINCE JAN 1   1518                      1410    108     1403
..................................................................


WIND (MPH)
  HIGHEST WIND SPEED    29   HIGHEST WIND DIRECTION     W (260)
  HIGHEST GUST SPEED    37   HIGHEST GUST DIRECTION     W (270)
  AVERAGE WIND SPEED    10.5


SKY COVER
  AVERAGE SKY COVER 0.7


WEATHER CONDITIONS
 THE FOLLOWING WEATHER WAS RECORDED YESTERDAY.
  THUNDERSTORM
  HEAVY RAIN
  RAIN
  LIGHT RAIN
  FOG


RELATIVE HUMIDITY (PERCENT)
 HIGHEST    90          1100 PM
 LOWEST     46           300 PM
 AVERAGE    68

..........................................................


THE ST. LOUIS CLIMATE NORMALS FOR TODAY
                         NORMAL    RECORD    YEAR
 MAXIMUM TEMPERATURE (F)   85       101      2011
                                             1953
 MINIMUM TEMPERATURE (F)   66        50      1967
                                             1965
                                             1949


SUNRISE AND SUNSET
SEPTEMBER  2 2014.....SUNRISE   631 AM CDT   SUNSET   730 PM CDT
SEPTEMBER  3 2014.....SUNRISE   632 AM CDT   SUNSET   729 PM CDT


-  INDICATES NEGATIVE NUMBERS.
R  INDICATES RECORD WAS SET OR TIED.
MM INDICATES DATA IS MISSING.
T  INDICATES TRACE AMOUNT.




$$





U.S. Dept. of Commerce
NOAA National Weather Service
1325 East West Highway
Silver Spring, MD 20910
E-mail: w-nws.webmaster@noaa.gov
Page last modified: May 16, 2007
NATIONAL WEATHER SERVICE: for Safety, for Work, for Fun - FOR LIFE