558
CDUS43 KLSX 310730
CLISTL


CLIMATE REPORT
NATIONAL WEATHER SERVICE ST LOUIS MO
229 AM CDT FRI OCT 31 2014


...................................

...THE ST. LOUIS CLIMATE SUMMARY FOR OCTOBER 30 2014...

CLIMATE NORMAL PERIOD 1981 TO 2010
CLIMATE RECORD PERIOD 1874 TO 2014


WEATHER ITEM   OBSERVED TIME   RECORD YEAR NORMAL DEPARTURE LAST
                VALUE   (LST)  VALUE       VALUE  FROM      YEAR
                                                  NORMAL
..................................................................
TEMPERATURE (F)
 YESTERDAY
  MAXIMUM         62    107 PM  90    1950  64     -2       73
  MINIMUM         39    354 AM  21    1925  45     -6       57
  AVERAGE         51                        54     -3       65

PRECIPITATION (IN)
  YESTERDAY        T             2.03 1942   0.10  -0.10     0.02
  MONTH TO DATE    5.08                      3.22   1.86     1.61
  SINCE SEP 1      9.28                      6.35   2.93     4.35
  SINCE JAN 1     38.25                     34.10   4.15    38.96

SNOWFALL (IN)
  YESTERDAY        0.0           T    1925   0.0    0.0      0.0
  MONTH TO DATE    0.0                       0.0    0.0      0.0
  SINCE SEP 1      0.0                       0.0    0.0      0.0
  SINCE JUL 1      0.0                       0.0    0.0      0.0
  SNOW DEPTH       0

DEGREE DAYS
 HEATING
  YESTERDAY       14                        11      3        0
  MONTH TO DATE  174                       222    -48      234
  SINCE SEP 1    213                       262    -49      237
  SINCE JUL 1    213                       263    -50      237

 COOLING
  YESTERDAY        0                         1     -1        0
  MONTH TO DATE   34                        44    -10       63
  SINCE SEP 1    227                       246    -19      342
  SINCE JAN 1   1732                      1645     87     1728
..................................................................


WIND (MPH)
  HIGHEST WIND SPEED    20   HIGHEST WIND DIRECTION    SE (120)
  HIGHEST GUST SPEED    28   HIGHEST GUST DIRECTION     E (90)
  AVERAGE WIND SPEED     5.1


SKY COVER
  AVERAGE SKY COVER 0.5


WEATHER CONDITIONS
 THE FOLLOWING WEATHER WAS RECORDED YESTERDAY.
  LIGHT RAIN


RELATIVE HUMIDITY (PERCENT)
 HIGHEST    85           300 AM
 LOWEST     43          1200 PM
 AVERAGE    64

..........................................................


THE ST. LOUIS CLIMATE NORMALS FOR TODAY
                         NORMAL    RECORD    YEAR
 MAXIMUM TEMPERATURE (F)   63        88      1968
 MINIMUM TEMPERATURE (F)   44        26      1878


SUNRISE AND SUNSET
OCTOBER 31 2014.......SUNRISE   727 AM CDT   SUNSET   602 PM CDT
NOVEMBER  1 2014......SUNRISE   728 AM CDT   SUNSET   601 PM CDT


-  INDICATES NEGATIVE NUMBERS.
R  INDICATES RECORD WAS SET OR TIED.
MM INDICATES DATA IS MISSING.
T  INDICATES TRACE AMOUNT.




$$






U.S. Dept. of Commerce
NOAA National Weather Service
1325 East West Highway
Silver Spring, MD 20910
E-mail: w-nws.webmaster@noaa.gov
Page last modified: May 16, 2007
NATIONAL WEATHER SERVICE: for Safety, for Work, for Fun - FOR LIFE