570
CDUS43 KEAX 191243
CLISTJ


CLIMATE REPORT
NATIONAL WEATHER SERVICE KANSAS CITY/PLEASANT HILL MO
641 AM CST FRI DEC 19 2014


...................................

...THE ST. JOSEPH MO CLIMATE SUMMARY FOR DECEMBER 19 2014...
VALID AS OF 0600 AM LOCAL TIME.

CLIMATE NORMAL PERIOD 1981 TO 2010
CLIMATE RECORD PERIOD 1892 TO 2014


WEATHER ITEM   OBSERVED TIME   RECORD YEAR NORMAL DEPARTURE LAST
                VALUE   (LST)  VALUE       VALUE  FROM      YEAR
                                                  NORMAL
..................................................................
TEMPERATURE (F)
 TODAY
  MAXIMUM         31    151 AM  61    1966  38     -7       56
  MINIMUM         30    559 AM -20    1981  19     11       32
  AVERAGE         31                        28      3       44

PRECIPITATION (IN)
  TODAY            0.00          0.94 1987   0.05  -0.05     0.00
  MONTH TO DATE    0.66                      0.96  -0.30     0.09
  SINCE DEC 1      0.66                      0.96  -0.30     0.09
  SINCE JAN 1     31.61                     35.04  -3.43    30.91

DEGREE DAYS
 HEATING
  TODAY           34                        37     -3       21
  MONTH TO DATE  564                       648    -84      740
  SINCE DEC 1    564                       648    -84      740
  SINCE JUL 1   1810                      1759     51     1909

 COOLING
  TODAY            0                         0      0        0
  MONTH TO DATE    0                         0      0        0
  SINCE DEC 1      0                         0      0        0
  SINCE JAN 1   1182                      1221    -39     1285
..................................................................


WIND (MPH)
  HIGHEST WIND SPEED     9   HIGHEST WIND DIRECTION    SW (220)
  HIGHEST GUST SPEED    10   HIGHEST GUST DIRECTION    SW (220)
  AVERAGE WIND SPEED     2.6


SKY COVER
  AVERAGE SKY COVER 1.0


WEATHER CONDITIONS
 THE FOLLOWING WEATHER WAS RECORDED TODAY.
  FOG


RELATIVE HUMIDITY (PERCENT)
 HIGHEST    92          1200 AM
 LOWEST     85           200 AM
 AVERAGE    89

..........................................................


THE ST. JOSEPH MO CLIMATE NORMALS FOR TOMORROW
                         NORMAL    RECORD    YEAR
 MAXIMUM TEMPERATURE (F)   38        67      1941
 MINIMUM TEMPERATURE (F)   18        -9      1983


SUNRISE AND SUNSET
DECEMBER 19 2014......SUNRISE   736 AM CST   SUNSET   457 PM CST
DECEMBER 20 2014......SUNRISE   737 AM CST   SUNSET   458 PM CST


-  INDICATES NEGATIVE NUMBERS.
R  INDICATES RECORD WAS SET OR TIED.
MM INDICATES DATA IS MISSING.
T  INDICATES TRACE AMOUNT.




$$





U.S. Dept. of Commerce
NOAA National Weather Service
1325 East West Highway
Silver Spring, MD 20910
E-mail: w-nws.webmaster@noaa.gov
Page last modified: May 16, 2007
NATIONAL WEATHER SERVICE: for Safety, for Work, for Fun - FOR LIFE