458
CDUS43 KEAX 170633
CLISTJ


CLIMATE REPORT
NATIONAL WEATHER SERVICE KANSAS CITY/PLEASANT HILL MO
133 AM CDT WED SEP 17 2014


...................................

...THE ST. JOSEPH MO CLIMATE SUMMARY FOR SEPTEMBER 16 2014...

CLIMATE NORMAL PERIOD 1981 TO 2010
CLIMATE RECORD PERIOD 1892 TO 2014


WEATHER ITEM   OBSERVED TIME   RECORD YEAR NORMAL DEPARTURE LAST
                VALUE   (LST)  VALUE       VALUE  FROM      YEAR
                                                  NORMAL
..................................................................
TEMPERATURE (F)
 YESTERDAY
  MAXIMUM         70    435 PM  99    1931  79     -9       64
  MINIMUM         40    600 AM  38    1999  54    -14       58
  AVERAGE         55                        66    -11       61

PRECIPITATION (IN)
  YESTERDAY        0.00          2.03 1936   0.10  -0.10     0.08
  MONTH TO DATE    1.67                      2.07  -0.40     2.02
  SINCE SEP 1      1.67                      2.07  -0.40     2.02
  SINCE JAN 1     24.22                     28.37  -4.15    21.69

DEGREE DAYS
 HEATING
  YESTERDAY       10                         2      8        4
  MONTH TO DATE   64                        18     46        7
  SINCE SEP 1     64                        18     46        7
  SINCE JUL 1     70                        23     47        9

 COOLING
  YESTERDAY        0                         4     -4        0
  MONTH TO DATE   73                        85    -12      137
  SINCE SEP 1     73                        85    -12      137
  SINCE JAN 1   1122                      1162    -40     1207
..................................................................


WIND (MPH)
  HIGHEST WIND SPEED    10   HIGHEST WIND DIRECTION    SE (120)
  HIGHEST GUST SPEED    14   HIGHEST GUST DIRECTION    SE (150)
  AVERAGE WIND SPEED     4.3


SKY COVER
  POSSIBLE SUNSHINE  MM
  AVERAGE SKY COVER 0.4


WEATHER CONDITIONS
 THE FOLLOWING WEATHER WAS RECORDED YESTERDAY.
  FOG
  FOG W/VISIBILITY <= 1/4 MILE


RELATIVE HUMIDITY (PERCENT)
 HIGHEST   100           400 AM
 LOWEST     53           200 PM
 AVERAGE    77

..........................................................


THE ST. JOSEPH MO CLIMATE NORMALS FOR TODAY
                         NORMAL    RECORD    YEAR
 MAXIMUM TEMPERATURE (F)   79       102      1953
 MINIMUM TEMPERATURE (F)   53        38      1981


SUNRISE AND SUNSET
SEPTEMBER 17 2014.....SUNRISE   703 AM CDT   SUNSET   725 PM CDT
SEPTEMBER 18 2014.....SUNRISE   703 AM CDT   SUNSET   723 PM CDT


-  INDICATES NEGATIVE NUMBERS.
R  INDICATES RECORD WAS SET OR TIED.
MM INDICATES DATA IS MISSING.
T  INDICATES TRACE AMOUNT.




$$






U.S. Dept. of Commerce
NOAA National Weather Service
1325 East West Highway
Silver Spring, MD 20910
E-mail: w-nws.webmaster@noaa.gov
Page last modified: May 16, 2007
NATIONAL WEATHER SERVICE: for Safety, for Work, for Fun - FOR LIFE