433
CDUS43 KEAX 281231
CLISTJ


CLIMATE REPORT
NATIONAL WEATHER SERVICE KANSAS CITY/PLEASANT HILL MO
631 AM CST FRI NOV 28 2014


...................................

...THE ST. JOSEPH MO CLIMATE SUMMARY FOR NOVEMBER 28 2014...
VALID AS OF 0600 AM LOCAL TIME.

CLIMATE NORMAL PERIOD 1981 TO 2010
CLIMATE RECORD PERIOD 1892 TO 2014


WEATHER ITEM   OBSERVED TIME   RECORD YEAR NORMAL DEPARTURE LAST
                VALUE   (LST)  VALUE       VALUE  FROM      YEAR
                                                  NORMAL
..................................................................
TEMPERATURE (F)
 TODAY
  MAXIMUM         33    559 AM  72    1998  46    -13       38
  MINIMUM         28    542 AM   1    1976  26      2       17
  AVERAGE         31                        36     -5       28

PRECIPITATION (IN)
  TODAY            0.00          0.59 1919   0.04  -0.04     0.00
  MONTH TO DATE    0.24                      1.47  -1.23     1.93
  SINCE SEP 1      8.40                      7.70   0.70    11.15
  SINCE JAN 1     30.95                     34.00  -3.05    30.82

DEGREE DAYS
 HEATING
  TODAY           34                        29      5       37
  MONTH TO DATE  845                       633    212      706
  SINCE SEP 1   1202                      1047    155     1109
  SINCE JUL 1   1208                      1052    156     1111

 COOLING
  TODAY            0                         0      0        0
  MONTH TO DATE    0                         0      0        0
  SINCE SEP 1    133                       143    -10      215
  SINCE JAN 1   1182                      1220    -38     1285
..................................................................


WIND (MPH)
  HIGHEST WIND SPEED    16   HIGHEST WIND DIRECTION     S (170)
  HIGHEST GUST SPEED    19   HIGHEST GUST DIRECTION     S (160)
  AVERAGE WIND SPEED    11.3


SKY COVER
  AVERAGE SKY COVER 0.0


WEATHER CONDITIONS
 THE FOLLOWING WEATHER WAS RECORDED TODAY.
  NO SIGNIFICANT WEATHER WAS OBSERVED.


RELATIVE HUMIDITY (PERCENT)
 HIGHEST    75          1200 AM
 LOWEST     69           300 AM
 AVERAGE    72

..........................................................


THE ST. JOSEPH MO CLIMATE NORMALS FOR TOMORROW
                         NORMAL    RECORD    YEAR
 MAXIMUM TEMPERATURE (F)   46        74      1933
 MINIMUM TEMPERATURE (F)   25        -2      1976


SUNRISE AND SUNSET
NOVEMBER 28 2014......SUNRISE   719 AM CST   SUNSET   456 PM CST
NOVEMBER 29 2014......SUNRISE   720 AM CST   SUNSET   456 PM CST


-  INDICATES NEGATIVE NUMBERS.
R  INDICATES RECORD WAS SET OR TIED.
MM INDICATES DATA IS MISSING.
T  INDICATES TRACE AMOUNT.




$$





U.S. Dept. of Commerce
NOAA National Weather Service
1325 East West Highway
Silver Spring, MD 20910
E-mail: w-nws.webmaster@noaa.gov
Page last modified: May 16, 2007
NATIONAL WEATHER SERVICE: for Safety, for Work, for Fun - FOR LIFE