380
CDUS43 KEAX 020635
CLISTJ


CLIMATE REPORT
NATIONAL WEATHER SERVICE KANSAS CITY/PLEASANT HILL MO
135 AM CDT SAT AUG 2 2014


...................................

...THE ST. JOSEPH MO CLIMATE SUMMARY FOR AUGUST 1 2014...

CLIMATE NORMAL PERIOD 1981 TO 2010
CLIMATE RECORD PERIOD 1892 TO 2014


WEATHER ITEM   OBSERVED TIME   RECORD YEAR NORMAL DEPARTURE LAST
                VALUE   (LST)  VALUE       VALUE  FROM      YEAR
                                                  NORMAL
..................................................................
TEMPERATURE (F)
 YESTERDAY
  MAXIMUM         85    208 PM 103    1980  87     -2       87
  MINIMUM         63   1156 PM  52    1971  67     -4       64
  AVERAGE         74                        77     -3       76

PRECIPITATION (IN)
  YESTERDAY        0.04          1.72 1954   0.10  -0.06     0.23
  MONTH TO DATE    0.04                      0.10  -0.06     0.23
  SINCE JUN 1     12.36                      9.47   2.89     4.59
  SINCE JAN 1     20.13                     22.42  -2.29    18.64

DEGREE DAYS
 HEATING
  YESTERDAY        0                         0      0        0
  MONTH TO DATE    0                         0      0        0
  SINCE JUN 1      7                         9     -2       17
  SINCE JUL 1      6                         1      5        2

 COOLING
  YESTERDAY        9                        12     -3       11
  MONTH TO DATE    9                        12     -3       11
  SINCE JUN 1    547                       653   -106      632
  SINCE JAN 1    708                       766    -58      758
..................................................................


WIND (MPH)
  HIGHEST WIND SPEED    12   HIGHEST WIND DIRECTION     S (190)
  HIGHEST GUST SPEED    15   HIGHEST GUST DIRECTION    SE (130)
  AVERAGE WIND SPEED     4.6


SKY COVER
  POSSIBLE SUNSHINE  MM
  AVERAGE SKY COVER 0.6


WEATHER CONDITIONS
 THE FOLLOWING WEATHER WAS RECORDED YESTERDAY.
  LIGHT RAIN
  FOG


RELATIVE HUMIDITY (PERCENT)
 HIGHEST   100           600 AM
 LOWEST     44           300 PM
 AVERAGE    72

..........................................................


THE ST. JOSEPH MO CLIMATE NORMALS FOR TODAY
                         NORMAL    RECORD    YEAR
 MAXIMUM TEMPERATURE (F)   87       104      1947
 MINIMUM TEMPERATURE (F)   67        55      2009
                                             1920


SUNRISE AND SUNSET
AUGUST  2 2014........SUNRISE   620 AM CDT   SUNSET   832 PM CDT
AUGUST  3 2014........SUNRISE   620 AM CDT   SUNSET   831 PM CDT


-  INDICATES NEGATIVE NUMBERS.
R  INDICATES RECORD WAS SET OR TIED.
MM INDICATES DATA IS MISSING.
T  INDICATES TRACE AMOUNT.




$$





U.S. Dept. of Commerce
NOAA National Weather Service
1325 East West Highway
Silver Spring, MD 20910
E-mail: w-nws.webmaster@noaa.gov
Page last modified: May 16, 2007
NATIONAL WEATHER SERVICE: for Safety, for Work, for Fun - FOR LIFE