217
CDUS43 KEAX 310033
CLISTJ


CLIMATE REPORT
NATIONAL WEATHER SERVICE KANSAS CITY/PLEASANT HILL MO
733 PM CDT THU OCT 30 2014


...................................

...THE ST. JOSEPH MO CLIMATE SUMMARY FOR OCTOBER 30 2014...
VALID TODAY AS OF 0700 PM LOCAL TIME.

CLIMATE NORMAL PERIOD 1981 TO 2010
CLIMATE RECORD PERIOD 1892 TO 2014


WEATHER ITEM   OBSERVED TIME   RECORD YEAR NORMAL DEPARTURE LAST
                VALUE   (LST)  VALUE       VALUE  FROM      YEAR
                                                  NORMAL
..................................................................
TEMPERATURE (F)
 TODAY
  MAXIMUM         68    252 PM  88    1950  61      7       66
  MINIMUM         40   1201 AM  11    1925  38      2       51
  AVERAGE         54                        49      5       59

PRECIPITATION (IN)
  TODAY            0.00          2.52 2013   0.08  -0.08     2.52
  MONTH TO DATE    6.45                      2.74   3.71     5.34
  SINCE SEP 1      8.16                      6.16   2.00     8.89
  SINCE JAN 1     30.71                     32.46  -1.75    28.56

DEGREE DAYS
 HEATING
  TODAY           11                        16     -5        6
  MONTH TO DATE  251                       322    -71      352
  SINCE SEP 1    329                       397    -68      388
  SINCE JUL 1    335                       402    -67      390

 COOLING
  TODAY            0                         0      0        0
  MONTH TO DATE   14                        18     -4       26
  SINCE SEP 1    133                       140     -7      215
  SINCE JAN 1   1182                      1217    -35     1285
..................................................................


WIND (MPH)
  HIGHEST WIND SPEED    25   HIGHEST WIND DIRECTION     N (340)
  HIGHEST GUST SPEED    34   HIGHEST GUST DIRECTION    NW (310)
  AVERAGE WIND SPEED     9.4


SKY COVER
  AVERAGE SKY COVER 0.2


WEATHER CONDITIONS
 THE FOLLOWING WEATHER WAS RECORDED TODAY.
  NO SIGNIFICANT WEATHER WAS OBSERVED.


RELATIVE HUMIDITY (PERCENT)
 HIGHEST    83           700 AM
 LOWEST     37           100 PM
 AVERAGE    60

..........................................................


THE ST. JOSEPH MO CLIMATE NORMALS FOR TOMORROW
                         NORMAL    RECORD    YEAR
 MAXIMUM TEMPERATURE (F)   61        88      1950
 MINIMUM TEMPERATURE (F)   37        23      2011
                                             2006
                                             1930


SUNRISE AND SUNSET
OCTOBER 30 2014.......SUNRISE   746 AM CDT   SUNSET   620 PM CDT
OCTOBER 31 2014.......SUNRISE   747 AM CDT   SUNSET   619 PM CDT


-  INDICATES NEGATIVE NUMBERS.
R  INDICATES RECORD WAS SET OR TIED.
MM INDICATES DATA IS MISSING.
T  INDICATES TRACE AMOUNT.




$$





U.S. Dept. of Commerce
NOAA National Weather Service
1325 East West Highway
Silver Spring, MD 20910
E-mail: w-nws.webmaster@noaa.gov
Page last modified: May 16, 2007
NATIONAL WEATHER SERVICE: for Safety, for Work, for Fun - FOR LIFE