978
CDUS43 KEAX 231254
CLISTJ


CLIMATE REPORT
NATIONAL WEATHER SERVICE KANSAS CITY/PLEASANT HILL MO
654 AM CST SUN NOV 23 2014


...................................

...THE ST. JOSEPH MO CLIMATE SUMMARY FOR NOVEMBER 23 2014...
VALID AS OF 0600 AM LOCAL TIME.

CLIMATE NORMAL PERIOD 1981 TO 2010
CLIMATE RECORD PERIOD 1892 TO 2014


WEATHER ITEM   OBSERVED TIME   RECORD YEAR NORMAL DEPARTURE LAST
                VALUE   (LST)  VALUE       VALUE  FROM      YEAR
                                                  NORMAL
..................................................................
TEMPERATURE (F)
 TODAY
  MAXIMUM         55    155 AM  77    1966  49      6       25
  MINIMUM         54    559 AM   8    2007  28     26       11
                                      1950
  AVERAGE         55                        38     17       18

PRECIPITATION (IN)
  TODAY            0.00          1.33 1931   0.03  -0.03     0.00
  MONTH TO DATE    0.04                      1.26  -1.22     1.93
  SINCE SEP 1      8.20                      7.49   0.71    11.15
  SINCE JAN 1     30.75                     33.79  -3.04    30.82

DEGREE DAYS
 HEATING
  TODAY           10                        27    -17       47
  MONTH TO DATE  667                       492    175      513
  SINCE SEP 1   1024                       906    118      916
  SINCE JUL 1   1030                       911    119      918

 COOLING
  TODAY            0                         0      0        0
  MONTH TO DATE    0                         0      0        0
  SINCE SEP 1    133                       143    -10      215
  SINCE JAN 1   1182                      1220    -38     1285
..................................................................


WIND (MPH)
  HIGHEST WIND SPEED    17   HIGHEST WIND DIRECTION     S (160)
  HIGHEST GUST SPEED    22   HIGHEST GUST DIRECTION     S (160)
  AVERAGE WIND SPEED    12.5


SKY COVER
  AVERAGE SKY COVER 1.0


WEATHER CONDITIONS
 THE FOLLOWING WEATHER WAS RECORDED TODAY.
  NO SIGNIFICANT WEATHER WAS OBSERVED.


RELATIVE HUMIDITY (PERCENT)
 HIGHEST    93           300 AM
 LOWEST     86           100 AM
 AVERAGE    90

..........................................................


THE ST. JOSEPH MO CLIMATE NORMALS FOR TOMORROW
                         NORMAL    RECORD    YEAR
 MAXIMUM TEMPERATURE (F)   48        72      1990
 MINIMUM TEMPERATURE (F)   27         9      1950


SUNRISE AND SUNSET
NOVEMBER 23 2014......SUNRISE   713 AM CST   SUNSET   459 PM CST
NOVEMBER 24 2014......SUNRISE   714 AM CST   SUNSET   458 PM CST


-  INDICATES NEGATIVE NUMBERS.
R  INDICATES RECORD WAS SET OR TIED.
MM INDICATES DATA IS MISSING.
T  INDICATES TRACE AMOUNT.




$$





U.S. Dept. of Commerce
NOAA National Weather Service
1325 East West Highway
Silver Spring, MD 20910
E-mail: w-nws.webmaster@noaa.gov
Page last modified: May 16, 2007
NATIONAL WEATHER SERVICE: for Safety, for Work, for Fun - FOR LIFE