389
CDUS43 KEAX 011239
CLISTJ


CLIMATE REPORT
NATIONAL WEATHER SERVICE KANSAS CITY/PLEASANT HILL MO
639 AM CST SUN FEB 1 2015


...................................

...THE ST. JOSEPH MO CLIMATE SUMMARY FOR FEBRUARY 1 2015...
VALID AS OF 0600 AM LOCAL TIME.

CLIMATE NORMAL PERIOD 1981 TO 2010
CLIMATE RECORD PERIOD 1892 TO 2015


WEATHER ITEM   OBSERVED TIME   RECORD YEAR NORMAL DEPARTURE LAST
                VALUE   (LST)  VALUE       VALUE  FROM      YEAR
                                                  NORMAL
..................................................................
TEMPERATURE (F)
 TODAY
  MAXIMUM         32    559 AM  63    2012  39     -7       26
                                      1911
  MINIMUM         32    559 AM -23    1979  19     13       16
  AVERAGE         32                        29      3       21

PRECIPITATION (IN)
  TODAY            0.18          2.00 1985   0.03   0.15     0.14
  MONTH TO DATE    0.18                      0.03   0.15     0.14
  SINCE DEC 1      2.29                      2.11   0.18     0.59
  SINCE JAN 1      1.33                      0.59   0.74     0.22

DEGREE DAYS
 HEATING
  TODAY           33                        36     -3       44
  MONTH TO DATE   33                        36     -3       44
  SINCE DEC 1   2124                      2308   -184     2617
  SINCE JUL 1   3370                      3419    -49     3786

 COOLING
  TODAY            0                         0      0        0
  MONTH TO DATE    0                         0      0        0
  SINCE DEC 1      0                         0      0        0
  SINCE JAN 1      0                         0      0        0
..................................................................


WIND (MPH)
  HIGHEST WIND SPEED     5   HIGHEST WIND DIRECTION     N (360)
  HIGHEST GUST SPEED     6   HIGHEST GUST DIRECTION    SE (130)
  AVERAGE WIND SPEED     1.4


SKY COVER
  AVERAGE SKY COVER 1.0


WEATHER CONDITIONS
 THE FOLLOWING WEATHER WAS RECORDED TODAY.
  LIGHT SNOW
  FOG


RELATIVE HUMIDITY (PERCENT)
 HIGHEST   100          1200 AM
 LOWEST    100          1200 AM
 AVERAGE   100

..........................................................


THE ST. JOSEPH MO CLIMATE NORMALS FOR TOMORROW
                         NORMAL    RECORD    YEAR
 MAXIMUM TEMPERATURE (F)   39        71      1992
 MINIMUM TEMPERATURE (F)   19       -16      1917


SUNRISE AND SUNSET
FEBRUARY  1 2015......SUNRISE   728 AM CST   SUNSET   539 PM CST
FEBRUARY  2 2015......SUNRISE   727 AM CST   SUNSET   540 PM CST


-  INDICATES NEGATIVE NUMBERS.
R  INDICATES RECORD WAS SET OR TIED.
MM INDICATES DATA IS MISSING.
T  INDICATES TRACE AMOUNT.




$$





U.S. Dept. of Commerce
NOAA National Weather Service
1325 East West Highway
Silver Spring, MD 20910
E-mail: w-nws.webmaster@noaa.gov
Page last modified: May 16, 2007
NATIONAL WEATHER SERVICE: for Safety, for Work, for Fun - FOR LIFE