546
CDUS43 KEAX 250031
CLISTJ


CLIMATE REPORT
NATIONAL WEATHER SERVICE KANSAS CITY/PLEASANT HILL MO
730 PM CDT FRI OCT 24 2014


...................................

...THE ST. JOSEPH MO CLIMATE SUMMARY FOR OCTOBER 24 2014...
VALID TODAY AS OF 0700 PM LOCAL TIME.

CLIMATE NORMAL PERIOD 1981 TO 2010
CLIMATE RECORD PERIOD 1892 TO 2014


WEATHER ITEM   OBSERVED TIME   RECORD YEAR NORMAL DEPARTURE LAST
                VALUE   (LST)  VALUE       VALUE  FROM      YEAR
                                                  NORMAL
..................................................................
TEMPERATURE (F)
 TODAY
  MAXIMUM         78    414 PM  86    1940  64     14       52
  MINIMUM         50    333 AM  23    2006  40     10       25
                                      1999
  AVERAGE         64                        52     12       39

PRECIPITATION (IN)
  TODAY            0.00          1.08 1908   0.09  -0.09     0.00
  MONTH TO DATE    6.45                      2.23   4.22     2.29
  SINCE SEP 1      8.16                      5.65   2.51     5.84
  SINCE JAN 1     30.71                     31.95  -1.24    25.51

DEGREE DAYS
 HEATING
  TODAY            1                        13    -12       26
  MONTH TO DATE  207                       233    -26      255
  SINCE SEP 1    285                       308    -23      291
  SINCE JUL 1    291                       313    -22      293

 COOLING
  TODAY            0                         0      0        0
  MONTH TO DATE    7                        18    -11       26
  SINCE SEP 1    126                       140    -14      215
  SINCE JAN 1   1175                      1217    -42     1285
..................................................................


WIND (MPH)
  HIGHEST WIND SPEED    20   HIGHEST WIND DIRECTION    SW (210)
  HIGHEST GUST SPEED    24   HIGHEST GUST DIRECTION    SW (210)
  AVERAGE WIND SPEED     8.5


SKY COVER
  AVERAGE SKY COVER 0.5


WEATHER CONDITIONS
 THE FOLLOWING WEATHER WAS RECORDED TODAY.
  FOG
  FOG W/VISIBILITY <= 1/4 MILE


RELATIVE HUMIDITY (PERCENT)
 HIGHEST   100          1200 AM
 LOWEST     58           400 PM
 AVERAGE    79

..........................................................


THE ST. JOSEPH MO CLIMATE NORMALS FOR TOMORROW
                         NORMAL    RECORD    YEAR
 MAXIMUM TEMPERATURE (F)   63        87      1927
 MINIMUM TEMPERATURE (F)   40        21      2013


SUNRISE AND SUNSET
OCTOBER 24 2014.......SUNRISE   739 AM CDT   SUNSET   628 PM CDT
OCTOBER 25 2014.......SUNRISE   741 AM CDT   SUNSET   626 PM CDT


-  INDICATES NEGATIVE NUMBERS.
R  INDICATES RECORD WAS SET OR TIED.
MM INDICATES DATA IS MISSING.
T  INDICATES TRACE AMOUNT.




$$





U.S. Dept. of Commerce
NOAA National Weather Service
1325 East West Highway
Silver Spring, MD 20910
E-mail: w-nws.webmaster@noaa.gov
Page last modified: May 16, 2007
NATIONAL WEATHER SERVICE: for Safety, for Work, for Fun - FOR LIFE