219
CDUS43 KMPX 280749
CLISTC


CLIMATE REPORT
NATIONAL WEATHER SERVICE CHANHASSEN MN
247 AM CDT MON JUL 28 2014


...................................

...THE ST CLOUD MN CLIMATE SUMMARY FOR JULY 27 2014...

CLIMATE NORMAL PERIOD 1981 TO 2010
CLIMATE RECORD PERIOD 1893 TO 2014


WEATHER ITEM   OBSERVED TIME   RECORD YEAR NORMAL DEPARTURE LAST
                VALUE   (LST)  VALUE       VALUE  FROM      YEAR
                                                  NORMAL
..................................................................
TEMPERATURE (F)
 YESTERDAY
  MAXIMUM         79    314 PM 102    1931  82     -3       66
  MINIMUM         63   1108 PM  44    1981  58      5       45
  AVERAGE         71                        70      1       56

PRECIPITATION (IN)
  YESTERDAY        T             1.60 1903   0.10  -0.10      T
  MONTH TO DATE    1.25                      2.90  -1.65     1.36
  SINCE JUN 1      7.43                      7.07   0.36     7.12
  SINCE JAN 1     23.78                     15.38   8.40    19.41

SNOWFALL (IN)
  YESTERDAY        0.0           0.0    MM   0.0    0.0      0.0
  MONTH TO DATE    0.0                       0.0    0.0      0.0
  SINCE JUN 1      0.0                       0.0    0.0      0.0
  SINCE JUL 1      0.0                       0.0    0.0      0.0
  SNOW DEPTH       0

DEGREE DAYS
 HEATING
  YESTERDAY        0                         0      0        9
  MONTH TO DATE    7                        13     -6       16
  SINCE JUN 1     33                        91    -58      103
  SINCE JUL 1      7                        13     -6       16

 COOLING
  YESTERDAY        6                         6      0        0
  MONTH TO DATE  155                       161     -6      215
  SINCE JUN 1    288                       256     32      314
  SINCE JAN 1    332                       281     51      325
..................................................................


WIND (MPH)
  HIGHEST WIND SPEED    25   HIGHEST WIND DIRECTION    NW (310)
  HIGHEST GUST SPEED    31   HIGHEST GUST DIRECTION    NW (320)
  AVERAGE WIND SPEED    11.3


SKY COVER
  POSSIBLE SUNSHINE  MM
  AVERAGE SKY COVER 0.6


WEATHER CONDITIONS
 THE FOLLOWING WEATHER WAS RECORDED YESTERDAY.
  NO SIGNIFICANT WEATHER WAS OBSERVED.


RELATIVE HUMIDITY (PERCENT)
 HIGHEST    78          1000 PM
 LOWEST     50           200 PM
 AVERAGE    64

..........................................................


THE ST CLOUD MN CLIMATE NORMALS FOR TODAY
                         NORMAL    RECORD    YEAR
 MAXIMUM TEMPERATURE (F)   82       100      1917
 MINIMUM TEMPERATURE (F)   58        43      2013


SUNRISE AND SUNSET
JULY 28 2014..........SUNRISE   555 AM CDT   SUNSET   849 PM CDT
JULY 29 2014..........SUNRISE   557 AM CDT   SUNSET   848 PM CDT


-  INDICATES NEGATIVE NUMBERS.
R  INDICATES RECORD WAS SET OR TIED.
MM INDICATES DATA IS MISSING.
T  INDICATES TRACE AMOUNT.




$$





U.S. Dept. of Commerce
NOAA National Weather Service
1325 East West Highway
Silver Spring, MD 20910
E-mail: w-nws.webmaster@noaa.gov
Page last modified: May 16, 2007
NATIONAL WEATHER SERVICE: for Safety, for Work, for Fun - FOR LIFE