190
CDUS43 KMPX 260833
CLISTC


CLIMATE REPORT
NATIONAL WEATHER SERVICE CHANHASSEN MN
232 AM CST WED NOV 26 2014


...................................

...THE ST CLOUD MN CLIMATE SUMMARY FOR NOVEMBER 25 2014...

CLIMATE NORMAL PERIOD 1981 TO 2010
CLIMATE RECORD PERIOD 1893 TO 2014


WEATHER ITEM   OBSERVED TIME   RECORD YEAR NORMAL DEPARTURE LAST
                VALUE   (LST)  VALUE       VALUE  FROM      YEAR
                                                  NORMAL
..................................................................
TEMPERATURE (F)
 YESTERDAY
  MAXIMUM         24   1159 PM  58    1914  33     -9       38
  MINIMUM          7    729 AM -13    1977  16     -9       27
  AVERAGE         16                        25     -9       33

PRECIPITATION (IN)
  YESTERDAY        0.00          1.40 1896   0.04  -0.04     0.00
  MONTH TO DATE    1.71                      1.19   0.52     0.53
  SINCE SEP 1      6.42                      7.14  -0.72     6.74
  SINCE JAN 1     35.79                     26.72   9.07    27.07

SNOWFALL (IN)
  YESTERDAY        0.0           7.8  1993   0.3   -0.3      0.0
  MONTH TO DATE   15.9                       6.6    9.3      2.8
  SINCE SEP 1     15.9                       7.4    8.5      3.6
  SINCE JUL 1     15.9                       7.4    8.5      3.6
  SNOW DEPTH       3

DEGREE DAYS
 HEATING
  YESTERDAY       49                        40      9       32
  MONTH TO DATE 1001                       830    171      843
  SINCE SEP 1   1668                      1657     11     1586
  SINCE JUL 1   1677                      1715    -38     1635

 COOLING
  YESTERDAY        0                         0      0        0
  MONTH TO DATE    0                         0      0        0
  SINCE SEP 1     43                        36      7       74
  SINCE JAN 1    597                       465    132      578
..................................................................


WIND (MPH)
  HIGHEST WIND SPEED    13   HIGHEST WIND DIRECTION    NW (310)
  HIGHEST GUST SPEED    15   HIGHEST GUST DIRECTION    NW (310)
  AVERAGE WIND SPEED     5.5


SKY COVER
  POSSIBLE SUNSHINE  MM
  AVERAGE SKY COVER 0.7


WEATHER CONDITIONS
 THE FOLLOWING WEATHER WAS RECORDED YESTERDAY.
  NO SIGNIFICANT WEATHER WAS OBSERVED.


RELATIVE HUMIDITY (PERCENT)
 HIGHEST    88           600 AM
 LOWEST     62           300 PM
 AVERAGE    75

..........................................................


THE ST CLOUD MN CLIMATE NORMALS FOR TODAY
                         NORMAL    RECORD    YEAR
 MAXIMUM TEMPERATURE (F)   33        59      1914
 MINIMUM TEMPERATURE (F)   16       -17      1977


SUNRISE AND SUNSET
NOVEMBER 26 2014......SUNRISE   730 AM CST   SUNSET   437 PM CST
NOVEMBER 27 2014......SUNRISE   731 AM CST   SUNSET   436 PM CST


-  INDICATES NEGATIVE NUMBERS.
R  INDICATES RECORD WAS SET OR TIED.
MM INDICATES DATA IS MISSING.
T  INDICATES TRACE AMOUNT.




$$





U.S. Dept. of Commerce
NOAA National Weather Service
1325 East West Highway
Silver Spring, MD 20910
E-mail: w-nws.webmaster@noaa.gov
Page last modified: May 16, 2007
NATIONAL WEATHER SERVICE: for Safety, for Work, for Fun - FOR LIFE