947
CDUS43 KMPX 180655
CLISTC


CLIMATE REPORT
NATIONAL WEATHER SERVICE CHANHASSEN MN
1254 AM CST THU DEC 18 2014


...................................

...THE ST CLOUD MN CLIMATE SUMMARY FOR DECEMBER 17 2014...

CLIMATE NORMAL PERIOD 1981 TO 2010
CLIMATE RECORD PERIOD 1893 TO 2014


WEATHER ITEM   OBSERVED TIME   RECORD YEAR NORMAL DEPARTURE LAST
                VALUE   (LST)  VALUE       VALUE  FROM      YEAR
                                                  NORMAL
..................................................................
TEMPERATURE (F)
 YESTERDAY
  MAXIMUM         20    201 PM  54    1939  24     -4       32
  MINIMUM          8    739 AM -24    1983   6      2       -2
                                      1953
  AVERAGE         14                        15     -1       15

PRECIPITATION (IN)
  YESTERDAY        0.00          0.60 1977   0.03  -0.03     0.01
  MONTH TO DATE    0.54                      0.47   0.07     1.25
  SINCE DEC 1      0.54                      0.47   0.07     1.25
  SINCE JAN 1     36.51                     27.38   9.13    28.32

SNOWFALL (IN)
  YESTERDAY        0.0           5.5  1908   0.3   -0.3      0.2
  MONTH TO DATE    1.0                       5.2   -4.2     12.4
  SINCE DEC 1      1.0                       5.2   -4.2     12.4
  SINCE JUL 1     18.6                      14.4    4.2     16.0
  SNOW DEPTH       1

DEGREE DAYS
 HEATING
  YESTERDAY       51                        50      1       50
  MONTH TO DATE  687                       800   -113      987
  SINCE DEC 1    687                       800   -113      987
  SINCE JUL 1   2619                      2725   -106     2860

 COOLING
  YESTERDAY        0                         0      0        0
  MONTH TO DATE    0                         0      0        0
  SINCE DEC 1      0                         0      0        0
  SINCE JAN 1    597                       465    132      578
..................................................................


WIND (MPH)
  HIGHEST WIND SPEED    12   HIGHEST WIND DIRECTION    NW (320)
  HIGHEST GUST SPEED    16   HIGHEST GUST DIRECTION    NW (310)
  AVERAGE WIND SPEED     5.2


SKY COVER
  POSSIBLE SUNSHINE  MM
  AVERAGE SKY COVER 0.4


WEATHER CONDITIONS
 THE FOLLOWING WEATHER WAS RECORDED YESTERDAY.
  HAZE


RELATIVE HUMIDITY (PERCENT)
 HIGHEST    84           700 PM
 LOWEST     67          1200 PM
 AVERAGE    76

..........................................................


THE ST CLOUD MN CLIMATE NORMALS FOR TODAY
                         NORMAL    RECORD    YEAR
 MAXIMUM TEMPERATURE (F)   24        47      2011
 MINIMUM TEMPERATURE (F)    6       -30      1983


SUNRISE AND SUNSET
DECEMBER 18 2014......SUNRISE   752 AM CST   SUNSET   434 PM CST
DECEMBER 19 2014......SUNRISE   752 AM CST   SUNSET   434 PM CST


-  INDICATES NEGATIVE NUMBERS.
R  INDICATES RECORD WAS SET OR TIED.
MM INDICATES DATA IS MISSING.
T  INDICATES TRACE AMOUNT.




$$





U.S. Dept. of Commerce
NOAA National Weather Service
1325 East West Highway
Silver Spring, MD 20910
E-mail: w-nws.webmaster@noaa.gov
Page last modified: May 16, 2007
NATIONAL WEATHER SERVICE: for Safety, for Work, for Fun - FOR LIFE