128
CDUS42 KJAX 280531
CLISSI


CLIMATE REPORT
NATIONAL WEATHER SERVICE JACKSONVILLE FL
1231 AM EST FRI NOV 28 2014


...................................

...THE ST SIMONS ISLAND CLIMATE SUMMARY FOR NOVEMBER 27 2014...

CLIMATE NORMAL PERIOD 1981 TO 2010
CLIMATE RECORD PERIOD 1948 TO 2014


WEATHER ITEM   OBSERVED TIME   RECORD YEAR NORMAL DEPARTURE LAST
                VALUE   (LST)  VALUE       VALUE  FROM      YEAR
                                                  NORMAL
..................................................................
TEMPERATURE (F)
 YESTERDAY
  MAXIMUM         58    118 PM  82    1967  67     -9       69
  MINIMUM         42   1156 PM  33    1953  50     -8       38
  AVERAGE         50                        59     -9       54

PRECIPITATION (IN)
  YESTERDAY        0.00          1.23 1976   0.07  -0.07     0.01
  MONTH TO DATE    3.50                      1.83   1.67     3.17
  SINCE SEP 1     11.97                     12.05  -0.08    15.23
  SINCE JAN 1     42.72                     42.16   0.56    50.17

SNOWFALL (IN)
  YESTERDAY        0.0           0.0    MM                   0.0
  MONTH TO DATE    0.0                                       0.0
  SINCE SEP 1      0.0                                       0.0
  SINCE JUL 1      0.0                                       0.0
  SNOW DEPTH       0

DEGREE DAYS
 HEATING
  YESTERDAY       15                         7      8       11
  MONTH TO DATE  223                       127     96      115
  SINCE SEP 1    240                       157     83      137
  SINCE JUL 1    240                       157     83      137

 COOLING
  YESTERDAY        0                         1     -1        0
  MONTH TO DATE   18                        50    -32       45
  SINCE SEP 1    581                       635    -54      642
  SINCE JAN 1   2586                      2611    -25     2587
..................................................................


WIND (MPH)
  HIGHEST WIND SPEED    21   HIGHEST WIND DIRECTION     W (290)
  HIGHEST GUST SPEED    29   HIGHEST GUST DIRECTION    NW (300)
  AVERAGE WIND SPEED     9.0


SKY COVER
  POSSIBLE SUNSHINE  MM
  AVERAGE SKY COVER 0.0


WEATHER CONDITIONS
 THE FOLLOWING WEATHER WAS RECORDED YESTERDAY.
  NO SIGNIFICANT WEATHER WAS OBSERVED.


RELATIVE HUMIDITY (PERCENT)
 HIGHEST    71           100 AM
 LOWEST     36          1200 PM
 AVERAGE    54

..........................................................


THE ST SIMONS ISLAND CLIMATE NORMALS FOR TODAY
                         NORMAL    RECORD    YEAR
 MAXIMUM TEMPERATURE (F)   67        83      1973
                                             1948
 MINIMUM TEMPERATURE (F)   50        26      1956


SUNRISE AND SUNSET
NOVEMBER 28 2014......SUNRISE   704 AM EST   SUNSET   523 PM EST
NOVEMBER 29 2014......SUNRISE   705 AM EST   SUNSET   523 PM EST


-  INDICATES NEGATIVE NUMBERS.
R  INDICATES RECORD WAS SET OR TIED.
MM INDICATES DATA IS MISSING.
T  INDICATES TRACE AMOUNT.




$$





U.S. Dept. of Commerce
NOAA National Weather Service
1325 East West Highway
Silver Spring, MD 20910
E-mail: w-nws.webmaster@noaa.gov
Page last modified: May 16, 2007
NATIONAL WEATHER SERVICE: for Safety, for Work, for Fun - FOR LIFE