478
CDUS42 KJAX 012228
CLISSI


CLIMATE REPORT
NATIONAL WEATHER SERVICE JACKSONVILLE FL
528 PM EST SUN FEB 1 2015


...................................

...THE ST SIMONS ISLAND CLIMATE SUMMARY FOR FEBRUARY 1 2015...
VALID TODAY AS OF 0500 PM LOCAL TIME.

CLIMATE NORMAL PERIOD 1981 TO 2010
CLIMATE RECORD PERIOD 1948 TO 2015


WEATHER ITEM   OBSERVED TIME   RECORD YEAR NORMAL DEPARTURE LAST
                VALUE   (LST)  VALUE       VALUE  FROM      YEAR
                                                  NORMAL
..................................................................
TEMPERATURE (F)
 TODAY
  MAXIMUM         66    323 PM  79    1957  61      5       58
  MINIMUM         45    628 AM  27    1977  44      1       51
  AVERAGE         56                        52      4       55

PRECIPITATION (IN)
  TODAY            0.00          2.89 1999   0.11  -0.11      T
  MONTH TO DATE    0.00                      0.11  -0.11      T
  SINCE DEC 1      4.35                      5.97  -1.62     6.47
  SINCE JAN 1      3.03                      3.33  -0.30     4.59

SNOWFALL (IN)
  TODAY            0.0           0.0    MM                   0.0
  MONTH TO DATE    0.0                                       0.0
  SINCE DEC 1      0.0                                        T
  SINCE JUL 1      0.0                                        T

DEGREE DAYS
 HEATING
  TODAY            9                        13     -4       10
  MONTH TO DATE    9                        13     -4       10
  SINCE DEC 1    666                       784   -118      770
  SINCE JUL 1    952                       964    -12      960

 COOLING
  TODAY            0                         0      0        0
  MONTH TO DATE    0                         0      0        0
  SINCE DEC 1     12                        16     -4       18
  SINCE JAN 1      6                         3      3        0
..................................................................


WIND (MPH)
  HIGHEST WIND SPEED    12   HIGHEST WIND DIRECTION    SE (140)
  HIGHEST GUST SPEED    16   HIGHEST GUST DIRECTION    SE (140)
  AVERAGE WIND SPEED     5.9


SKY COVER
  POSSIBLE SUNSHINE  MM
  AVERAGE SKY COVER 0.0


WEATHER CONDITIONS
 THE FOLLOWING WEATHER WAS RECORDED TODAY.
  FOG


RELATIVE HUMIDITY (PERCENT)
 HIGHEST    93           400 AM
 LOWEST     52          1200 PM
 AVERAGE    73

..........................................................


THE ST SIMONS ISLAND CLIMATE NORMALS FOR TOMORROW
                         NORMAL    RECORD    YEAR
 MAXIMUM TEMPERATURE (F)   61        80      1950
 MINIMUM TEMPERATURE (F)   44        23      1951


SUNRISE AND SUNSET
FEBRUARY  1 2015......SUNRISE   718 AM EST   SUNSET   601 PM EST
FEBRUARY  2 2015......SUNRISE   717 AM EST   SUNSET   602 PM EST


-  INDICATES NEGATIVE NUMBERS.
R  INDICATES RECORD WAS SET OR TIED.
MM INDICATES DATA IS MISSING.
T  INDICATES TRACE AMOUNT.




$$





U.S. Dept. of Commerce
NOAA National Weather Service
1325 East West Highway
Silver Spring, MD 20910
E-mail: w-nws.webmaster@noaa.gov
Page last modified: May 16, 2007
NATIONAL WEATHER SERVICE: for Safety, for Work, for Fun - FOR LIFE