134
CDUS44 KOUN 240648
CLISPS

OUNCLISPS 000
TTAA00 KOUN 240635


CLIMATE REPORT
NATIONAL WEATHER SERVICE NORMAN OK
135 AM CDT THU APR 24 2014


...................................

...THE WICHITA FALLS CLIMATE SUMMARY FOR APRIL 23 2014...

CLIMATE NORMAL PERIOD 1981 TO 2010
CLIMATE RECORD PERIOD 1897 TO 2014


WEATHER ITEM   OBSERVED TIME   RECORD YEAR NORMAL DEPARTURE LAST
                VALUE   (LST)  VALUE       VALUE  FROM      YEAR
                                                  NORMAL
..................................................................
TEMPERATURE (F)
 YESTERDAY
  MAXIMUM         88    231 PM  94    2009  78     10       70
  MINIMUM         56    618 AM  36    2013  52      4       36
  AVERAGE         72                        65      7       53

PRECIPITATION (IN)
  YESTERDAY        0.07          1.70 1913   0.11  -0.04      T
  MONTH TO DATE    1.48                      1.81  -0.33     2.43
  SINCE JAN 1      4.01                      6.90  -2.89     5.64

SNOWFALL (IN)
  YESTERDAY        0.0                       0.0    0.0      0.0
  MONTH TO DATE    0.0                       0.0    0.0       T
  SINCE JUL 1      5.0                       3.9    1.1      3.5
  SNOW DEPTH       0

DEGREE DAYS
 HEATING
  YESTERDAY        0                         3     -3       12
  MONTH TO DATE  111                       125    -14      191
  SINCE JUL 1   3329                      2928    401     2768

 COOLING
  YESTERDAY        7                         3      4        0
  MONTH TO DATE   61                        46     15       29
  SINCE JAN 1     77                        68      9       49
..................................................................


WIND (MPH)
  HIGHEST WIND SPEED    33   HIGHEST WIND DIRECTION     S (160)
  HIGHEST GUST SPEED    43   HIGHEST GUST DIRECTION    SE (150)
  AVERAGE WIND SPEED    16.6


SKY COVER
  AVERAGE SKY COVER 0.3


WEATHER CONDITIONS
 THE FOLLOWING WEATHER WAS RECORDED YESTERDAY.
  NO SIGNIFICANT WEATHER WAS OBSERVED.


RELATIVE HUMIDITY (PERCENT)
 HIGHEST    86           400 AM
 LOWEST     36           300 PM
 AVERAGE    61

..........................................................


THE WICHITA FALLS CLIMATE NORMALS FOR TODAY
                         NORMAL    RECORD    YEAR
 MAXIMUM TEMPERATURE (F)   78        96      1984
 MINIMUM TEMPERATURE (F)   52        29      2013


SUNRISE AND SUNSET
APRIL 24 2014.........SUNRISE   652 AM CDT   SUNSET   812 PM CDT
APRIL 25 2014.........SUNRISE   651 AM CDT   SUNSET   813 PM CDT


-  INDICATES NEGATIVE NUMBERS.
R  INDICATES RECORD WAS SET OR TIED.
MM INDICATES DATA IS MISSING.
T  INDICATES TRACE AMOUNT.




$$




U.S. Dept. of Commerce
NOAA National Weather Service
1325 East West Highway
Silver Spring, MD 20910
E-mail: w-nws.webmaster@noaa.gov
Page last modified: May 16, 2007
NATIONAL WEATHER SERVICE: for Safety, for Work, for Fun - FOR LIFE