563
CDUS44 KOUN 312217
CLISPS

CLIMATE REPORT
NATIONAL WEATHER SERVICE NORMAN OK
515 PM CDT FRI OCT 31 2014


...................................

...THE WICHITA FALLS CLIMATE SUMMARY FOR OCTOBER 31 2014...
VALID TODAY AS OF 0500 PM LOCAL TIME.

CLIMATE NORMAL PERIOD 1981 TO 2010
CLIMATE RECORD PERIOD 1897 TO 2014


WEATHER ITEM   OBSERVED TIME   RECORD YEAR NORMAL DEPARTURE LAST
                VALUE   (LST)  VALUE       VALUE  FROM      YEAR
                                                  NORMAL
..................................................................
TEMPERATURE (F)
 TODAY
  MAXIMUM         63    400 PM  92    1934  72     -9       70
  MINIMUM         47    405 AM  21    1993  47      0       49
  AVERAGE         55                        59     -4       60

PRECIPITATION (IN)
  TODAY            0.00          1.93 1972   0.09  -0.09      T
  MONTH TO DATE    1.30                      3.11  -1.81     1.95
  SINCE JAN 1     18.58                     25.65  -7.07    19.40

SNOWFALL (IN)
  TODAY            0.0                       0.0    0.0      0.0
  MONTH TO DATE    0.0                       T      0.0      0.0
  SINCE JUL 1      T                         T      0.0      0.0
  SNOW DEPTH       0

DEGREE DAYS
 HEATING
  TODAY           10                         7      3        5
  MONTH TO DATE   35                       112    -77      102
  SINCE JUL 1     43                       126    -83      102

 COOLING
  TODAY            0                         1     -1        0
  MONTH TO DATE  172                        97     75      115
  SINCE JAN 1   2558                      2376    182     2620
..................................................................


WIND (MPH)
  HIGHEST WIND SPEED    23   HIGHEST WIND DIRECTION     N (20)
  HIGHEST GUST SPEED    27   HIGHEST GUST DIRECTION     N (10)
  AVERAGE WIND SPEED    12.9


SKY COVER
  AVERAGE SKY COVER 0.0


WEATHER CONDITIONS
 THE FOLLOWING WEATHER WAS RECORDED TODAY.
  NO SIGNIFICANT WEATHER WAS OBSERVED.


RELATIVE HUMIDITY (PERCENT)
 HIGHEST    66           500 AM
 LOWEST     34           400 PM
 AVERAGE    50

..........................................................


THE WICHITA FALLS CLIMATE NORMALS FOR TOMORROW
                         NORMAL    RECORD    YEAR
 MAXIMUM TEMPERATURE (F)   71        87      2012
                                             2001
 MINIMUM TEMPERATURE (F)   47        29      1991
                                             1951


SUNRISE AND SUNSET
OCTOBER 31 2014.......SUNRISE   753 AM CDT   SUNSET   642 PM CDT
NOVEMBER  1 2014......SUNRISE   753 AM CDT   SUNSET   641 PM CDT


-  INDICATES NEGATIVE NUMBERS.
R  INDICATES RECORD WAS SET OR TIED.
MM INDICATES DATA IS MISSING.
T  INDICATES TRACE AMOUNT.




$$




U.S. Dept. of Commerce
NOAA National Weather Service
1325 East West Highway
Silver Spring, MD 20910
E-mail: w-nws.webmaster@noaa.gov
Page last modified: May 16, 2007
NATIONAL WEATHER SERVICE: for Safety, for Work, for Fun - FOR LIFE