734
CDUS44 KOUN 280637 RRA
CLISPS

CLIMATE REPORT
NATIONAL WEATHER SERVICE NORMAN OK
136 AM CDT MON JUL 28 2014


...................................

...THE WICHITA FALLS CLIMATE SUMMARY FOR JULY 27 2014...

CLIMATE NORMAL PERIOD 1981 TO 2010
CLIMATE RECORD PERIOD 1897 TO 2014


WEATHER ITEM   OBSERVED TIME   RECORD YEAR NORMAL DEPARTURE LAST
                VALUE   (LST)  VALUE       VALUE  FROM      YEAR
                                                  NORMAL
..................................................................
TEMPERATURE (F)
 YESTERDAY
  MAXIMUM        103    349 PM 110    1944  98      5       88
  MINIMUM         77    530 AM  61    1994  73      4       69
  AVERAGE         90                        85      5       79

PRECIPITATION (IN)
  YESTERDAY        0.00          1.29 1991   0.05  -0.05     0.00
  MONTH TO DATE    4.50                      1.39   3.11     3.19
  SINCE JAN 1     12.74                     17.03  -4.29    13.31

DEGREE DAYS
 COOLING
  YESTERDAY       25                        20      5       14
  MONTH TO DATE  454                       520    -66      484
  SINCE JAN 1   1344                      1275     69     1371
..................................................................


WIND (MPH)
  HIGHEST WIND SPEED    18   HIGHEST WIND DIRECTION    SW (230)
  HIGHEST GUST SPEED    23   HIGHEST GUST DIRECTION    SW (230)
  AVERAGE WIND SPEED    10.0


SKY COVER
  AVERAGE SKY COVER 0.2


WEATHER CONDITIONS
 THE FOLLOWING WEATHER WAS RECORDED YESTERDAY.
  NO SIGNIFICANT WEATHER WAS OBSERVED.


RELATIVE HUMIDITY (PERCENT)
 HIGHEST    69           500 AM
 LOWEST     27           400 PM
 AVERAGE    48

..........................................................


THE WICHITA FALLS CLIMATE NORMALS FOR TODAY
                         NORMAL    RECORD    YEAR
 MAXIMUM TEMPERATURE (F)   98       110      2008
 MINIMUM TEMPERATURE (F)   73        60      1994


SUNRISE AND SUNSET
JULY 28 2014..........SUNRISE   643 AM CDT   SUNSET   838 PM CDT
JULY 29 2014..........SUNRISE   643 AM CDT   SUNSET   837 PM CDT


-  INDICATES NEGATIVE NUMBERS.
R  INDICATES RECORD WAS SET OR TIED.
MM INDICATES DATA IS MISSING.
T  INDICATES TRACE AMOUNT.




$$




U.S. Dept. of Commerce
NOAA National Weather Service
1325 East West Highway
Silver Spring, MD 20910
E-mail: w-nws.webmaster@noaa.gov
Page last modified: May 16, 2007
NATIONAL WEATHER SERVICE: for Safety, for Work, for Fun - FOR LIFE