006
CDUS44 KOUN 160633
CLISPS

CLIMATE REPORT
NATIONAL WEATHER SERVICE NORMAN OK
131 AM CDT WED APR 16 2014


...................................

...THE WICHITA FALLS CLIMATE SUMMARY FOR APRIL 15 2014...

CLIMATE NORMAL PERIOD 1981 TO 2010
CLIMATE RECORD PERIOD 1897 TO 2014


WEATHER ITEM   OBSERVED TIME   RECORD YEAR NORMAL DEPARTURE LAST
                VALUE   (LST)  VALUE       VALUE  FROM      YEAR
                                                  NORMAL
..................................................................
TEMPERATURE (F)
 YESTERDAY
  MAXIMUM         65    428 PM 102    2006  76    -11       84
  MINIMUM         32R   645 AM  32    1983  49    -17       54
                                      1928
  AVERAGE         49                        62    -13       69

PRECIPITATION (IN)
  YESTERDAY        0.00          1.95 1950   0.09  -0.09     0.00
  MONTH TO DATE    0.62                      1.03  -0.41     2.24
  SINCE JAN 1      3.15                      6.12  -2.97     5.45

SNOWFALL (IN)
  YESTERDAY        0.0                       0.0    0.0      0.0
  MONTH TO DATE    0.0                       0.0    0.0       T
  SINCE JUL 1      5.0                       3.9    1.1      3.5
  SNOW DEPTH       0

DEGREE DAYS
 HEATING
  YESTERDAY       16                         5     11        0
  MONTH TO DATE   92                        94     -2      134
  SINCE JUL 1   3310                      2897    413     2711

 COOLING
  YESTERDAY        0                         2     -2        4
  MONTH TO DATE   45                        25     20       25
  SINCE JAN 1     61                        47     14       45
..................................................................


WIND (MPH)
  HIGHEST WIND SPEED    18   HIGHEST WIND DIRECTION     S (160)
  HIGHEST GUST SPEED    23   HIGHEST GUST DIRECTION     S (160)
  AVERAGE WIND SPEED     9.2


SKY COVER
  AVERAGE SKY COVER 0.0


WEATHER CONDITIONS
 THE FOLLOWING WEATHER WAS RECORDED YESTERDAY.
  NO SIGNIFICANT WEATHER WAS OBSERVED.


RELATIVE HUMIDITY (PERCENT)
 HIGHEST    52           700 AM
 LOWEST     13           400 PM
 AVERAGE    33

..........................................................


THE WICHITA FALLS CLIMATE NORMALS FOR TODAY
                         NORMAL    RECORD    YEAR
 MAXIMUM TEMPERATURE (F)   76        97      1967
 MINIMUM TEMPERATURE (F)   49        33      1961


SUNRISE AND SUNSET
APRIL 16 2014.........SUNRISE   702 AM CDT   SUNSET   806 PM CDT
APRIL 17 2014.........SUNRISE   701 AM CDT   SUNSET   807 PM CDT


-  INDICATES NEGATIVE NUMBERS.
R  INDICATES RECORD WAS SET OR TIED.
MM INDICATES DATA IS MISSING.
T  INDICATES TRACE AMOUNT.




$$




U.S. Dept. of Commerce
NOAA National Weather Service
1325 East West Highway
Silver Spring, MD 20910
E-mail: w-nws.webmaster@noaa.gov
Page last modified: May 16, 2007
NATIONAL WEATHER SERVICE: for Safety, for Work, for Fun - FOR LIFE