008
CDUS43 KILX 240659
CLISPI


CLIMATE REPORT
NATIONAL WEATHER SERVICE LINCOLN IL
1259 AM CST MON NOV 24 2014


...................................

...THE SPRINGFIELD IL CLIMATE SUMMARY FOR NOVEMBER 23 2014...

CLIMATE NORMAL PERIOD 1981 TO 2010
CLIMATE RECORD PERIOD 1879 TO 2014


WEATHER ITEM   OBSERVED TIME   RECORD YEAR NORMAL DEPARTURE LAST
                VALUE   (LST)  VALUE       VALUE  FROM      YEAR
                                                  NORMAL
..................................................................
TEMPERATURE (F)
 YESTERDAY
  MAXIMUM         55    943 AM  72    1931  48      7       30
  MINIMUM         51    946 PM   0    1950  31     20       15
  AVERAGE         53                        39     14       23

PRECIPITATION (IN)
  YESTERDAY        0.68          1.13 1927   0.12   0.56     0.00
  MONTH TO DATE    1.23                      2.46  -1.23     1.23
  SINCE SEP 1     10.53                      8.51   2.02     6.08
  SINCE JAN 1     42.86                     34.16   8.70    36.75

SNOWFALL (IN)
  YESTERDAY        0.0           1.5  1956   0.0    0.0      0.0
  MONTH TO DATE    0.6                       0.3    0.3      0.7
  SINCE SEP 1      0.6                       0.3    0.3      0.7
  SINCE JUL 1      0.6                       0.3    0.3      0.7
  SNOW DEPTH       0

DEGREE DAYS
 HEATING
  YESTERDAY       12                        26    -14       42
  MONTH TO DATE  640                       466    174      516
  SINCE SEP 1   1018                       871    147      912
  SINCE JUL 1   1021                       876    145      923

 COOLING
  YESTERDAY        0                         0      0        0
  MONTH TO DATE    0                         0      0        0
  SINCE SEP 1    129                       151    -22      205
  SINCE JAN 1   1162                      1121     41     1145
..................................................................


WIND (MPH)
  HIGHEST WIND SPEED    22   HIGHEST WIND DIRECTION     S (160)
  HIGHEST GUST SPEED    28   HIGHEST GUST DIRECTION     S (190)
  AVERAGE WIND SPEED    12.3


SKY COVER
  POSSIBLE SUNSHINE  MM
  AVERAGE SKY COVER 0.8


WEATHER CONDITIONS
 THE FOLLOWING WEATHER WAS RECORDED YESTERDAY.
  HEAVY RAIN
  RAIN
  LIGHT RAIN
  FOG


RELATIVE HUMIDITY (PERCENT)
 HIGHEST   100           300 PM
 LOWEST     66           400 AM
 AVERAGE    83

..........................................................


THE SPRINGFIELD IL CLIMATE NORMALS FOR TODAY
                         NORMAL    RECORD    YEAR
 MAXIMUM TEMPERATURE (F)   48        67      1966
                                             1931
 MINIMUM TEMPERATURE (F)   30        -2      1950


SUNRISE AND SUNSET
NOVEMBER 24 2014......SUNRISE   654 AM CST   SUNSET   437 PM CST
NOVEMBER 25 2014......SUNRISE   655 AM CST   SUNSET   437 PM CST


-  INDICATES NEGATIVE NUMBERS.
R  INDICATES RECORD WAS SET OR TIED.
MM INDICATES DATA IS MISSING.
T  INDICATES TRACE AMOUNT.




$$





U.S. Dept. of Commerce
NOAA National Weather Service
1325 East West Highway
Silver Spring, MD 20910
E-mail: w-nws.webmaster@noaa.gov
Page last modified: May 16, 2007
NATIONAL WEATHER SERVICE: for Safety, for Work, for Fun - FOR LIFE