044
CDUS43 KILX 162141
CLISPI


CLIMATE REPORT
NATIONAL WEATHER SERVICE LINCOLN IL
431 PM CDT WED APR 16 2014


...................................

...THE SPRINGFIELD IL CLIMATE SUMMARY FOR APRIL 16 2014...
VALID TODAY AS OF 0400 PM LOCAL TIME.

CLIMATE NORMAL PERIOD 1981 TO 2010
CLIMATE RECORD PERIOD 1879 TO 2014


WEATHER ITEM   OBSERVED TIME   RECORD YEAR NORMAL DEPARTURE LAST
                VALUE   (LST)  VALUE       VALUE  FROM      YEAR
                                                  NORMAL
..................................................................
TEMPERATURE (F)
 TODAY
  MAXIMUM         57    259 PM  88    2002  65     -8       51
  MINIMUM         33   1202 AM  26    1962  43    -10       43
  AVERAGE         45                        54     -9       47

PRECIPITATION (IN)
  TODAY            0.00          0.86 1920   0.12  -0.12     0.59
  MONTH TO DATE    2.34                      1.74   0.60     2.77
  SINCE MAR 1      4.13                      4.37  -0.24     6.10
  SINCE JAN 1      9.56                      8.00   1.56    11.82

SNOWFALL (IN)
  TODAY            0.0           2.0  1921   0.0    0.0      0.0
  MONTH TO DATE    0.1                       0.3   -0.2      0.0
  SINCE MAR 1      3.4                       2.8    0.6     19.6
  SINCE JUL 1     45.7                      20.9   24.8     33.1
  SNOW DEPTH       0

DEGREE DAYS
 HEATING
  TODAY           20                        12      8       18
  MONTH TO DATE  211                       232    -21      230
  SINCE MAR 1   1066                       943    123     1138
  SINCE JUL 1   6013                      5214    799     5047

 COOLING
  TODAY            0                         1     -1        0
  MONTH TO DATE    4                         5     -1        7
  SINCE MAR 1      4                         7     -3        7
  SINCE JAN 1      4                         7     -3        7
..................................................................


WIND (MPH)
  HIGHEST WIND SPEED    30   HIGHEST WIND DIRECTION     S (170)
  HIGHEST GUST SPEED    40   HIGHEST GUST DIRECTION    SE (150)
  AVERAGE WIND SPEED    18.4


SKY COVER
  POSSIBLE SUNSHINE  MM
  AVERAGE SKY COVER 0.0


WEATHER CONDITIONS
 THE FOLLOWING WEATHER WAS RECORDED TODAY.
  NO SIGNIFICANT WEATHER WAS OBSERVED.


RELATIVE HUMIDITY (PERCENT)
 HIGHEST    64          1200 AM
 LOWEST     35           100 PM
 AVERAGE    50

..........................................................


THE SPRINGFIELD IL CLIMATE NORMALS FOR TOMORROW
                         NORMAL    RECORD    YEAR
 MAXIMUM TEMPERATURE (F)   65        89      1937
 MINIMUM TEMPERATURE (F)   43        26      1997


SUNRISE AND SUNSET
APRIL 16 2014.........SUNRISE   620 AM CDT   SUNSET   738 PM CDT
APRIL 17 2014.........SUNRISE   618 AM CDT   SUNSET   739 PM CDT


-  INDICATES NEGATIVE NUMBERS.
R  INDICATES RECORD WAS SET OR TIED.
MM INDICATES DATA IS MISSING.
T  INDICATES TRACE AMOUNT.




$$





U.S. Dept. of Commerce
NOAA National Weather Service
1325 East West Highway
Silver Spring, MD 20910
E-mail: w-nws.webmaster@noaa.gov
Page last modified: May 16, 2007
NATIONAL WEATHER SERVICE: for Safety, for Work, for Fun - FOR LIFE