920
CDUS43 KILX 020655
CLISPI


CLIMATE REPORT
NATIONAL WEATHER SERVICE LINCOLN IL
154 AM CDT THU OCT 2 2014


...................................

...THE SPRINGFIELD IL CLIMATE SUMMARY FOR OCTOBER 1 2014...

CLIMATE NORMAL PERIOD 1981 TO 2010
CLIMATE RECORD PERIOD 1879 TO 2014


WEATHER ITEM   OBSERVED TIME   RECORD YEAR NORMAL DEPARTURE LAST
                VALUE   (LST)  VALUE       VALUE  FROM      YEAR
                                                  NORMAL
..................................................................
TEMPERATURE (F)
 YESTERDAY
  MAXIMUM         85   1247 PM  91    1897  73     12       77
  MINIMUM         53    627 AM  32    2003  48      5       63
  AVERAGE         69                        60      9       70

PRECIPITATION (IN)
  YESTERDAY        0.72          3.03 1962   0.10   0.62     0.00
  MONTH TO DATE    0.72                      0.10   0.62     0.00
  SINCE SEP 1      5.90                      3.00   2.90     1.25
  SINCE JAN 1     38.23                     28.65   9.58    31.92

SNOWFALL (IN)
  YESTERDAY        0.0           0.0    MM   0.0    0.0      0.0
  MONTH TO DATE    0.0                       0.0    0.0      0.0
  SINCE SEP 1      0.0                       0.0    0.0      0.0
  SINCE JUL 1      0.0                       0.0    0.0      0.0
  SNOW DEPTH       0

DEGREE DAYS
 HEATING
  YESTERDAY        0                         6     -6        0
  MONTH TO DATE    0                         6     -6        0
  SINCE SEP 1     77                        82     -5       39
  SINCE JUL 1     80                        87     -7       50

 COOLING
  YESTERDAY        4                         2      2        5
  MONTH TO DATE    4                         2      2        5
  SINCE SEP 1    120                       131    -11      165
  SINCE JAN 1   1153                      1101     52     1105
..................................................................


WIND (MPH)
  HIGHEST WIND SPEED    17   HIGHEST WIND DIRECTION    NW (310)
  HIGHEST GUST SPEED    22   HIGHEST GUST DIRECTION    NW (310)
  AVERAGE WIND SPEED     7.7


SKY COVER
  POSSIBLE SUNSHINE  MM
  AVERAGE SKY COVER 0.3


WEATHER CONDITIONS
 THE FOLLOWING WEATHER WAS RECORDED YESTERDAY.
  THUNDERSTORM
  HEAVY RAIN
  RAIN
  LIGHT RAIN
  FOG


RELATIVE HUMIDITY (PERCENT)
 HIGHEST    90           700 PM
 LOWEST     44           200 PM
 AVERAGE    67

..........................................................


THE SPRINGFIELD IL CLIMATE NORMALS FOR TODAY
                         NORMAL    RECORD    YEAR
 MAXIMUM TEMPERATURE (F)   72        93      1953
 MINIMUM TEMPERATURE (F)   48        23      2003


SUNRISE AND SUNSET
OCTOBER  2 2014.......SUNRISE   656 AM CDT   SUNSET   640 PM CDT
OCTOBER  3 2014.......SUNRISE   657 AM CDT   SUNSET   638 PM CDT


-  INDICATES NEGATIVE NUMBERS.
R  INDICATES RECORD WAS SET OR TIED.
MM INDICATES DATA IS MISSING.
T  INDICATES TRACE AMOUNT.




$$





U.S. Dept. of Commerce
NOAA National Weather Service
1325 East West Highway
Silver Spring, MD 20910
E-mail: w-nws.webmaster@noaa.gov
Page last modified: May 16, 2007
NATIONAL WEATHER SERVICE: for Safety, for Work, for Fun - FOR LIFE