646
CDUS43 KILX 020643
CLISPI


CLIMATE REPORT
NATIONAL WEATHER SERVICE LINCOLN IL
142 AM CDT TUE SEP 2 2014


...................................

...THE SPRINGFIELD IL CLIMATE SUMMARY FOR SEPTEMBER 1 2014...

CLIMATE NORMAL PERIOD 1981 TO 2010
CLIMATE RECORD PERIOD 1879 TO 2014


WEATHER ITEM   OBSERVED TIME   RECORD YEAR NORMAL DEPARTURE LAST
                VALUE   (LST)  VALUE       VALUE  FROM      YEAR
                                                  NORMAL
..................................................................
TEMPERATURE (F)
 YESTERDAY
  MAXIMUM         84    436 PM 102    2011  84      0       85
  MINIMUM         71   1159 PM  43    1967  61     10       67
  AVERAGE         78                        72      6       76

PRECIPITATION (IN)
  YESTERDAY        0.19          2.92 1989   0.10   0.09     0.00
  MONTH TO DATE    0.19                      0.10   0.09     0.00
  SINCE SEP 1      0.19                      0.10   0.09     0.00
  SINCE JAN 1     32.52                     25.75   6.77    30.67

SNOWFALL (IN)
  YESTERDAY        0.0           0.0    MM   0.0    0.0      0.0
  MONTH TO DATE    0.0                       0.0    0.0      0.0
  SINCE SEP 1      0.0                       0.0    0.0      0.0
  SINCE JUL 1      0.0                       0.0    0.0      0.0
  SNOW DEPTH       0

DEGREE DAYS
 HEATING
  YESTERDAY        0                         0      0        0
  MONTH TO DATE    0                         0      0        0
  SINCE SEP 1      0                         0      0        0
  SINCE JUL 1      3                         5     -2       11

 COOLING
  YESTERDAY       13                         7      6       11
  MONTH TO DATE   13                         7      6       11
  SINCE SEP 1     13                         7      6       11
  SINCE JAN 1   1046                       977     69      951
..................................................................


WIND (MPH)
  HIGHEST WIND SPEED    31   HIGHEST WIND DIRECTION     S (170)
  HIGHEST GUST SPEED    42   HIGHEST GUST DIRECTION     S (170)
  AVERAGE WIND SPEED    10.6


SKY COVER
  POSSIBLE SUNSHINE  MM
  AVERAGE SKY COVER 0.2


WEATHER CONDITIONS
 THE FOLLOWING WEATHER WAS RECORDED YESTERDAY.
  THUNDERSTORM
  RAIN
  LIGHT RAIN
  FOG


RELATIVE HUMIDITY (PERCENT)
 HIGHEST    93           600 AM
 LOWEST     55           200 PM
 AVERAGE    74

..........................................................


THE SPRINGFIELD IL CLIMATE NORMALS FOR TODAY
                         NORMAL    RECORD    YEAR
 MAXIMUM TEMPERATURE (F)   83       101      2011
 MINIMUM TEMPERATURE (F)   60        48      2009
                                             1967
                                             1955


SUNRISE AND SUNSET
SEPTEMBER  2 2014.....SUNRISE   628 AM CDT   SUNSET   728 PM CDT
SEPTEMBER  3 2014.....SUNRISE   628 AM CDT   SUNSET   727 PM CDT


-  INDICATES NEGATIVE NUMBERS.
R  INDICATES RECORD WAS SET OR TIED.
MM INDICATES DATA IS MISSING.
T  INDICATES TRACE AMOUNT.




$$





U.S. Dept. of Commerce
NOAA National Weather Service
1325 East West Highway
Silver Spring, MD 20910
E-mail: w-nws.webmaster@noaa.gov
Page last modified: May 16, 2007
NATIONAL WEATHER SERVICE: for Safety, for Work, for Fun - FOR LIFE