330
CDUS43 KILX 212237
CLISPI


CLIMATE REPORT
NATIONAL WEATHER SERVICE LINCOLN IL
437 PM CST SUN DEC 21 2014


...................................

...THE SPRINGFIELD IL CLIMATE SUMMARY FOR DECEMBER 21 2014...
VALID TODAY AS OF 0400 PM LOCAL TIME.

CLIMATE NORMAL PERIOD 1981 TO 2010
CLIMATE RECORD PERIOD 1879 TO 2014


WEATHER ITEM   OBSERVED TIME   RECORD YEAR NORMAL DEPARTURE LAST
                VALUE   (LST)  VALUE       VALUE  FROM      YEAR
                                                  NORMAL
..................................................................
TEMPERATURE (F)
 TODAY
  MAXIMUM         40    359 PM  63    1967  36      4       33
  MINIMUM         37    614 AM -17    1973  21     16       30
  AVERAGE         39                        29     10       32

PRECIPITATION (IN)
  TODAY            0.00          2.40 1949   0.07  -0.07     0.64
  MONTH TO DATE    1.11                      1.80  -0.69     1.56
  SINCE DEC 1      1.11                      1.80  -0.69     1.56
  SINCE JAN 1     44.60                     36.71   7.89    38.31

SNOWFALL (IN)
  TODAY            0.0           5.1  1983   0.2   -0.2      0.0
  MONTH TO DATE    0.5                       3.4   -2.9      8.2
  SINCE DEC 1      0.5                       3.4   -2.9      8.2
  SINCE JUL 1      4.2                       4.0    0.2      8.9
  SNOW DEPTH       0

DEGREE DAYS
 HEATING
  TODAY           26                        36    -10       33
  MONTH TO DATE  641                       701    -60      767
  SINCE DEC 1    641                       701    -60      767
  SINCE JUL 1   1877                      1769    108     1949

 COOLING
  TODAY            0                         0      0        0
  MONTH TO DATE    0                         0      0        0
  SINCE DEC 1      0                         0      0        0
  SINCE JAN 1   1162                      1122     40     1145
..................................................................


WIND (MPH)
  HIGHEST WIND SPEED    18   HIGHEST WIND DIRECTION     S (160)
  HIGHEST GUST SPEED    25   HIGHEST GUST DIRECTION    SE (150)
  AVERAGE WIND SPEED    12.1


SKY COVER
  POSSIBLE SUNSHINE  MM
  AVERAGE SKY COVER 1.0


WEATHER CONDITIONS
 THE FOLLOWING WEATHER WAS RECORDED TODAY.
  NO SIGNIFICANT WEATHER WAS OBSERVED.


RELATIVE HUMIDITY (PERCENT)
 HIGHEST    82           700 AM
 LOWEST     70          1200 PM
 AVERAGE    76

..........................................................


THE SPRINGFIELD IL CLIMATE NORMALS FOR TOMORROW
                         NORMAL    RECORD    YEAR
 MAXIMUM TEMPERATURE (F)   36        60      1994
 MINIMUM TEMPERATURE (F)   21       -18      1989
                                             1983


SUNRISE AND SUNSET
DECEMBER 21 2014......SUNRISE   717 AM CST   SUNSET   437 PM CST
DECEMBER 22 2014......SUNRISE   717 AM CST   SUNSET   438 PM CST


-  INDICATES NEGATIVE NUMBERS.
R  INDICATES RECORD WAS SET OR TIED.
MM INDICATES DATA IS MISSING.
T  INDICATES TRACE AMOUNT.




$$





U.S. Dept. of Commerce
NOAA National Weather Service
1325 East West Highway
Silver Spring, MD 20910
E-mail: w-nws.webmaster@noaa.gov
Page last modified: May 16, 2007
NATIONAL WEATHER SERVICE: for Safety, for Work, for Fun - FOR LIFE