279
CDUS45 KPUB 191029
CLISPD


CLIMATE REPORT
NATIONAL WEATHER SERVICE PUEBLO
429 AM MDT FRI SEP 19 2014


...................................

...THE SPRINGFIELD CO CLIMATE SUMMARY FOR SEPTEMBER 18 2014...

CLIMATE NORMAL PERIOD 1981 TO 2010
CLIMATE RECORD PERIOD 9999 TO 9999


WEATHER ITEM   OBSERVED TIME   NORMAL DEPARTURE LAST
                VALUE   (LST)  VALUE  FROM      YEAR
                                      NORMAL
......................................................
TEMPERATURE (F)
 YESTERDAY
  MAXIMUM         85    115 PM  80      5       87
  MINIMUM         52    526 AM  51      1       65
  AVERAGE         69                            76

PRECIPITATION (IN)
  YESTERDAY        0.00          0.04  -0.04     0.00
  MONTH TO DATE    1.21          0.87   0.34     3.13
  SINCE SEP 1      1.21          0.87   0.34     3.13
  SINCE JAN 1     11.85         14.61  -2.76    12.87

DEGREE DAYS
 HEATING
  YESTERDAY        0             3     -3        0
  MONTH TO DATE   56            28     28        1
  SINCE SEP 1     56            28     28        1
  SINCE JUL 1     62            35     27        2

 COOLING
  YESTERDAY        4             3      1       11
  MONTH TO DATE   79            90    -11      171
  SINCE SEP 1     79            90    -11      171
  SINCE JAN 1    994           991      3     1335
......................................................


WIND (MPH)
  HIGHEST WIND SPEED    24   HIGHEST WIND DIRECTION     S (160)
  HIGHEST GUST SPEED    30   HIGHEST GUST DIRECTION    SE (150)
  AVERAGE WIND SPEED    10.8


SKY COVER
  POSSIBLE SUNSHINE  MM



RELATIVE HUMIDITY (PERCENT)
 HIGHEST   100          1000 PM
 LOWEST     31          1000 AM
 AVERAGE    66

..........................................................


THE SPRINGFIELD CO CLIMATE NORMALS FOR TODAY
                         NORMAL    RECORD    YEAR
 MAXIMUM TEMPERATURE (F)   80        MM        MM
 MINIMUM TEMPERATURE (F)   50        MM        MM


SUNRISE AND SUNSET
SEPTEMBER 19 2014.....SUNRISE   636 AM MDT   SUNSET   652 PM MDT
SEPTEMBER 20 2014.....SUNRISE   637 AM MDT   SUNSET   650 PM MDT


-  INDICATES NEGATIVE NUMBERS.
R  INDICATES RECORD WAS SET OR TIED.
MM INDICATES DATA IS MISSING.
T  INDICATES TRACE AMOUNT.




$$





U.S. Dept. of Commerce
NOAA National Weather Service
1325 East West Highway
Silver Spring, MD 20910
E-mail: w-nws.webmaster@noaa.gov
Page last modified: May 16, 2007
NATIONAL WEATHER SERVICE: for Safety, for Work, for Fun - FOR LIFE