358
CDUS45 KPUB 211048
CLISPD


CLIMATE REPORT
NATIONAL WEATHER SERVICE PUEBLO
448 AM MDT TUE OCT 21 2014


...................................

...THE SPRINGFIELD CO CLIMATE SUMMARY FOR OCTOBER 20 2014...

CLIMATE NORMAL PERIOD 1981 TO 2010
CLIMATE RECORD PERIOD 9999 TO 9999


WEATHER ITEM   OBSERVED TIME   NORMAL DEPARTURE LAST
                VALUE   (LST)  VALUE  FROM      YEAR
                                      NORMAL
......................................................
TEMPERATURE (F)
 YESTERDAY
  MAXIMUM         72    249 PM  68      4       65
  MINIMUM         40    513 AM  37      3       34
  AVERAGE         56                            50

PRECIPITATION (IN)
  YESTERDAY        0.00          0.04  -0.04     0.08
  MONTH TO DATE    1.06          0.93   0.13     0.21
  SINCE SEP 1      2.31          2.26   0.05     3.71
  SINCE JAN 1     12.95         16.00  -3.05    13.45

DEGREE DAYS
 HEATING
  YESTERDAY        9            13     -4       15
  MONTH TO DATE  181           190     -9      232
  SINCE SEP 1    244           273    -29      259
  SINCE JUL 1    250           280    -30      260

 COOLING
  YESTERDAY        0             0      0        0
  MONTH TO DATE    0             9     -9        2
  SINCE SEP 1    125           125      0      194
  SINCE JAN 1   1040          1026     14     1358
......................................................


WIND (MPH)
  HIGHEST WIND SPEED    16   HIGHEST WIND DIRECTION     E (110)
  HIGHEST GUST SPEED    23   HIGHEST GUST DIRECTION     E (110)
  AVERAGE WIND SPEED     8.1


SKY COVER
  POSSIBLE SUNSHINE  MM



RELATIVE HUMIDITY (PERCENT)
 HIGHEST   100           500 AM
 LOWEST     36           400 PM
 AVERAGE    68

..........................................................


THE SPRINGFIELD CO CLIMATE NORMALS FOR TODAY
                         NORMAL    RECORD    YEAR
 MAXIMUM TEMPERATURE (F)   67        MM        MM
 MINIMUM TEMPERATURE (F)   37        MM        MM


SUNRISE AND SUNSET
OCTOBER 21 2014.......SUNRISE   704 AM MDT   SUNSET   605 PM MDT
OCTOBER 22 2014.......SUNRISE   705 AM MDT   SUNSET   604 PM MDT


-  INDICATES NEGATIVE NUMBERS.
R  INDICATES RECORD WAS SET OR TIED.
MM INDICATES DATA IS MISSING.
T  INDICATES TRACE AMOUNT.




$$





U.S. Dept. of Commerce
NOAA National Weather Service
1325 East West Highway
Silver Spring, MD 20910
E-mail: w-nws.webmaster@noaa.gov
Page last modified: May 16, 2007
NATIONAL WEATHER SERVICE: for Safety, for Work, for Fun - FOR LIFE