320
CDUS45 KPUB 301024
CLISPD


CLIMATE REPORT
NATIONAL WEATHER SERVICE PUEBLO
424 AM MDT THU OCT 30 2014


...................................

...THE SPRINGFIELD CO CLIMATE SUMMARY FOR OCTOBER 29 2014...

CLIMATE NORMAL PERIOD 1981 TO 2010
CLIMATE RECORD PERIOD 9999 TO 9999


WEATHER ITEM   OBSERVED TIME   NORMAL DEPARTURE LAST
                VALUE   (LST)  VALUE  FROM      YEAR
                                      NORMAL
......................................................
TEMPERATURE (F)
 YESTERDAY
  MAXIMUM         71    309 PM  65      6       63
  MINIMUM         29    626 AM  33     -4       37
  AVERAGE         50                            50

PRECIPITATION (IN)
  YESTERDAY        0.00          0.04  -0.04     0.00
  MONTH TO DATE    1.06          1.30  -0.24     0.21
  SINCE SEP 1      2.31          2.63  -0.32     3.71
  SINCE JAN 1     12.95         16.37  -3.42    13.45

DEGREE DAYS
 HEATING
  YESTERDAY       15            16     -1       15
  MONTH TO DATE  247           321    -74      364
  SINCE SEP 1    310           404    -94      391
  SINCE JUL 1    316           411    -95      392

 COOLING
  YESTERDAY        0             0      0        0
  MONTH TO DATE    2             9     -7        2
  SINCE SEP 1    127           125      2      194
  SINCE JAN 1   1042          1026     16     1358
......................................................


WIND (MPH)
  HIGHEST WIND SPEED    13   HIGHEST WIND DIRECTION     S (190)
  HIGHEST GUST SPEED    15   HIGHEST GUST DIRECTION     S (190)
  AVERAGE WIND SPEED     6.5


SKY COVER
  POSSIBLE SUNSHINE  MM



RELATIVE HUMIDITY (PERCENT)
 HIGHEST    82           400 AM
 LOWEST     16           200 PM
 AVERAGE    49

..........................................................


THE SPRINGFIELD CO CLIMATE NORMALS FOR TODAY
                         NORMAL    RECORD    YEAR
 MAXIMUM TEMPERATURE (F)   64        MM        MM
 MINIMUM TEMPERATURE (F)   33        MM        MM


SUNRISE AND SUNSET
OCTOBER 30 2014.......SUNRISE   713 AM MDT   SUNSET   555 PM MDT
OCTOBER 31 2014.......SUNRISE   714 AM MDT   SUNSET   554 PM MDT


-  INDICATES NEGATIVE NUMBERS.
R  INDICATES RECORD WAS SET OR TIED.
MM INDICATES DATA IS MISSING.
T  INDICATES TRACE AMOUNT.




$$





U.S. Dept. of Commerce
NOAA National Weather Service
1325 East West Highway
Silver Spring, MD 20910
E-mail: w-nws.webmaster@noaa.gov
Page last modified: May 16, 2007
NATIONAL WEATHER SERVICE: for Safety, for Work, for Fun - FOR LIFE