099
CDUS45 KPUB 251023
CLISPD


CLIMATE REPORT
NATIONAL WEATHER SERVICE PUEBLO
422 AM MDT SAT OCT 25 2014


...................................

...THE SPRINGFIELD CO CLIMATE SUMMARY FOR OCTOBER 24 2014...

CLIMATE NORMAL PERIOD 1981 TO 2010
CLIMATE RECORD PERIOD 9999 TO 9999


WEATHER ITEM   OBSERVED TIME   NORMAL DEPARTURE LAST
                VALUE   (LST)  VALUE  FROM      YEAR
                                      NORMAL
......................................................
TEMPERATURE (F)
 YESTERDAY
  MAXIMUM         84    323 PM  66     18       56
  MINIMUM         45    530 AM  35     10       32
  AVERAGE         65                            44

PRECIPITATION (IN)
  YESTERDAY        0.00          0.05  -0.05     0.00
  MONTH TO DATE    1.06          1.11  -0.05     0.21
  SINCE SEP 1      2.31          2.44  -0.13     3.71
  SINCE JAN 1     12.95         16.18  -3.23    13.45

DEGREE DAYS
 HEATING
  YESTERDAY        0            14    -14       21
  MONTH TO DATE  198           244    -46      292
  SINCE SEP 1    261           327    -66      319
  SINCE JUL 1    267           334    -67      320

 COOLING
  YESTERDAY        0             0      0        0
  MONTH TO DATE    0             9     -9        2
  SINCE SEP 1    125           125      0      194
  SINCE JAN 1   1040          1026     14     1358
......................................................


WIND (MPH)
  HIGHEST WIND SPEED    14   HIGHEST WIND DIRECTION     S (190)
  HIGHEST GUST SPEED    17   HIGHEST GUST DIRECTION     S (170)
  AVERAGE WIND SPEED     5.7


SKY COVER
  POSSIBLE SUNSHINE  MM



RELATIVE HUMIDITY (PERCENT)
 HIGHEST    86          1200 AM
 LOWEST     15           200 PM
 AVERAGE    51

..........................................................


THE SPRINGFIELD CO CLIMATE NORMALS FOR TODAY
                         NORMAL    RECORD    YEAR
 MAXIMUM TEMPERATURE (F)   66        MM        MM
 MINIMUM TEMPERATURE (F)   35        MM        MM


SUNRISE AND SUNSET
OCTOBER 25 2014.......SUNRISE   708 AM MDT   SUNSET   601 PM MDT
OCTOBER 26 2014.......SUNRISE   709 AM MDT   SUNSET   559 PM MDT


-  INDICATES NEGATIVE NUMBERS.
R  INDICATES RECORD WAS SET OR TIED.
MM INDICATES DATA IS MISSING.
T  INDICATES TRACE AMOUNT.




$$





U.S. Dept. of Commerce
NOAA National Weather Service
1325 East West Highway
Silver Spring, MD 20910
E-mail: w-nws.webmaster@noaa.gov
Page last modified: May 16, 2007
NATIONAL WEATHER SERVICE: for Safety, for Work, for Fun - FOR LIFE