807
CDUS45 KPUB 281039
CLISPD


CLIMATE REPORT
NATIONAL WEATHER SERVICE PUEBLO
439 AM MDT THU AUG 28 2014


...................................

...THE SPRINGFIELD CO CLIMATE SUMMARY FOR AUGUST 27 2014...

CLIMATE NORMAL PERIOD 1981 TO 2010
CLIMATE RECORD PERIOD 9999 TO 9999


WEATHER ITEM   OBSERVED TIME   NORMAL DEPARTURE LAST
                VALUE   (LST)  VALUE  FROM      YEAR
                                      NORMAL
......................................................
TEMPERATURE (F)
 YESTERDAY
  MAXIMUM         85    307 PM  86     -1       94
  MINIMUM         62    128 AM  59      3       65
  AVERAGE         74                            80

PRECIPITATION (IN)
  YESTERDAY        0.00          0.07  -0.07     0.00
  MONTH TO DATE    1.23          2.57  -1.34     2.29
  SINCE JUN 1      6.75          7.90  -1.15     7.76
  SINCE JAN 1     10.64         13.47  -2.83     9.74

DEGREE DAYS
 HEATING
  YESTERDAY        0             0      0        0
  MONTH TO DATE    0             0      0        1
  SINCE JUN 1     28            23      5       20
  SINCE JUL 1      6             2      4        1

 COOLING
  YESTERDAY        9             8      1       15
  MONTH TO DATE  289           261     28      274
  SINCE JUN 1    826           818      8      984
  SINCE JAN 1    884           872     12     1101
......................................................


WIND (MPH)
  HIGHEST WIND SPEED    22   HIGHEST WIND DIRECTION     S (190)
  HIGHEST GUST SPEED    29   HIGHEST GUST DIRECTION     S (190)
  AVERAGE WIND SPEED    13.3


SKY COVER
  POSSIBLE SUNSHINE  MM



RELATIVE HUMIDITY (PERCENT)
 HIGHEST   100          1200 AM
 LOWEST     40           300 PM
 AVERAGE    70

..........................................................


THE SPRINGFIELD CO CLIMATE NORMALS FOR TODAY
                         NORMAL    RECORD    YEAR
 MAXIMUM TEMPERATURE (F)   86        MM        MM
 MINIMUM TEMPERATURE (F)   58        MM        MM


SUNRISE AND SUNSET
AUGUST 28 2014........SUNRISE   618 AM MDT   SUNSET   725 PM MDT
AUGUST 29 2014........SUNRISE   619 AM MDT   SUNSET   723 PM MDT


-  INDICATES NEGATIVE NUMBERS.
R  INDICATES RECORD WAS SET OR TIED.
MM INDICATES DATA IS MISSING.
T  INDICATES TRACE AMOUNT.




$$





U.S. Dept. of Commerce
NOAA National Weather Service
1325 East West Highway
Silver Spring, MD 20910
E-mail: w-nws.webmaster@noaa.gov
Page last modified: May 16, 2007
NATIONAL WEATHER SERVICE: for Safety, for Work, for Fun - FOR LIFE