964
CDUS45 KPUB 231148
CLISPD


CLIMATE REPORT
NATIONAL WEATHER SERVICE PUEBLO
447 AM MST SUN NOV 23 2014


...................................

...THE SPRINGFIELD CO CLIMATE SUMMARY FOR NOVEMBER 22 2014...

CLIMATE NORMAL PERIOD 1981 TO 2010
CLIMATE RECORD PERIOD 9999 TO 9999


WEATHER ITEM   OBSERVED TIME   NORMAL DEPARTURE LAST
                VALUE   (LST)  VALUE  FROM      YEAR
                                      NORMAL
......................................................
TEMPERATURE (F)
 YESTERDAY
  MAXIMUM         69    214 PM  54     15       26
  MINIMUM         28   1257 AM  24      4       16
  AVERAGE         49                            21

PRECIPITATION (IN)
  YESTERDAY        0.00          0.02  -0.02     0.64
  MONTH TO DATE    0.41          0.46  -0.05     0.65
  SINCE SEP 1      2.72          3.18  -0.46     4.41
  SINCE JAN 1     13.36         16.92  -3.56    14.15

DEGREE DAYS
 HEATING
  YESTERDAY       16            26    -10       44
  MONTH TO DATE  593           476    117      433
  SINCE SEP 1    940           914     26      853
  SINCE JUL 1    946           921     25      854

 COOLING
  YESTERDAY        0             0      0        0
  MONTH TO DATE    0             0      0        0
  SINCE SEP 1    127           127      0      194
  SINCE JAN 1   1042          1028     14     1358
......................................................


WIND (MPH)
  HIGHEST WIND SPEED    18   HIGHEST WIND DIRECTION    SW (220)
  HIGHEST GUST SPEED    23   HIGHEST GUST DIRECTION    SW (230)
  AVERAGE WIND SPEED     9.1


SKY COVER
  POSSIBLE SUNSHINE  MM



RELATIVE HUMIDITY (PERCENT)
 HIGHEST    85           100 AM
 LOWEST     11           200 PM
 AVERAGE    48

..........................................................


THE SPRINGFIELD CO CLIMATE NORMALS FOR TODAY
                         NORMAL    RECORD    YEAR
 MAXIMUM TEMPERATURE (F)   54        MM        MM
 MINIMUM TEMPERATURE (F)   23        MM        MM


SUNRISE AND SUNSET
NOVEMBER 23 2014......SUNRISE   638 AM MST   SUNSET   436 PM MST
NOVEMBER 24 2014......SUNRISE   639 AM MST   SUNSET   435 PM MST


-  INDICATES NEGATIVE NUMBERS.
R  INDICATES RECORD WAS SET OR TIED.
MM INDICATES DATA IS MISSING.
T  INDICATES TRACE AMOUNT.




$$





U.S. Dept. of Commerce
NOAA National Weather Service
1325 East West Highway
Silver Spring, MD 20910
E-mail: w-nws.webmaster@noaa.gov
Page last modified: May 16, 2007
NATIONAL WEATHER SERVICE: for Safety, for Work, for Fun - FOR LIFE