466
CDUS45 KPUB 241047
CLISPD


CLIMATE REPORT
NATIONAL WEATHER SERVICE PUEBLO
446 AM MDT THU APR 24 2014


...................................

...THE SPRINGFIELD CO CLIMATE SUMMARY FOR APRIL 23 2014...

CLIMATE NORMAL PERIOD 1981 TO 2010
CLIMATE RECORD PERIOD 9999 TO 9999


WEATHER ITEM   OBSERVED TIME   NORMAL DEPARTURE LAST
                VALUE   (LST)  VALUE  FROM      YEAR
                                      NORMAL
......................................................
TEMPERATURE (F)
 YESTERDAY
  MAXIMUM         84    229 PM  69     15       30
  MINIMUM         46   1159 PM  39      7       16
  AVERAGE         65                            23

PRECIPITATION (IN)
  YESTERDAY        0.00          0.05  -0.05     0.00
  MONTH TO DATE    0.70          0.98  -0.28     0.30
  SINCE MAR 1      1.07          2.11  -1.04     0.47
  SINCE JAN 1      1.40          2.92  -1.52     0.60

DEGREE DAYS
 HEATING
  YESTERDAY        0            11    -11       42
  MONTH TO DATE  324           335    -11      488
  SINCE MAR 1   1036          1022     14     1169
  SINCE JUL 1   5033          5028      5     4946

 COOLING
  YESTERDAY        0             0      0        0
  MONTH TO DATE    4             0      4        0
  SINCE MAR 1      4             0      4        0
  SINCE JAN 1      4             0      4        0
......................................................


WIND (MPH)
  HIGHEST WIND SPEED    44   HIGHEST WIND DIRECTION     N (350)
  HIGHEST GUST SPEED    54   HIGHEST GUST DIRECTION     N (350)
  AVERAGE WIND SPEED    21.3


SKY COVER
  POSSIBLE SUNSHINE  MM



RELATIVE HUMIDITY (PERCENT)
 HIGHEST    65          1100 PM
 LOWEST      7           300 PM
 AVERAGE    36

..........................................................


THE SPRINGFIELD CO CLIMATE NORMALS FOR TODAY
                         NORMAL    RECORD    YEAR
 MAXIMUM TEMPERATURE (F)   69        MM        MM
 MINIMUM TEMPERATURE (F)   39        MM        MM


SUNRISE AND SUNSET
APRIL 24 2014.........SUNRISE   604 AM MDT   SUNSET   734 PM MDT
APRIL 25 2014.........SUNRISE   603 AM MDT   SUNSET   735 PM MDT


-  INDICATES NEGATIVE NUMBERS.
R  INDICATES RECORD WAS SET OR TIED.
MM INDICATES DATA IS MISSING.
T  INDICATES TRACE AMOUNT.




$$





U.S. Dept. of Commerce
NOAA National Weather Service
1325 East West Highway
Silver Spring, MD 20910
E-mail: w-nws.webmaster@noaa.gov
Page last modified: May 16, 2007
NATIONAL WEATHER SERVICE: for Safety, for Work, for Fun - FOR LIFE